{"id":1439,"date":"2018-09-09T20:21:52","date_gmt":"2018-09-09T18:21:52","guid":{"rendered":"http:\/\/agora.xtec.cat\/iescabrils\/?page_id=1439"},"modified":"2024-03-12T14:36:16","modified_gmt":"2024-03-12T13:36:16","slug":"ordinadors-a-laula","status":"publish","type":"page","link":"https:\/\/agora.xtec.cat\/iescabrils\/centre\/ordinadors-a-laula\/","title":{"rendered":"Ordinadors a l&#8217;aula"},"content":{"rendered":"<p>L&#8217;alumnat del nostre centre rep un Chromebook <strong>de forma gratu\u00efta<\/strong> amb el comprom\u00eds de mantenir-lo en bon estat. Aquest recurs \u00e9s facilitat pel Dept. d&#8217;Ensenyament i es gestiona a trav\u00e9s del centre que tamb\u00e9 l&#8217;administra i monitoritza remotament per tal que sigui nom\u00e9s una eina de treball.<\/p>\n<h3>Breu hist\u00f2ria<\/h3>\n<p>El curs 2010-2011 l&#8217;Institut de Cabrils particip\u00e0 en el programa Educat1x1, que fou un projecte de la Generalitat de Catalunya per a la implantaci\u00f3 de miniordenadors port\u00e0tils a les aules i la incorporaci\u00f3 de llibres de text digitals en aquests ordinadors. Els objectius del programa eren: p<span style=\"font-family: inherit; font-size: 1em;\">otenciar l\u2019\u00fas pedag\u00f2gic de les Tecnologies de l\u2019Aprenentatge i del Coneixement, enteses com a substrat imprescindible de qualsevol actuaci\u00f3 educativa del segle XXI, s<\/span><span style=\"font-family: inherit; font-size: 1em;\">ubministrar la base per a l\u2019educaci\u00f3 de l\u2019alumnat en la \u201cvida en un m\u00f3n connectat\u201d, c<\/span><span style=\"font-family: inherit; font-size: 1em;\">onvertir l\u2019ordinador en l\u2019eina personal de treball de l\u2019alumnat i s<\/span><span style=\"font-family: inherit; font-size: 1em;\">ubstituir progressivament els llibres de text en paper per llibres de text electr\u00f2nics.<\/span><\/p>\n<p><img loading=\"lazy\" decoding=\"async\" class=\"aligncenter size-full wp-image-2853\" src=\"https:\/\/agora.xtec.cat\/iescabrils\/wp-content\/uploads\/usu1031\/2020\/02\/visa-clip.jpg\" alt=\"\" width=\"300\" height=\"221\" \/><\/p>\n<p>Tots els alumnes de 1r ESO i 2n ESO disposaren d\u2019un ordinador ultraport\u00e0til personal cofinan\u00e7at pel Departament d\u2019Educaci\u00f3 (150\u20ac)\u00a0 i les fam\u00edlies (150\u20ac). Les aules foren dotades de les tecnologies necess\u00e0ries per a poder impartir les classes utilitzant llibres i materials en format digital, amb l&#8217;ajuda de pissarres digitals, projectors i la connectivitat sense fils necess\u00e0ria.<\/p>\n<p>Posteriorment el programa fou substitu\u00eft per el programa Educat 2.0, que eliminava la subvenci\u00f3 del Departament d&#8217;Ensenyament. L&#8217;Institut Cabrils deix\u00e0 d&#8217;aplicar el programa el curs 2013-2014.<\/p>\n<h3>Ordinadors a les aules<\/h3>\n<p>El curs 2016-2017, un cop completat el trasllat al nou edifici i disposant de la infraestructura audiovisual i de comunicacions a totes les aules, de l&#8217;Entorn Virtual d&#8217;Ensenyament Aprenentatge (Moodle) i dels serveis Google Apps For Education, el centre reprengu\u00e9 el programa d&#8217;ordinadors a les aules proposant la compra de Chromebooks per part de les fam\u00edlies com a part del material escolar.<\/p>\n<p>El curs 2020-2021 es completar\u00e0 el seu desplegament a tots els nivells de l&#8217;ESO.<\/p>\n<h3>Els Chromebooks<\/h3>\n<p>El Chromebook \u00e9s un ordinador ultralleuger que treballa amb un sistema operatiu desenvolupat per Google. Els seus avantatges per a l&#8217;\u00fas educatiu s\u00f3n:<\/p>\n<ul>\n<li>Pes redu\u00eft, en no incorporar un disc dur per fer tot l&#8217;emmagatzematge en xarxa.<\/li>\n<li>Gran autonomia, en redu\u00efr el consum per aplicacions i perif\u00e8rics i disposar d&#8217;una bateria de molta capacitat.<\/li>\n<li>Senzillesa d&#8217;operaci\u00f3, ja que cont\u00e9 \u00fanicament el programari b\u00e0sic de comunicacions i navegaci\u00f3.<\/li>\n<li>Facilitat de manteniment, ja que el sistema operatiu s&#8217;actualitza autom\u00e0ticament per xarxa.<\/li>\n<li>Millor control de l&#8217;activitat dels usuaris, ja que es poden restringir les aplicacions a instal\u00b7lar.<\/li>\n<\/ul>\n<p style=\"text-align: left;\"><img loading=\"lazy\" decoding=\"async\" class=\"aligncenter size-large wp-image-2854\" src=\"https:\/\/agora.xtec.cat\/iescabrils\/wp-content\/uploads\/usu1031\/2020\/02\/acer-chrombook-11-n7-1024x544.jpg\" alt=\"\" width=\"1024\" height=\"544\" srcset=\"https:\/\/agora.xtec.cat\/iescabrils\/wp-content\/uploads\/usu1031\/2020\/02\/acer-chrombook-11-n7-1024x544.jpg 1024w, https:\/\/agora.xtec.cat\/iescabrils\/wp-content\/uploads\/usu1031\/2020\/02\/acer-chrombook-11-n7-300x159.jpg 300w, https:\/\/agora.xtec.cat\/iescabrils\/wp-content\/uploads\/usu1031\/2020\/02\/acer-chrombook-11-n7-768x408.jpg 768w, https:\/\/agora.xtec.cat\/iescabrils\/wp-content\/uploads\/usu1031\/2020\/02\/acer-chrombook-11-n7.jpg 1170w\" sizes=\"auto, (max-width: 1024px) 100vw, 1024px\" \/><\/p>\n<h3>Acord amb l&#8217;empresa FDOS Software S.L.<\/h3>\n<p>L&#8217;empresa FDOS t\u00e9 un acord amb l&#8217;Institut Cabrils segons el qual:<\/p>\n<ul>\n<li>At\u00e9n les comandes de les fam\u00edlies i els subministra l&#8217;ordinador, que \u00e9s lliurat el centre els primers dies de curs.<\/li>\n<li>Gestiona les llic\u00e8ncies Google.<\/li>\n<li>Ofereix la possibilitat de contractar garanties addicionals.<\/li>\n<li>El centre at\u00e9n les peticions de reparaci\u00f3 (si n&#8217;hi ha) i fa arribar a l&#8217;empresa els aparells.<\/li>\n<\/ul>\n","protected":false},"excerpt":{"rendered":"<p>L&#8217;alumnat del nostre centre rep un Chromebook de forma gratu\u00efta amb el comprom\u00eds de mantenir-lo en bon estat. Aquest recurs \u00e9s facilitat pel Dept. d&#8217;Ensenyament i es gestiona a trav\u00e9s del centre que tamb\u00e9 l&#8217;administra i monitoritza remotament per tal que sigui nom\u00e9s una eina&hellip;  <a href=\"https:\/\/agora.xtec.cat\/iescabrils\/centre\/ordinadors-a-laula\/\" title=\"Read Ordinadors a l&#8217;aula\">Llegeix m\u00e9s\u00bb<\/a><\/p>\n","protected":false},"author":6,"featured_media":0,"parent":2677,"menu_order":6,"comment_status":"closed","ping_status":"closed","template":"","meta":{"_bbp_topic_count":0,"_bbp_reply_count":0,"_bbp_total_topic_count":0,"_bbp_total_reply_count":0,"_bbp_voice_count":0,"_bbp_anonymous_reply_count":0,"_bbp_topic_count_hidden":0,"_bbp_reply_count_hidden":0,"_bbp_forum_subforum_count":0,"footnotes":""},"class_list":["post-1439","page","type-page","status-publish","hentry"],"post_mailing_queue_ids":[],"_links":{"self":[{"href":"https:\/\/agora.xtec.cat\/iescabrils\/wp-json\/wp\/v2\/pages\/1439","targetHints":{"allow":["GET"]}}],"collection":[{"href":"https:\/\/agora.xtec.cat\/iescabrils\/wp-json\/wp\/v2\/pages"}],"about":[{"href":"https:\/\/agora.xtec.cat\/iescabrils\/wp-json\/wp\/v2\/types\/page"}],"author":[{"embeddable":true,"href":"https:\/\/agora.xtec.cat\/iescabrils\/wp-json\/wp\/v2\/users\/6"}],"replies":[{"embeddable":true,"href":"https:\/\/agora.xtec.cat\/iescabrils\/wp-json\/wp\/v2\/comments?post=1439"}],"version-history":[{"count":5,"href":"https:\/\/agora.xtec.cat\/iescabrils\/wp-json\/wp\/v2\/pages\/1439\/revisions"}],"predecessor-version":[{"id":5026,"href":"https:\/\/agora.xtec.cat\/iescabrils\/wp-json\/wp\/v2\/pages\/1439\/revisions\/5026"}],"up":[{"embeddable":true,"href":"https:\/\/agora.xtec.cat\/iescabrils\/wp-json\/wp\/v2\/pages\/2677"}],"wp:attachment":[{"href":"https:\/\/agora.xtec.cat\/iescabrils\/wp-json\/wp\/v2\/media?parent=1439"}],"curies":[{"name":"wp","href":"https:\/\/api.w.org\/{rel}","templated":true}]}}