{"id":1089,"date":"2017-06-02T10:01:32","date_gmt":"2017-06-02T08:01:32","guid":{"rendered":"http:\/\/agora.xtec.cat\/iescabrils\/?page_id=1089"},"modified":"2024-07-08T09:44:38","modified_gmt":"2024-07-08T07:44:38","slug":"matricula","status":"publish","type":"page","link":"https:\/\/agora.xtec.cat\/iescabrils\/secretaria\/matricula\/","title":{"rendered":"Matr\u00edcula nous alumnes"},"content":{"rendered":"<h2>Matr\u00edcula alumnes nous curs 2024-2025<\/h2>\n<h3 class=\"western\">Proc\u00e9s de matriculaci\u00f3<\/h3>\n<p>La matr\u00edcula es dur\u00e0 a terme per mitj\u00e0 d&#8217;un formulari de dades que es trametr\u00e0 a les fam\u00edlies dels alumnes admesos.<\/p>\n<p>La documentaci\u00f3 necess\u00e0ria s&#8217;enviar\u00e0 per correu electr\u00f2nic a <a href=\"mailto:matricula@inscabrils.cat\">centre@inscabrils.cat<\/a><\/p>\n<p>El termini de matr\u00edcula \u00e9s de 18 al 26 de juny ambd\u00f3s inclosos.<\/p>\n<h5><em>Atenci\u00f3 presencial<\/em><\/h5>\n<p>Les fam\u00edlies que vulguin ser ateses presencialment podran\u00a0demanar <b>cita pr\u00e8via<\/b>\u00a0trucant per\u00a0<b>tel\u00e8fon<\/b><strong> (937531198)<\/strong> o a trav\u00e9s de la <b><a href=\"https:\/\/aplicacions.gestioeducativa.gencat.cat\/pls\/apex\/f?p=CITA_PREVIA:4::::4:P4_TIPUS_CALENDARI,P4_DOMINI:03_Oblig,08062717\">eina corporativa<\/a>.<\/b><\/p>\n<p>Per realitzar aquest tr\u00e0mit presencial amb total\u00a0<strong>garantia de salut i seguretat<\/strong>\u00a0caldr\u00e0 complir amb les seg\u00fcents mesures preventives:<\/p>\n<ul>\n<li>Cal respectar l\u2019hora assignada en la cita pr\u00e8via. No s\u2019atendr\u00e0 ning\u00fa sense cita.<\/li>\n<li>Haur\u00e0 de venir una \u00fanica persona a fer la matr\u00edcula. Les persones que pertanyin a un col\u00b7lectiu vulnerable o en per\u00edode de confinament, o que presentin s\u00edmptomes, poden autoritzar per escrit a una altra persona per portar la sol\u00b7licitud i la documentaci\u00f3.<\/li>\n<li>En tot moment s\u2019haur\u00e0 de respectar una dist\u00e0ncia de seguretat de 2 m entre les persones.<\/li>\n<li>S\u2019haur\u00e0 d\u2019entrar al centre amb mascareta.<\/li>\n<li>Cal portar el <a href=\"https:\/\/agora.xtec.cat\/iescabrils\/wp-content\/uploads\/usu1031\/2024\/07\/Opcions-de-matricula-1-3-ESO-1.pdf\">Opcions de matr\u00edcula 1-3 ESO<\/a> complimentat juntament amb l\u2019original\u00a0i la\u00a0c\u00f2pia\u00a0de la documentaci\u00f3\u00a0que aporti.<\/li>\n<li>Es recomana portar algun bol\u00edgraf propi per si cal completar alguna informaci\u00f3.<\/li>\n<\/ul>\n<p>&nbsp;<\/p>\n<h3 class=\"western\">Documentaci\u00f3:<\/h3>\n<p>En el moment de formalitzar la matr\u00edcula cal aportar, si no s\u2019ha fet a la presincripci\u00f3, la seg\u00fcent documentaci\u00f3:<\/p>\n<ul>\n<li>\n<p align=\"left\">C\u00f2pia del llibre de fam\u00edlia o altres documents relatius a la filiaci\u00f3.<\/p>\n<\/li>\n<li>\n<p align=\"left\">C\u00f2pia del DNI de la persona sol\u00b7licitant (pare, mare, tutor\/a o guardador\/a de fet) o, si la persona sol\u00b7licitant \u00e9s estrangera, de la targeta de resid\u00e8ncia on consta el NIE o del passaport. Si es tracta d&#8217;estrangers comunitaris, document d&#8217;identitat del pa\u00eds d&#8217;origen.<\/p>\n<\/li>\n<li>C\u00f2pia del DNI de la segona persona tutora.<\/li>\n<li>\n<p align=\"left\">C\u00f2pia del carnet de vacunacions.<\/p>\n<\/li>\n<li>\n<p align=\"left\">C\u00f2pia del DNI de l&#8217;alumne<\/p>\n<\/li>\n<li>\n<p align=\"left\">C\u00f2pia de la targeta sanit\u00e0ria individual de l&#8217;alumne\/a<\/p>\n<\/li>\n<li>\n<p align=\"left\">Impr\u00e8s de dades i opcions de matr\u00edcula<\/p>\n<\/li>\n<li>\n<p align=\"left\">Resguard d&#8217;ingr\u00e9s de la quota de material.<\/p>\n<\/li>\n<li>Els alumnes que vulguin al\u00b7legar l\u2019exist\u00e8ncia de qualsevol limitaci\u00f3 f\u00edsica que els impedeixi seguir amb normalitat les classes d\u2019Educaci\u00f3 F\u00edsica hauran de presentar un Certificat M\u00e8dic Oficial.<\/li>\n<li>\n<p align=\"left\">Els alumnes que no provinguin d&#8217;una escola adscrita, hauran de portar, quan el tinguin, el butllet\u00ed de les notes finals del curs.<\/p>\n<\/li>\n<\/ul>\n<h1 class=\"western\">Informacions:<\/h1>\n<ul>\n<li>\n<p align=\"left\">Per a informacions, anuncis i not\u00edcies consulteu: <a href=\"http:\/\/www.inscabrils.cat\/\">http:\/\/www.inscabrils.cat<\/a><\/p>\n<\/li>\n<li>\n<p align=\"left\">Llistes de llibres per al curs 2024-2025: <a href=\"https:\/\/agora.xtec.cat\/iescabrils\/wp-content\/uploads\/usu1031\/2024\/07\/Llistat-de-llibres-2024-25.pdf\">Llistat de llibres 2024-25<\/a><\/p>\n<\/li>\n<li>\n<p align=\"left\">Calendari d&#8217;inici del curs 2024-2025 :\u00a0 (properament &#8230;)<\/p>\n<\/li>\n<\/ul>\n<h1 class=\"western\">Quota de material escolar<\/h1>\n<ul>\n<li>Quantitat: 7<b>5<\/b><b>,00 \u20ac<\/b>\/curs per alumne. Pels alumnes amb carnet de fam\u00edlia nombrosa o monoparental vigent la quantitat \u00e9s de <strong>60<\/strong><b>,00 \u20ac<\/b>\/curs per alumne (caldr\u00e0 justificar el ser fam\u00edlia nombrosa o monoparental amb el carnet corresponent).<\/li>\n<li>Concepte: Pagar l\u2019asseguran\u00e7a escolar i despeses de material did\u00e0ctic que es subministrar\u00e0 al llarg del curs als alumnes.\n<ul>\n<li>Agenda escolar.<\/li>\n<li>Fulls d&#8217;exercicis, proves i altres fotoc\u00f2pies que s&#8217;aniran lliurant en les diverses assignatures.<\/li>\n<li>Fulls informatius.<\/li>\n<li>Dossiers i materials per al Treball de s\u00edntesi.<\/li>\n<li>Material fungible de laboratori, taller i aula de dibuix<\/li>\n<li>Material did\u00e0ctic per compartir en mat\u00e8ries optatives: dossiers, llibres, &#8230;<\/li>\n<li>Quota de la plataforma educativa de comunicaci\u00f3 amb les fam\u00edlies<\/li>\n<\/ul>\n<\/li>\n<\/ul>\n<h1 class=\"western\">Forma de pagament<\/h1>\n<p>Cal fer l&#8217;ingr\u00e9s al compte que l&#8217;Institut Cabrils t\u00e9 a l&#8217;oficina de CAIXABANK de Cabrils:<\/p>\n<p style=\"text-align: center;\">\u00a0 <span style=\"color: #000000;\"><b>ES64 2100 1370 1102 0013 2275 <\/b><\/span><\/p>\n<p>mitjan\u00e7ant els serveis de Caixer Autom\u00e0tic, Servicaixa o L\u00ednia Oberta de CAIXABANK amb el seg\u00fcent Codi d&#8217;Entitat :<\/p>\n<p class=\"western\" style=\"text-align: center;\"><span style=\"color: #000000;\"><b>0679417<\/b><\/span><\/p>\n<p>Posteriorment, trameteu el justificant de l&#8217;ingr\u00e9s. En tot cas, cal que figuri el nom de l&#8217;alumne en el camp &#8216;Remitent&#8217; de l&#8217;ingr\u00e9s.<\/p>\n","protected":false},"excerpt":{"rendered":"<p>Matr\u00edcula alumnes nous curs 2024-2025<br \/>\nProc\u00e9s de matriculaci\u00f3<br \/>\nLa matr\u00edcula es dur\u00e0 a terme per mitj\u00e0 d&#8217;un formulari de dades que es trametr\u00e0 a les fam\u00edlies dels alumnes admesos.<br \/>\nLa documentaci\u00f3 necess\u00e0ria s&#8217;enviar\u00e0 per correu electr\u00f2nic a <a href=\"mailto:matricula@inscabrils.cat\">centre@inscabrils.cat<\/a><br \/>\nEl termini de matr\u00edcula \u00e9s de 18 al 26 de&hellip;  <a href=\"https:\/\/agora.xtec.cat\/iescabrils\/secretaria\/matricula\/\" title=\"Read Matr\u00edcula nous alumnes\">Llegeix m\u00e9s\u00bb<\/a><\/p>\n","protected":false},"author":6,"featured_media":0,"parent":2749,"menu_order":2,"comment_status":"closed","ping_status":"closed","template":"","meta":{"_bbp_topic_count":0,"_bbp_reply_count":0,"_bbp_total_topic_count":0,"_bbp_total_reply_count":0,"_bbp_voice_count":0,"_bbp_anonymous_reply_count":0,"_bbp_topic_count_hidden":0,"_bbp_reply_count_hidden":0,"_bbp_forum_subforum_count":0,"footnotes":""},"class_list":["post-1089","page","type-page","status-publish","hentry"],"post_mailing_queue_ids":[],"_links":{"self":[{"href":"https:\/\/agora.xtec.cat\/iescabrils\/wp-json\/wp\/v2\/pages\/1089","targetHints":{"allow":["GET"]}}],"collection":[{"href":"https:\/\/agora.xtec.cat\/iescabrils\/wp-json\/wp\/v2\/pages"}],"about":[{"href":"https:\/\/agora.xtec.cat\/iescabrils\/wp-json\/wp\/v2\/types\/page"}],"author":[{"embeddable":true,"href":"https:\/\/agora.xtec.cat\/iescabrils\/wp-json\/wp\/v2\/users\/6"}],"replies":[{"embeddable":true,"href":"https:\/\/agora.xtec.cat\/iescabrils\/wp-json\/wp\/v2\/comments?post=1089"}],"version-history":[{"count":5,"href":"https:\/\/agora.xtec.cat\/iescabrils\/wp-json\/wp\/v2\/pages\/1089\/revisions"}],"predecessor-version":[{"id":5228,"href":"https:\/\/agora.xtec.cat\/iescabrils\/wp-json\/wp\/v2\/pages\/1089\/revisions\/5228"}],"up":[{"embeddable":true,"href":"https:\/\/agora.xtec.cat\/iescabrils\/wp-json\/wp\/v2\/pages\/2749"}],"wp:attachment":[{"href":"https:\/\/agora.xtec.cat\/iescabrils\/wp-json\/wp\/v2\/media?parent=1089"}],"curies":[{"name":"wp","href":"https:\/\/api.w.org\/{rel}","templated":true}]}}