{"id":4123,"date":"2018-06-27T13:05:44","date_gmt":"2018-06-27T11:05:44","guid":{"rendered":"http:\/\/agora.xtec.cat\/iescabanyes\/?page_id=4123"},"modified":"2025-06-25T17:39:37","modified_gmt":"2025-06-25T15:39:37","slug":"25-26","status":"publish","type":"page","link":"https:\/\/agora.xtec.cat\/iescabanyes\/25-26\/","title":{"rendered":"Llibres curs 2025-2026"},"content":{"rendered":"<p>S&#8217;actualitzar\u00e0 a partir del 25 de juny<\/p>\n<table style=\"height: 207px; width: 54.3234%;\">\n<tbody>\n<tr style=\"height: 97px;\">\n<td style=\"width: 26.9716%; height: 111px;\">\n<h4>\u00a0<a href=\"https:\/\/docs.google.com\/document\/d\/1U4ec1UhTwJ5BO90VqTYTceCV4xocJP7624J1MYT93R4\/edit?usp=sharing\">1r d&#8217;ESO<\/a><\/h4>\n<p>&nbsp;<\/td>\n<td style=\"width: 27.7603%; height: 111px;\">\n<h4><a href=\"https:\/\/docs.google.com\/document\/d\/1fJVdXBeRQF8pbMBeVQrMC8_w64sIxmsOkU8-o-EIVy0\/edit?usp=sharing\">2n d&#8217;ESO<\/a><\/h4>\n<p>&nbsp;<\/td>\n<td style=\"width: 24.5162%; height: 111px;\">\n<h4><a href=\"https:\/\/docs.google.com\/document\/d\/1-pP1Z6zd5Dj_S787YfRMiCfojXX4jMXqFU6RjpO6nQg\/edit?usp=sharing\">3r d&#8217;ESO<\/a><\/h4>\n<p>&nbsp;<\/td>\n<td style=\"width: 37.3475%; height: 111px;\">\n<h4><a href=\"https:\/\/docs.google.com\/document\/d\/1LA1AjQFjr1IGhfUWMzZ9rcPUmRzvOE-Pevy9LHyMzQU\/edit?usp=sharing\">4t d&#8217;ESO<\/a><\/h4>\n<p>&nbsp;<\/td>\n<\/tr>\n<tr style=\"height: 96px;\">\n<td style=\"width: 26.9716%; height: 96px;\">\n<h4><\/h4>\n<h4><a href=\"https:\/\/docs.google.com\/document\/d\/1obAw7Sf5u4N05S-prsuHIkYFX0lOC8XKiw1rqFLoKMk\/edit?usp=sharing\">1r BATXILLERAT<\/a><\/h4>\n<p>&nbsp;<\/p>\n<p>&nbsp;<\/td>\n<td style=\"width: 27.7603%; height: 96px;\">\n<h4><a href=\"https:\/\/docs.google.com\/document\/d\/1-HykAdWLkwB77lFrPUm3RlqsbpaOATp1JbtNqaO8LDY\/edit?usp=sharing\">2n BATXILLERAT<\/a><\/h4>\n<p>&nbsp;<\/td>\n<td style=\"width: 24.5162%; height: 96px;\">\n<h4>CFGM<\/h4>\n<h4>(Informaci\u00f3 al Setembre)<\/h4>\n<\/td>\n<td style=\"width: 37.3475%; height: 96px;\">\n<h4>CFGS<\/h4>\n<h4>(Informaci\u00f3 al Setembre)<\/h4>\n<\/td>\n<\/tr>\n<\/tbody>\n<\/table>\n<p>INFORMACI\u00d3 ADDICIONAL:<\/p>\n<ul>\n<li>La informaci\u00f3 sobre el material extra fet servir per cadascuna de les mat\u00e8ries la far\u00e0 arribar cada professor\/a a l&#8217;inici de curs.<\/li>\n<li>Recordeu de no folrar ni escriure en cap llibres fins confirmar al comen\u00e7ament de curs que els llibres s\u00f3n els correctes.<\/li>\n<li>Es recomana que tot l&#8217;alumnat tingui a casa seva un ordinador de treball per poder realitzar treballs telem\u00e0tics.<\/li>\n<\/ul>\n<p>Des de fa alguns cursos l&#8217;AFA ha impulsat un sistema de reutilitzaci\u00f3 de llibres (ECOBOOKS) juntament amb l&#8217;empresa IDDINK.<\/p>\n<p>L&#8217;empresa us ha de comunicar com fer el retorn dels llibres.<\/p>\n<p><a href=\"https:\/\/microsites.iddink.es\/ca\/435_institut_manuel_de_cabanyes\/\">LLOC WEB IDDINK INS MANUEL DE CABANYES<\/a><\/p>\n<p><a href=\"https:\/\/drive.google.com\/file\/d\/1Tx-o9OY9kA622MHn_yZxj2p11d8xBfKR\/view?usp=sharing\">INFORMACI\u00d3 GR\u00c0FICA DE COM FER UNA COMANDA<\/a><\/p>\n<hr \/>\n<p><a style=\"font-family: inherit; font-size: 1em;\" href=\"https:\/\/vimeo.com\/420992016\">V\u00cdDEO PRESENTACI\u00d3 CURT<\/a><\/p>\n<p><a href=\"https:\/\/vimeo.com\/346361089\">V\u00cdDEO PRESENTACI\u00d3 LLARG<\/a><\/p>\n<p><a href=\"https:\/\/vimeo.com\/427671538\">V\u00cdDEO COM FER UNA COMANDA<\/a><\/p>\n<p><a href=\"https:\/\/vimeo.com\/45076699\">V\u00cdDEO COM TRACTAR ELS ECOBOOKS<\/a><\/p>\n<p><a href=\"https:\/\/vimeo.com\/427671538\">V\u00cdDEO COM FER EL RETORN DELS LLIBRES<\/a><\/p>\n","protected":false},"excerpt":{"rendered":"<p>S&#8217;actualitzar\u00e0 a partir del 25 de juny<\/p>\n<p>\u00a0<a href=\"https:\/\/docs.google.com\/document\/d\/1U4ec1UhTwJ5BO90VqTYTceCV4xocJP7624J1MYT93R4\/edit?usp=sharing\">1r d&#8217;ESO<\/a><br \/>\n&nbsp;<\/p>\n<p><a href=\"https:\/\/docs.google.com\/document\/d\/1fJVdXBeRQF8pbMBeVQrMC8_w64sIxmsOkU8-o-EIVy0\/edit?usp=sharing\">2n d&#8217;ESO<\/a><br \/>\n&nbsp;<\/p>\n<p><a href=\"https:\/\/docs.google.com\/document\/d\/1-pP1Z6zd5Dj_S787YfRMiCfojXX4jMXqFU6RjpO6nQg\/edit?usp=sharing\">3r d&#8217;ESO<\/a><br \/>\n&nbsp;<\/p>\n<p><a href=\"https:\/\/docs.google.com\/document\/d\/1LA1AjQFjr1IGhfUWMzZ9rcPUmRzvOE-Pevy9LHyMzQU\/edit?usp=sharing\">4t d&#8217;ESO<\/a><br \/>\n&nbsp;<\/p>\n<p><a href=\"https:\/\/docs.google.com\/document\/d\/1obAw7Sf5u4N05S-prsuHIkYFX0lOC8XKiw1rqFLoKMk\/edit?usp=sharing\">1r BATXILLERAT<\/a><br \/>\n&nbsp;<br \/>\n&nbsp;<\/p>\n<p><a href=\"https:\/\/docs.google.com\/document\/d\/1-HykAdWLkwB77lFrPUm3RlqsbpaOATp1JbtNqaO8LDY\/edit?usp=sharing\">2n BATXILLERAT<\/a><br \/>\n&nbsp;<\/p>\n<p>CFGM<br \/>\n(Informaci\u00f3 al Setembre)<\/p>\n<p>CFGS<br \/>\n(Informaci\u00f3 al Setembre)<\/p>\n<p>INFORMACI\u00d3 ADDICIONAL:<\/p>\n<ul>\n<li>La informaci\u00f3 sobre el material extra fet servir per cadascuna de les mat\u00e8ries la far\u00e0 arribar cada professor\/a a l&#8217;inici de curs.<\/li>\n<li>Recordeu&hellip;  <a href=\"https:\/\/agora.xtec.cat\/iescabanyes\/25-26\/\" title=\"Read Llibres curs 2025-2026\">Llegeix m\u00e9s\u00bb<\/a><br \/>\n","protected":false},"author":1,"featured_media":0,"parent":0,"menu_order":0,"comment_status":"closed","ping_status":"closed","template":"","meta":{"_bbp_topic_count":0,"_bbp_reply_count":0,"_bbp_total_topic_count":0,"_bbp_total_reply_count":0,"_bbp_voice_count":0,"_bbp_anonymous_reply_count":0,"_bbp_topic_count_hidden":0,"_bbp_reply_count_hidden":0,"_bbp_forum_subforum_count":0,"footnotes":""},"class_list":["post-4123","page","type-page","status-publish","hentry"],"post_mailing_queue_ids":[],"_links":{"self":[{"href":"https:\/\/agora.xtec.cat\/iescabanyes\/wp-json\/wp\/v2\/pages\/4123","targetHints":{"allow":["GET"]}}],"collection":[{"href":"https:\/\/agora.xtec.cat\/iescabanyes\/wp-json\/wp\/v2\/pages"}],"about":[{"href":"https:\/\/agora.xtec.cat\/iescabanyes\/wp-json\/wp\/v2\/types\/page"}],"author":[{"embeddable":true,"href":"https:\/\/agora.xtec.cat\/iescabanyes\/wp-json\/wp\/v2\/users\/1"}],"replies":[{"embeddable":true,"href":"https:\/\/agora.xtec.cat\/iescabanyes\/wp-json\/wp\/v2\/comments?post=4123"}],"version-history":[{"count":8,"href":"https:\/\/agora.xtec.cat\/iescabanyes\/wp-json\/wp\/v2\/pages\/4123\/revisions"}],"predecessor-version":[{"id":21613,"href":"https:\/\/agora.xtec.cat\/iescabanyes\/wp-json\/wp\/v2\/pages\/4123\/revisions\/21613"}],"wp:attachment":[{"href":"https:\/\/agora.xtec.cat\/iescabanyes\/wp-json\/wp\/v2\/media?parent=4123"}],"curies":[{"name":"wp","href":"https:\/\/api.w.org\/{rel}","templated":true}]}}