{"id":16761,"date":"2023-06-14T13:00:02","date_gmt":"2023-06-14T11:00:02","guid":{"rendered":"https:\/\/agora.xtec.cat\/iescabanyes\/?page_id=16761"},"modified":"2023-07-11T07:06:50","modified_gmt":"2023-07-11T05:06:50","slug":"diagnosi","status":"publish","type":"page","link":"https:\/\/agora.xtec.cat\/iescabanyes\/estretegia-digital-de-centre\/estrategia\/diagnosi\/","title":{"rendered":"Diagnosi"},"content":{"rendered":"<p>L\u2019eina utilitzada per a realitzar la diagnosi de centre \u00e9s el Selfie. L\u2019aplicaci\u00f3 SELFIE \u00e9s una eina gratu\u00efta i personalitzable que ha desenvolupat la Uni\u00f3 Europea per ajudar als centres educatius\u00a0 a realitzar una diagnosi completa sobre l&#8217;aprenentatge digital.<\/p>\n<p><strong>EINES UTILITZADES A LA DIAGNOSI<\/strong><\/p>\n<p><strong>Selfie ESO.<\/strong> Data de realitzaci\u00f3 de l\u2019enquesta: del 7 de maig de 2022 &#8211; 27 de maig de 2022.<\/p>\n<p><strong>Selfie BAT.<\/strong> Data de realitzaci\u00f3 de l\u2019enquesta: del 28 d\u2019abril de 2022 &#8211; 18 de maig de 2022.<\/p>\n<p><strong>Selfie FP.<\/strong> Data de realitzaci\u00f3 de l\u2019enquesta: del 28 d\u2019abril de 2022 &#8211; 18 de maig de 2022.<\/p>\n<p><img loading=\"lazy\" decoding=\"async\" class=\"alignnone size-full wp-image-16035\" src=\"https:\/\/agora.xtec.cat\/iescabanyes\/wp-content\/uploads\/usu559\/2023\/04\/01-1.png\" alt=\"\" width=\"633\" height=\"203\" srcset=\"https:\/\/agora.xtec.cat\/iescabanyes\/wp-content\/uploads\/usu559\/2023\/04\/01-1.png 633w, https:\/\/agora.xtec.cat\/iescabanyes\/wp-content\/uploads\/usu559\/2023\/04\/01-1-300x96.png 300w\" sizes=\"auto, (max-width: 633px) 100vw, 633px\" \/><\/p>\n<p>Tamb\u00e9 es va sol\u00b7licitar la participaci\u00f3 de les fam\u00edlies en una enquesta mitjan\u00e7ant un formulari de Google.<\/p>\n<p><strong>Formulari de fam\u00edlies<\/strong>. Data de realitzaci\u00f3 de l\u2019enquesta: del 7 de maig de 2022 &#8211; 27 de maig de 2022. Participaci\u00f3: Total 115 fam\u00edlies.<\/p>\n<p><img loading=\"lazy\" decoding=\"async\" class=\"alignnone size-full wp-image-16036\" src=\"https:\/\/agora.xtec.cat\/iescabanyes\/wp-content\/uploads\/usu559\/2023\/04\/02.png\" alt=\"\" width=\"634\" height=\"371\" srcset=\"https:\/\/agora.xtec.cat\/iescabanyes\/wp-content\/uploads\/usu559\/2023\/04\/02.png 634w, https:\/\/agora.xtec.cat\/iescabanyes\/wp-content\/uploads\/usu559\/2023\/04\/02-300x176.png 300w\" sizes=\"auto, (max-width: 634px) 100vw, 634px\" \/><\/p>\n<p><strong>SELFIE ESO<\/strong><\/p>\n<ul>\n<li>Resum de les \u00e0rees<\/li>\n<\/ul>\n<p><img loading=\"lazy\" decoding=\"async\" class=\"alignnone size-full wp-image-16037\" src=\"https:\/\/agora.xtec.cat\/iescabanyes\/wp-content\/uploads\/usu559\/2023\/04\/03.png\" alt=\"\" width=\"586\" height=\"235\" srcset=\"https:\/\/agora.xtec.cat\/iescabanyes\/wp-content\/uploads\/usu559\/2023\/04\/03.png 586w, https:\/\/agora.xtec.cat\/iescabanyes\/wp-content\/uploads\/usu559\/2023\/04\/03-300x120.png 300w\" sizes=\"auto, (max-width: 586px) 100vw, 586px\" \/><\/p>\n<p><img loading=\"lazy\" decoding=\"async\" class=\"alignnone size-large wp-image-16038\" src=\"https:\/\/agora.xtec.cat\/iescabanyes\/wp-content\/uploads\/usu559\/2023\/04\/04.png\" alt=\"\" width=\"552\" height=\"710\" srcset=\"https:\/\/agora.xtec.cat\/iescabanyes\/wp-content\/uploads\/usu559\/2023\/04\/04.png 552w, https:\/\/agora.xtec.cat\/iescabanyes\/wp-content\/uploads\/usu559\/2023\/04\/04-233x300.png 233w\" sizes=\"auto, (max-width: 552px) 100vw, 552px\" \/><\/p>\n<ul>\n<li>Resultats per \u00e0rea<\/li>\n<\/ul>\n<p><img loading=\"lazy\" decoding=\"async\" class=\"alignnone size-full wp-image-16039\" src=\"https:\/\/agora.xtec.cat\/iescabanyes\/wp-content\/uploads\/usu559\/2023\/04\/05.png\" alt=\"\" width=\"667\" height=\"209\" srcset=\"https:\/\/agora.xtec.cat\/iescabanyes\/wp-content\/uploads\/usu559\/2023\/04\/05.png 667w, https:\/\/agora.xtec.cat\/iescabanyes\/wp-content\/uploads\/usu559\/2023\/04\/05-300x94.png 300w\" sizes=\"auto, (max-width: 667px) 100vw, 667px\" \/><\/p>\n<p><img loading=\"lazy\" decoding=\"async\" class=\"alignnone size-large wp-image-16040\" src=\"https:\/\/agora.xtec.cat\/iescabanyes\/wp-content\/uploads\/usu559\/2023\/04\/06.png\" alt=\"\" width=\"667\" height=\"185\" srcset=\"https:\/\/agora.xtec.cat\/iescabanyes\/wp-content\/uploads\/usu559\/2023\/04\/06.png 667w, https:\/\/agora.xtec.cat\/iescabanyes\/wp-content\/uploads\/usu559\/2023\/04\/06-300x83.png 300w\" sizes=\"auto, (max-width: 667px) 100vw, 667px\" \/><\/p>\n<p><img loading=\"lazy\" decoding=\"async\" class=\"alignnone size-large wp-image-16041\" src=\"https:\/\/agora.xtec.cat\/iescabanyes\/wp-content\/uploads\/usu559\/2023\/04\/07.png\" alt=\"\" width=\"667\" height=\"313\" srcset=\"https:\/\/agora.xtec.cat\/iescabanyes\/wp-content\/uploads\/usu559\/2023\/04\/07.png 667w, https:\/\/agora.xtec.cat\/iescabanyes\/wp-content\/uploads\/usu559\/2023\/04\/07-300x141.png 300w\" sizes=\"auto, (max-width: 667px) 100vw, 667px\" \/><\/p>\n<p><img loading=\"lazy\" decoding=\"async\" class=\"alignnone size-full wp-image-16042\" src=\"https:\/\/agora.xtec.cat\/iescabanyes\/wp-content\/uploads\/usu559\/2023\/04\/08.png\" alt=\"\" width=\"667\" height=\"158\" srcset=\"https:\/\/agora.xtec.cat\/iescabanyes\/wp-content\/uploads\/usu559\/2023\/04\/08.png 667w, https:\/\/agora.xtec.cat\/iescabanyes\/wp-content\/uploads\/usu559\/2023\/04\/08-300x71.png 300w\" sizes=\"auto, (max-width: 667px) 100vw, 667px\" \/><\/p>\n<p><img loading=\"lazy\" decoding=\"async\" class=\"alignnone size-large wp-image-16043\" src=\"https:\/\/agora.xtec.cat\/iescabanyes\/wp-content\/uploads\/usu559\/2023\/04\/09.png\" alt=\"\" width=\"667\" height=\"209\" srcset=\"https:\/\/agora.xtec.cat\/iescabanyes\/wp-content\/uploads\/usu559\/2023\/04\/09.png 667w, https:\/\/agora.xtec.cat\/iescabanyes\/wp-content\/uploads\/usu559\/2023\/04\/09-300x94.png 300w\" sizes=\"auto, (max-width: 667px) 100vw, 667px\" \/><\/p>\n<p><img loading=\"lazy\" decoding=\"async\" class=\"alignnone size-large wp-image-16044\" src=\"https:\/\/agora.xtec.cat\/iescabanyes\/wp-content\/uploads\/usu559\/2023\/04\/10.png\" alt=\"\" width=\"667\" height=\"210\" srcset=\"https:\/\/agora.xtec.cat\/iescabanyes\/wp-content\/uploads\/usu559\/2023\/04\/10.png 667w, https:\/\/agora.xtec.cat\/iescabanyes\/wp-content\/uploads\/usu559\/2023\/04\/10-300x94.png 300w\" sizes=\"auto, (max-width: 667px) 100vw, 667px\" \/><\/p>\n<p><img loading=\"lazy\" decoding=\"async\" class=\"alignnone size-large wp-image-16045\" src=\"https:\/\/agora.xtec.cat\/iescabanyes\/wp-content\/uploads\/usu559\/2023\/04\/11.png\" alt=\"\" width=\"667\" height=\"210\" srcset=\"https:\/\/agora.xtec.cat\/iescabanyes\/wp-content\/uploads\/usu559\/2023\/04\/11.png 667w, https:\/\/agora.xtec.cat\/iescabanyes\/wp-content\/uploads\/usu559\/2023\/04\/11-300x94.png 300w\" sizes=\"auto, (max-width: 667px) 100vw, 667px\" \/><\/p>\n<p><img loading=\"lazy\" decoding=\"async\" class=\"alignnone size-large wp-image-16046\" src=\"https:\/\/agora.xtec.cat\/iescabanyes\/wp-content\/uploads\/usu559\/2023\/04\/12.png\" alt=\"\" width=\"667\" height=\"313\" srcset=\"https:\/\/agora.xtec.cat\/iescabanyes\/wp-content\/uploads\/usu559\/2023\/04\/12.png 667w, https:\/\/agora.xtec.cat\/iescabanyes\/wp-content\/uploads\/usu559\/2023\/04\/12-300x141.png 300w\" sizes=\"auto, (max-width: 667px) 100vw, 667px\" \/><\/p>\n<p><img loading=\"lazy\" decoding=\"async\" class=\"alignnone size-large wp-image-16047\" src=\"https:\/\/agora.xtec.cat\/iescabanyes\/wp-content\/uploads\/usu559\/2023\/04\/13.png\" alt=\"\" width=\"674\" height=\"576\" srcset=\"https:\/\/agora.xtec.cat\/iescabanyes\/wp-content\/uploads\/usu559\/2023\/04\/13.png 674w, https:\/\/agora.xtec.cat\/iescabanyes\/wp-content\/uploads\/usu559\/2023\/04\/13-300x256.png 300w\" sizes=\"auto, (max-width: 674px) 100vw, 674px\" \/><\/p>\n","protected":false},"excerpt":{"rendered":"<p>L\u2019eina utilitzada per a realitzar la diagnosi de centre \u00e9s el Selfie. L\u2019aplicaci\u00f3 SELFIE \u00e9s una eina gratu\u00efta i personalitzable que ha desenvolupat la Uni\u00f3 Europea per ajudar als centres educatius\u00a0 a realitzar una diagnosi completa sobre l&#8217;aprenentatge digital.<br \/>\nEINES UTILITZADES A LA DIAGNOSI<br \/>\nSelfie ESO. Data&hellip;  <a href=\"https:\/\/agora.xtec.cat\/iescabanyes\/estretegia-digital-de-centre\/estrategia\/diagnosi\/\" title=\"Read Diagnosi\">Llegeix m\u00e9s\u00bb<\/a><\/p>\n","protected":false},"author":85,"featured_media":0,"parent":16733,"menu_order":1,"comment_status":"closed","ping_status":"closed","template":"page-templates\/side-menu.php","meta":{"_bbp_topic_count":0,"_bbp_reply_count":0,"_bbp_total_topic_count":0,"_bbp_total_reply_count":0,"_bbp_voice_count":0,"_bbp_anonymous_reply_count":0,"_bbp_topic_count_hidden":0,"_bbp_reply_count_hidden":0,"_bbp_forum_subforum_count":0,"footnotes":""},"class_list":["post-16761","page","type-page","status-publish","hentry"],"post_mailing_queue_ids":[],"_links":{"self":[{"href":"https:\/\/agora.xtec.cat\/iescabanyes\/wp-json\/wp\/v2\/pages\/16761","targetHints":{"allow":["GET"]}}],"collection":[{"href":"https:\/\/agora.xtec.cat\/iescabanyes\/wp-json\/wp\/v2\/pages"}],"about":[{"href":"https:\/\/agora.xtec.cat\/iescabanyes\/wp-json\/wp\/v2\/types\/page"}],"author":[{"embeddable":true,"href":"https:\/\/agora.xtec.cat\/iescabanyes\/wp-json\/wp\/v2\/users\/85"}],"replies":[{"embeddable":true,"href":"https:\/\/agora.xtec.cat\/iescabanyes\/wp-json\/wp\/v2\/comments?post=16761"}],"version-history":[{"count":3,"href":"https:\/\/agora.xtec.cat\/iescabanyes\/wp-json\/wp\/v2\/pages\/16761\/revisions"}],"predecessor-version":[{"id":17013,"href":"https:\/\/agora.xtec.cat\/iescabanyes\/wp-json\/wp\/v2\/pages\/16761\/revisions\/17013"}],"up":[{"embeddable":true,"href":"https:\/\/agora.xtec.cat\/iescabanyes\/wp-json\/wp\/v2\/pages\/16733"}],"wp:attachment":[{"href":"https:\/\/agora.xtec.cat\/iescabanyes\/wp-json\/wp\/v2\/media?parent=16761"}],"curies":[{"name":"wp","href":"https:\/\/api.w.org\/{rel}","templated":true}]}}