{"id":12088,"date":"2022-03-11T17:42:04","date_gmt":"2022-03-11T16:42:04","guid":{"rendered":"https:\/\/agora.xtec.cat\/iescabanyes\/?page_id=12088"},"modified":"2026-04-08T10:48:15","modified_gmt":"2026-04-08T08:48:15","slug":"preinscripcio-batxillerat-curs-2026-2027","status":"publish","type":"page","link":"https:\/\/agora.xtec.cat\/iescabanyes\/preinscripcio-batxillerat-curs-2026-2027\/","title":{"rendered":"PREINSCRIPCI\u00d3 BATXILLERAT CURS 2026-2027"},"content":{"rendered":"<h5><\/h5>\n<table style=\"height: 322px; width: 88.6141%;\">\n<tbody>\n<tr style=\"height: 33px;\">\n<td style=\"width: 35.6814%; height: 33px;\">Dimecres 8 d&#8217;abril<\/td>\n<td style=\"width: 127.662%; height: 33px;\"><strong><a href=\"http:\/\/OFERTA INICIAL BATXILLERAT (8\/4\/26)\">Oferta inicial de places<\/a>\u00a0<\/strong><\/td>\n<\/tr>\n<tr style=\"height: 33px;\">\n<td style=\"width: 35.6814%; height: 15px;\">Divendres 10 d&#8217;abril 18.00 h<\/td>\n<td style=\"width: 127.662%; height: 15px;\"><strong>Portes Obertes Batxillerat<\/strong>.<\/p>\n<p>ENLLA\u00c7 FORMULARI (pendent publicaci\u00f3)<\/td>\n<\/tr>\n<tr style=\"height: 33px;\">\n<td style=\"height: 33px; width: 35.6814%;\">9 al 16 d&#8217;abril<\/td>\n<td style=\"height: 33px; width: 127.662%;\"><strong>Presentaci\u00f3 de les sol\u00b7licituds Batxillerat<\/strong> en <a href=\"https:\/\/preinscripcio.gencat.cat\/ca\/estudis\/batxillerat\/preinscriute\/sollicitud\/\">format telem\u00e0tic ENLLA\u00c7<\/a><\/td>\n<\/tr>\n<tr style=\"height: 33px;\">\n<td style=\"height: 33px; width: 35.6814%;\">Dijous 14 de maig<\/td>\n<td style=\"height: 33px; width: 127.662%;\">Llista de sol\u00b7licituds amb puntuaci\u00f3 provisional (pendent)<\/td>\n<\/tr>\n<tr style=\"height: 43px;\">\n<td style=\"height: 43px; width: 35.6814%;\">14 al 20 de maig<\/td>\n<td style=\"height: 43px; width: 127.662%;\">Presentaci\u00f3 reclamacions al barem provisional (de manera telem\u00e0tica)<\/td>\n<\/tr>\n<tr style=\"height: 33px;\">\n<td style=\"height: 33px; width: 35.6814%;\">Dimarts 26 de maig<\/td>\n<td style=\"height: 33px; width: 127.662%;\">Publicaci\u00f3 de les llistes amb la puntuaci\u00f3 una vegada resoltes reclamacions<\/p>\n<p>Sorteig n\u00famero desempa<\/td>\n<\/tr>\n<tr style=\"height: 33px;\">\n<td style=\"height: 33px; width: 35.6814%;\">Divendres 29 de maig<\/td>\n<td style=\"height: 33px; width: 127.662%;\">Llista ordenada (pendent)<\/td>\n<\/tr>\n<tr style=\"height: 33px;\">\n<td style=\"width: 35.6814%; height: 33px;\">Dimecres 17 de juny<\/td>\n<td style=\"width: 127.662%; height: 33px;\">Oferta final (pendent)<\/p>\n<p>Llista d&#8217;admesos (pendent)<\/p>\n<p>Llista d&#8217;espera (pendent)<\/p>\n<p>Llista amb centre assignat (pendent)<\/td>\n<\/tr>\n<tr style=\"height: 33px;\">\n<td style=\"width: 35.6814%; height: 33px;\">18 al 30 de juny<\/td>\n<td style=\"width: 127.662%; height: 33px;\">Matr\u00edcula ordin\u00e0ria al centre<\/td>\n<\/tr>\n<\/tbody>\n<\/table>\n<h5><a href=\"https:\/\/preinscripcio.gencat.cat\/ca\/estudis\/batxillerat\/inici\/index.html\">RESUM PROC\u00c9S DE PREINSCRIPCI\u00d3 BATXILLERAT<\/a><\/h5>\n<h5><a href=\"https:\/\/preinscripcio.gencat.cat\/ca\/estudis\/batxillerat\/informat\/prepara-documentacio\/\">DOCUMENTACI\u00d3<\/a><\/h5>\n<h5><a href=\"https:\/\/preinscripcio.gencat.cat\/ca\/estudis\/batxillerat\/informat\/criteris-assignacio\/\">CRITERIS D&#8217;ASSIGNACI\u00d3 DE PLACES<\/a><\/h5>\n<div><\/div>\n<p>Si teniu dubtes o problemes amb relaci\u00f3 a q\u00fcestions de curr\u00edculum us podeu adre\u00e7ar a <strong>portesobertes@institutcabanyes.cat<\/strong><\/p>\n<p>Per q\u00fcestions relacionades amb el proc\u00e9s de preinscripci\u00f3, podeu escriure a <strong>secretaria@institutcabanyes.cat<\/strong><\/p>\n<h3 style=\"text-align: center;\"><\/h3>\n","protected":false},"excerpt":{"rendered":"<p>Dimecres 8 d&#8217;abril<br \/>\n<a href=\"http:\/\/OFERTA INICIAL BATXILLERAT (8\/4\/26)\">Oferta inicial de places<\/a>\u00a0<\/p>\n<p>Divendres 10 d&#8217;abril 18.00 h<br \/>\nPortes Obertes Batxillerat.<br \/>\nENLLA\u00c7 FORMULARI (pendent publicaci\u00f3)<\/p>\n<p>9 al 16 d&#8217;abril<br \/>\nPresentaci\u00f3 de les sol\u00b7licituds Batxillerat en <a href=\"https:\/\/preinscripcio.gencat.cat\/ca\/estudis\/batxillerat\/preinscriute\/sollicitud\/\">format telem\u00e0tic ENLLA\u00c7<\/a><\/p>\n<p>Dijous 14 de maig<br \/>\nLlista de sol\u00b7licituds amb puntuaci\u00f3 provisional (pendent)<\/p>\n<p>14 al 20 de maig<br \/>\nPresentaci\u00f3 reclamacions&hellip;  <a href=\"https:\/\/agora.xtec.cat\/iescabanyes\/preinscripcio-batxillerat-curs-2026-2027\/\" title=\"Read PREINSCRIPCI\u00d3 BATXILLERAT CURS 2026-2027\">Llegeix m\u00e9s\u00bb<\/a><\/p>\n","protected":false},"author":1,"featured_media":0,"parent":0,"menu_order":0,"comment_status":"closed","ping_status":"closed","template":"","meta":{"_bbp_topic_count":0,"_bbp_reply_count":0,"_bbp_total_topic_count":0,"_bbp_total_reply_count":0,"_bbp_voice_count":0,"_bbp_anonymous_reply_count":0,"_bbp_topic_count_hidden":0,"_bbp_reply_count_hidden":0,"_bbp_forum_subforum_count":0,"footnotes":""},"class_list":["post-12088","page","type-page","status-publish","hentry"],"post_mailing_queue_ids":[],"_links":{"self":[{"href":"https:\/\/agora.xtec.cat\/iescabanyes\/wp-json\/wp\/v2\/pages\/12088","targetHints":{"allow":["GET"]}}],"collection":[{"href":"https:\/\/agora.xtec.cat\/iescabanyes\/wp-json\/wp\/v2\/pages"}],"about":[{"href":"https:\/\/agora.xtec.cat\/iescabanyes\/wp-json\/wp\/v2\/types\/page"}],"author":[{"embeddable":true,"href":"https:\/\/agora.xtec.cat\/iescabanyes\/wp-json\/wp\/v2\/users\/1"}],"replies":[{"embeddable":true,"href":"https:\/\/agora.xtec.cat\/iescabanyes\/wp-json\/wp\/v2\/comments?post=12088"}],"version-history":[{"count":7,"href":"https:\/\/agora.xtec.cat\/iescabanyes\/wp-json\/wp\/v2\/pages\/12088\/revisions"}],"predecessor-version":[{"id":22475,"href":"https:\/\/agora.xtec.cat\/iescabanyes\/wp-json\/wp\/v2\/pages\/12088\/revisions\/22475"}],"wp:attachment":[{"href":"https:\/\/agora.xtec.cat\/iescabanyes\/wp-json\/wp\/v2\/media?parent=12088"}],"curies":[{"name":"wp","href":"https:\/\/api.w.org\/{rel}","templated":true}]}}