{"id":700,"date":"2017-06-16T12:13:29","date_gmt":"2017-06-16T10:13:29","guid":{"rendered":"http:\/\/agora.xtec.cat\/iesblume\/?page_id=700"},"modified":"2025-11-16T00:34:02","modified_gmt":"2025-11-15T23:34:02","slug":"orientacio-academica-i-professional","status":"publish","type":"page","link":"https:\/\/agora.xtec.cat\/iesblume\/linstitut\/orientacio-academica-i-professional\/","title":{"rendered":"Orientaci\u00f3 acad\u00e8mica i professional"},"content":{"rendered":"<ul>\n<li class=\"sectionname\"><a id=\"m_-1447979449489441126m_1934525644004913844gmail-yui_3_17_2_1_1684400387010_779\" href=\"https:\/\/triaeducativa.gencat.cat\/ca\/batxillerat\/\" target=\"_blank\" rel=\"noopener\" data-saferedirecturl=\"https:\/\/www.google.com\/url?q=https:\/\/triaeducativa.gencat.cat\/ca\/batxillerat\/&amp;source=gmail&amp;ust=1684904620198000&amp;usg=AOvVaw3Q05UuSOEyg5fW8872z6oJ\">Informaci\u00f3 sobre el batxillerat<\/a><\/li>\n<li class=\"sectionname\"><a href=\"https:\/\/triaeducativa.gencat.cat\/ca\/orientacio\/index.html\" target=\"_blank\" rel=\"noopener\" data-saferedirecturl=\"https:\/\/www.google.com\/url?q=https:\/\/apliense.xtec.cat\/orientat\/\/web\/questionari.php?action%3Dstart&amp;source=gmail&amp;ust=1684904620198000&amp;usg=AOvVaw06qiYhLAu7FI4WKoXlPbiS\">Q\u00fcestionari &#8220;Orienta&#8217;t&#8221;<\/a><\/li>\n<li><a href=\"http:\/\/queestudiar.gencat.cat\/ca\/orientacio\/joves\/informo-ensenyaments\/explora_mapa_destudis\/\" target=\"_blank\" rel=\"noopener\">Sistema educatiu a Catalunya<\/a><\/li>\n<li class=\"sectionname\"><a href=\"https:\/\/treball.barcelonactiva.cat\/porta22\/cat\/joves\/projecte-pro-vp.do\" target=\"_blank\" rel=\"noopener\" data-saferedirecturl=\"https:\/\/www.google.com\/url?q=https:\/\/treball.barcelonactiva.cat\/porta22\/cat\/joves\/projecte-pro-vp.do&amp;source=gmail&amp;ust=1684904620198000&amp;usg=AOvVaw3NzySYpGEzaovJii7xTgBN\">El ProVP &#8211; Projecte de Vida Professional<\/a><\/li>\n<li class=\"sectionname\"><a href=\"http:\/\/agora.xtec.cat\/iesblume\/wp-content\/uploads\/usu1242\/2017\/06\/Quadern_orientaci\u00f3_professional-_Alumne.pdf\" target=\"_blank\" rel=\"noopener noreferrer\">Quadern d&#8217;orientaci\u00f3 professional (Alumne)<\/a><\/li>\n<li class=\"sectionname\"><a href=\"http:\/\/agora.xtec.cat\/iesblume\/wp-content\/uploads\/usu1242\/2017\/06\/Quadern_orientaci\u00f3_professional_Tutor-Fam\u00edlia.pdf\" target=\"_blank\" rel=\"noopener noreferrer\">Quadern d&#8217;orientaci\u00f3 professional (Tutor-Fam\u00edlia)<\/a><\/li>\n<\/ul>\n<h5 style=\"text-align: justify;\"><\/h5>\n<ul>\n<li><strong><a href=\"https:\/\/universitats.gencat.cat\/ca\/preinscripcions\/sobre-preinscripcio\/ponderacions\/index.html\" target=\"_blank\" rel=\"noopener\" data-saferedirecturl=\"https:\/\/www.google.com\/url?q=https:\/\/universitats.gencat.cat\/ca\/preinscripcions\/sobre-preinscripcio\/ponderacions\/index.html&amp;source=gmail&amp;ust=1684658474989000&amp;usg=AOvVaw1VKBp3kvKRbG6jZads3dLo\">Ponderaci\u00f3 de les mat\u00e8ries de modalitat per accedir a la Universitat<\/a><\/strong><\/li>\n<li><strong style=\"font-family: inherit; font-size: 1em;\"><a href=\"https:\/\/universitats.gencat.cat\/ca\/proves-acces-PAU-PAP\/\" target=\"_blank\" rel=\"noopener\">Tot el que cal saber sobre les PAU<\/a><\/strong><\/li>\n<\/ul>\n","protected":false},"excerpt":{"rendered":"<p>Informaci\u00f3 sobre el batxillerat Q\u00fcestionari &#8220;Orienta&#8217;t&#8221; Sistema educatiu a Catalunya El ProVP &#8211; Projecte de Vida Professional Quadern d&#8217;orientaci\u00f3 professional (Alumne) Quadern d&#8217;orientaci\u00f3 professional (Tutor-Fam\u00edlia) Ponderaci\u00f3 de les mat\u00e8ries de modalitat per accedir a la Universitat Tot el que cal saber sobre les PAU<\/p>\n","protected":false},"author":1,"featured_media":0,"parent":19,"menu_order":90,"comment_status":"closed","ping_status":"closed","template":"","meta":{"_bbp_topic_count":0,"_bbp_reply_count":0,"_bbp_total_topic_count":0,"_bbp_total_reply_count":0,"_bbp_voice_count":0,"_bbp_anonymous_reply_count":0,"_bbp_topic_count_hidden":0,"_bbp_reply_count_hidden":0,"_bbp_forum_subforum_count":0,"site-sidebar-layout":"default","site-content-layout":"","ast-site-content-layout":"default","site-content-style":"default","site-sidebar-style":"default","ast-global-header-display":"","ast-banner-title-visibility":"","ast-main-header-display":"","ast-hfb-above-header-display":"","ast-hfb-below-header-display":"","ast-hfb-mobile-header-display":"","site-post-title":"","ast-breadcrumbs-content":"","ast-featured-img":"","footer-sml-layout":"","theme-transparent-header-meta":"default","adv-header-id-meta":"","stick-header-meta":"","header-above-stick-meta":"","header-main-stick-meta":"","header-below-stick-meta":"","astra-migrate-meta-layouts":"set","ast-page-background-enabled":"default","ast-page-background-meta":{"desktop":{"background-color":"var(--ast-global-color-4)","background-image":"","background-repeat":"repeat","background-position":"center center","background-size":"auto","background-attachment":"scroll","background-type":"","background-media":"","overlay-type":"","overlay-color":"","overlay-opacity":"","overlay-gradient":""},"tablet":{"background-color":"","background-image":"","background-repeat":"repeat","background-position":"center center","background-size":"auto","background-attachment":"scroll","background-type":"","background-media":"","overlay-type":"","overlay-color":"","overlay-opacity":"","overlay-gradient":""},"mobile":{"background-color":"","background-image":"","background-repeat":"repeat","background-position":"center center","background-size":"auto","background-attachment":"scroll","background-type":"","background-media":"","overlay-type":"","overlay-color":"","overlay-opacity":"","overlay-gradient":""}},"ast-content-background-meta":{"desktop":{"background-color":"var(--ast-global-color-5)","background-image":"","background-repeat":"repeat","background-position":"center center","background-size":"auto","background-attachment":"scroll","background-type":"","background-media":"","overlay-type":"","overlay-color":"","overlay-opacity":"","overlay-gradient":""},"tablet":{"background-color":"var(--ast-global-color-5)","background-image":"","background-repeat":"repeat","background-position":"center center","background-size":"auto","background-attachment":"scroll","background-type":"","background-media":"","overlay-type":"","overlay-color":"","overlay-opacity":"","overlay-gradient":""},"mobile":{"background-color":"var(--ast-global-color-5)","background-image":"","background-repeat":"repeat","background-position":"center center","background-size":"auto","background-attachment":"scroll","background-type":"","background-media":"","overlay-type":"","overlay-color":"","overlay-opacity":"","overlay-gradient":""}},"footnotes":""},"class_list":["post-700","page","type-page","status-publish","hentry"],"post_mailing_queue_ids":[],"_links":{"self":[{"href":"https:\/\/agora.xtec.cat\/iesblume\/wp-json\/wp\/v2\/pages\/700","targetHints":{"allow":["GET"]}}],"collection":[{"href":"https:\/\/agora.xtec.cat\/iesblume\/wp-json\/wp\/v2\/pages"}],"about":[{"href":"https:\/\/agora.xtec.cat\/iesblume\/wp-json\/wp\/v2\/types\/page"}],"author":[{"embeddable":true,"href":"https:\/\/agora.xtec.cat\/iesblume\/wp-json\/wp\/v2\/users\/1"}],"replies":[{"embeddable":true,"href":"https:\/\/agora.xtec.cat\/iesblume\/wp-json\/wp\/v2\/comments?post=700"}],"version-history":[{"count":3,"href":"https:\/\/agora.xtec.cat\/iesblume\/wp-json\/wp\/v2\/pages\/700\/revisions"}],"predecessor-version":[{"id":5604,"href":"https:\/\/agora.xtec.cat\/iesblume\/wp-json\/wp\/v2\/pages\/700\/revisions\/5604"}],"up":[{"embeddable":true,"href":"https:\/\/agora.xtec.cat\/iesblume\/wp-json\/wp\/v2\/pages\/19"}],"wp:attachment":[{"href":"https:\/\/agora.xtec.cat\/iesblume\/wp-json\/wp\/v2\/media?parent=700"}],"curies":[{"name":"wp","href":"https:\/\/api.w.org\/{rel}","templated":true}]}}