{"id":6701,"date":"2024-08-07T01:22:37","date_gmt":"2024-08-06T23:22:37","guid":{"rendered":"https:\/\/agora.xtec.cat\/iesblume\/?page_id=6701"},"modified":"2024-10-06T09:48:57","modified_gmt":"2024-10-06T07:48:57","slug":"acollida-digital","status":"publish","type":"page","link":"https:\/\/agora.xtec.cat\/iesblume\/acollida-digital\/","title":{"rendered":"Acollida digital"},"content":{"rendered":"<p><span style=\"font-weight: 400;\">Un fet habitual en els nostres centres, cada curs acad\u00e8mic, \u00e9s la incorporaci\u00f3 de nou alumnat, fam\u00edlies i docents.\u00a0<\/span><\/p>\n<p><span style=\"font-weight: 400;\">Una bona acollida d\u2019aquest nous membres de la comunitat educativa, facilita el proc\u00e9s d\u2019adaptaci\u00f3 i el coneixement del funcionament del centre.<\/span><\/p>\n<p>&nbsp;<\/p>\n<h4><span style=\"font-weight: 400; color: #0000ff;\">Acollida digital fam\u00edlies<\/span><\/h4>\n<p><span style=\"font-weight: 400;\">La seva finalitat \u00e9s informar les fam\u00edlies del funcionament i organitzaci\u00f3 del centre, que es realitza a trav\u00e9s de la <\/span><a href=\"https:\/\/agora.xtec.cat\/iesblume\/\" target=\"_blank\" rel=\"noopener\"><span style=\"font-weight: 400;\">p\u00e0gina web<\/span><\/a><span style=\"font-weight: 400;\"> de l&#8217;institut.<\/span><\/p>\n<p>&nbsp;<\/p>\n<h4><span style=\"font-weight: 400; color: #0000ff;\">Acollida digital alumnat<\/span><\/h4>\n<p><span style=\"font-weight: 400;\">Des del centre posem a la disposici\u00f3 de l\u2019alumnat els recursos necessaris per al seu aprenentatge.<\/span><\/p>\n<ul>\n<li aria-level=\"1\"><b>Entorns virtuals d\u2019aprenentatge<\/b><\/li>\n<\/ul>\n<p><b><\/b><a href=\"https:\/\/agora.xtec.cat\/iesblume\/wp-content\/uploads\/usu1242\/2024\/08\/WORKSPACE-1.png\"><img loading=\"lazy\" decoding=\"async\" class=\"alignnone wp-image-6708\" src=\"https:\/\/agora.xtec.cat\/iesblume\/wp-content\/uploads\/usu1242\/2024\/08\/WORKSPACE-1.png\" alt=\"\" width=\"238\" height=\"119\" srcset=\"https:\/\/agora.xtec.cat\/iesblume\/wp-content\/uploads\/usu1242\/2024\/08\/WORKSPACE-1.png 318w, https:\/\/agora.xtec.cat\/iesblume\/wp-content\/uploads\/usu1242\/2024\/08\/WORKSPACE-1-300x150.png 300w\" sizes=\"auto, (max-width: 238px) 100vw, 238px\" \/>\u00a0 \u00a0 \u00a0 \u00a0 \u00a0 \u00a0 \u00a0 <\/a><a href=\"https:\/\/agora.xtec.cat\/iesblume\/wp-content\/uploads\/usu1242\/2024\/08\/MOODLE.png\"><img loading=\"lazy\" decoding=\"async\" class=\"alignnone wp-image-6712\" src=\"https:\/\/agora.xtec.cat\/iesblume\/wp-content\/uploads\/usu1242\/2024\/08\/MOODLE.png\" alt=\"\" width=\"168\" height=\"109\" \/><\/a><\/p>\n<p><span style=\"font-weight: 400;\">\u00a0 \u00a0 \u00a0 \u00a0 \u00a0 \u00a0 \u00a0<\/span><span style=\"font-weight: 400;\">Google workspace\u00a0 \u00a0 \u00a0 \u00a0 \u00a0 \u00a0 \u00a0 \u00a0 \u00a0 \u00a0 \u00a0 \u00a0 \u00a0 \u00a0 \u00a0 \u00a0 \u00a0 \u00a0 \u00a0 \u00a0 \u00a0Moodle<\/span><\/p>\n<ul>\n<li aria-level=\"1\"><b>Dispositius Digitals individuals a ESO i Batxillerat<\/b><\/li>\n<\/ul>\n<p><a href=\"https:\/\/agora.xtec.cat\/iesblume\/wp-content\/uploads\/usu1242\/2024\/08\/PORTATIL.png\"><img loading=\"lazy\" decoding=\"async\" class=\"alignnone size-full wp-image-6711\" src=\"https:\/\/agora.xtec.cat\/iesblume\/wp-content\/uploads\/usu1242\/2024\/08\/PORTATIL.png\" alt=\"\" width=\"186\" height=\"155\" \/><\/a><\/p>\n<ul>\n<li style=\"font-weight: 400;\" aria-level=\"1\"><b>Connexi\u00f3 a internet<\/b><\/li>\n<\/ul>\n<p><span style=\"font-weight: 400;\">\u00a0 \u00a0 \u00a0L&#8217;institut disposa de Wifi, podr\u00e0s connectar el teu ordinador (no tauletes ni m\u00f2bils).<\/span><\/p>\n<ul>\n<li aria-level=\"1\"><b>P\u00e0gina web de l\u2019institut<\/b><\/li>\n<\/ul>\n<p><span style=\"font-weight: 400;\">\u00a0 \u00a0 \u00a0Hi ha informaci\u00f3 sobre l\u2019horari, documentaci\u00f3 per justificar les faltes i normatives diverses.<\/span><\/p>\n<p>&nbsp;<\/p>\n<h4><span style=\"font-weight: 400; color: #0000ff;\">Acollida digital docent\u00a0<\/span><\/h4>\n<p><span style=\"font-weight: 400;\">Des del centre posem a la disposici\u00f3 del docent els recursos necessaris per al desenvolupament de la seva tasca educativa.<\/span><b><\/b><\/p>\n<ul>\n<li aria-level=\"1\"><a href=\"https:\/\/agora.xtec.cat\/iesblume\/wp-content\/uploads\/usu1242\/2024\/10\/Pla-dacollida-dels-professionals-del-centre.docx.pdf\" target=\"_blank\" rel=\"noopener\"><b>Acollida professionals del centre<\/b><\/a><\/li>\n<\/ul>\n<ul>\n<li aria-level=\"1\"><b>Entorns virtuals d\u2019aprenentatge<\/b><\/li>\n<\/ul>\n<p><a href=\"https:\/\/agora.xtec.cat\/iesblume\/wp-content\/uploads\/usu1242\/2024\/08\/WORKSPACE-1.png\"><img loading=\"lazy\" decoding=\"async\" class=\"alignnone wp-image-6708\" src=\"https:\/\/agora.xtec.cat\/iesblume\/wp-content\/uploads\/usu1242\/2024\/08\/WORKSPACE-1.png\" alt=\"\" width=\"282\" height=\"141\" srcset=\"https:\/\/agora.xtec.cat\/iesblume\/wp-content\/uploads\/usu1242\/2024\/08\/WORKSPACE-1.png 318w, https:\/\/agora.xtec.cat\/iesblume\/wp-content\/uploads\/usu1242\/2024\/08\/WORKSPACE-1-300x150.png 300w\" sizes=\"auto, (max-width: 282px) 100vw, 282px\" \/><\/a>\u00a0 \u00a0 \u00a0 \u00a0 \u00a0 \u00a0 \u00a0 <a href=\"https:\/\/agora.xtec.cat\/iesblume\/wp-content\/uploads\/usu1242\/2024\/08\/MOODLE.png\"><img loading=\"lazy\" decoding=\"async\" class=\"alignnone wp-image-6712\" src=\"https:\/\/agora.xtec.cat\/iesblume\/wp-content\/uploads\/usu1242\/2024\/08\/MOODLE.png\" alt=\"\" width=\"182\" height=\"118\" \/><\/a><\/p>\n<p><span style=\"font-weight: 400;\">\u00a0\u00a0\u00a0\u00a0\u00a0\u00a0\u00a0\u00a0\u00a0\u00a0\u00a0\u00a0\u00a0\u00a0\u00a0\u00a0\u00a0\u00a0\u00a0\u00a0<\/span><span style=\"font-weight: 400;\">Google workspace\u00a0 \u00a0 \u00a0 \u00a0 \u00a0 \u00a0 \u00a0 \u00a0 \u00a0 \u00a0 \u00a0 \u00a0 \u00a0 \u00a0 \u00a0 \u00a0 \u00a0 \u00a0 \u00a0 \u00a0 \u00a0 \u00a0 \u00a0Moodle<\/span><\/p>\n<ul>\n<li aria-level=\"1\"><b>Dispositius Digitals individuals\u00a0<\/b><\/li>\n<\/ul>\n<p><a href=\"https:\/\/agora.xtec.cat\/iesblume\/wp-content\/uploads\/usu1242\/2024\/08\/PORTATIL.png\"><img loading=\"lazy\" decoding=\"async\" class=\"alignnone size-full wp-image-6711\" src=\"https:\/\/agora.xtec.cat\/iesblume\/wp-content\/uploads\/usu1242\/2024\/08\/PORTATIL.png\" alt=\"\" width=\"186\" height=\"155\" \/><\/a><\/p>\n<ul>\n<li style=\"font-weight: 400;\" aria-level=\"1\"><b>Connexi\u00f3 a internet<\/b><\/li>\n<\/ul>\n<p><span style=\"font-weight: 400;\">\u00a0 \u00a0 L&#8217;institut disposa de Wifi, podr\u00e0s connectar el teu ordinador (no tauletes ni m\u00f2bils).<\/span><\/p>\n<ul>\n<li aria-level=\"1\"><b>P\u00e0gina web de l\u2019institut<\/b><\/li>\n<\/ul>\n<p><span style=\"font-weight: 400;\">\u00a0 \u00a0 Hi ha informaci\u00f3 sobre la contextualitzaci\u00f3 de l\u2019institut, projectes i normatives diverses i informaci\u00f3\u00a0 \u00a0 \u00a0 \u00a0 \u00a0 acad\u00e8mica rellevant.<\/span><\/p>\n<ul>\n<li aria-level=\"1\"><b>Servei d\u2019impressi\u00f3<\/b><\/li>\n<\/ul>\n","protected":false},"excerpt":{"rendered":"<p>Un fet habitual en els nostres centres, cada curs acad\u00e8mic, \u00e9s la incorporaci\u00f3 de nou alumnat, fam\u00edlies i docents.\u00a0 Una bona acollida d\u2019aquest nous membres de la comunitat educativa, facilita el proc\u00e9s d\u2019adaptaci\u00f3 i el coneixement del funcionament del centre. &nbsp; Acollida digital fam\u00edlies La seva finalitat \u00e9s informar les fam\u00edlies del funcionament i organitzaci\u00f3 [&hellip;]<\/p>\n","protected":false},"author":1,"featured_media":0,"parent":0,"menu_order":0,"comment_status":"closed","ping_status":"closed","template":"","meta":{"_bbp_topic_count":0,"_bbp_reply_count":0,"_bbp_total_topic_count":0,"_bbp_total_reply_count":0,"_bbp_voice_count":0,"_bbp_anonymous_reply_count":0,"_bbp_topic_count_hidden":0,"_bbp_reply_count_hidden":0,"_bbp_forum_subforum_count":0,"site-sidebar-layout":"default","site-content-layout":"","ast-site-content-layout":"","site-content-style":"default","site-sidebar-style":"default","ast-global-header-display":"","ast-banner-title-visibility":"","ast-main-header-display":"","ast-hfb-above-header-display":"","ast-hfb-below-header-display":"","ast-hfb-mobile-header-display":"","site-post-title":"","ast-breadcrumbs-content":"","ast-featured-img":"","footer-sml-layout":"","theme-transparent-header-meta":"","adv-header-id-meta":"","stick-header-meta":"","header-above-stick-meta":"","header-main-stick-meta":"","header-below-stick-meta":"","astra-migrate-meta-layouts":"default","ast-page-background-enabled":"default","ast-page-background-meta":{"desktop":{"background-color":"var(--ast-global-color-4)","background-image":"","background-repeat":"repeat","background-position":"center center","background-size":"auto","background-attachment":"scroll","background-type":"","background-media":"","overlay-type":"","overlay-color":"","overlay-opacity":"","overlay-gradient":""},"tablet":{"background-color":"","background-image":"","background-repeat":"repeat","background-position":"center center","background-size":"auto","background-attachment":"scroll","background-type":"","background-media":"","overlay-type":"","overlay-color":"","overlay-opacity":"","overlay-gradient":""},"mobile":{"background-color":"","background-image":"","background-repeat":"repeat","background-position":"center center","background-size":"auto","background-attachment":"scroll","background-type":"","background-media":"","overlay-type":"","overlay-color":"","overlay-opacity":"","overlay-gradient":""}},"ast-content-background-meta":{"desktop":{"background-color":"var(--ast-global-color-5)","background-image":"","background-repeat":"repeat","background-position":"center center","background-size":"auto","background-attachment":"scroll","background-type":"","background-media":"","overlay-type":"","overlay-color":"","overlay-opacity":"","overlay-gradient":""},"tablet":{"background-color":"var(--ast-global-color-5)","background-image":"","background-repeat":"repeat","background-position":"center center","background-size":"auto","background-attachment":"scroll","background-type":"","background-media":"","overlay-type":"","overlay-color":"","overlay-opacity":"","overlay-gradient":""},"mobile":{"background-color":"var(--ast-global-color-5)","background-image":"","background-repeat":"repeat","background-position":"center center","background-size":"auto","background-attachment":"scroll","background-type":"","background-media":"","overlay-type":"","overlay-color":"","overlay-opacity":"","overlay-gradient":""}},"footnotes":""},"class_list":["post-6701","page","type-page","status-publish","hentry"],"post_mailing_queue_ids":[],"_links":{"self":[{"href":"https:\/\/agora.xtec.cat\/iesblume\/wp-json\/wp\/v2\/pages\/6701","targetHints":{"allow":["GET"]}}],"collection":[{"href":"https:\/\/agora.xtec.cat\/iesblume\/wp-json\/wp\/v2\/pages"}],"about":[{"href":"https:\/\/agora.xtec.cat\/iesblume\/wp-json\/wp\/v2\/types\/page"}],"author":[{"embeddable":true,"href":"https:\/\/agora.xtec.cat\/iesblume\/wp-json\/wp\/v2\/users\/1"}],"replies":[{"embeddable":true,"href":"https:\/\/agora.xtec.cat\/iesblume\/wp-json\/wp\/v2\/comments?post=6701"}],"version-history":[{"count":6,"href":"https:\/\/agora.xtec.cat\/iesblume\/wp-json\/wp\/v2\/pages\/6701\/revisions"}],"predecessor-version":[{"id":6865,"href":"https:\/\/agora.xtec.cat\/iesblume\/wp-json\/wp\/v2\/pages\/6701\/revisions\/6865"}],"wp:attachment":[{"href":"https:\/\/agora.xtec.cat\/iesblume\/wp-json\/wp\/v2\/media?parent=6701"}],"curies":[{"name":"wp","href":"https:\/\/api.w.org\/{rel}","templated":true}]}}

<p><span style="font-weight: 400;">Un fet habitual en els nostres centres, cada curs acadèmic, és la incorporació de nou alumnat, famílies i docents. </span></p>
<p><span style="font-weight: 400;">Una bona acollida d’aquest nous membres de la comunitat educativa, facilita el procés d’adaptació i el coneixement del funcionament del centre.</span></p>
<p>&nbsp;</p>
<h4><span style="font-weight: 400; color: #0000ff;">Acollida digital famílies</span></h4>
<p><span style="font-weight: 400;">La seva finalitat és informar les famílies del funcionament i organització del centre, que es realitza a través de la </span><a href="https://agora.xtec.cat/iesblume/" target="_blank" rel="noopener"><span style="font-weight: 400;">pàgina web</span></a><span style="font-weight: 400;"> de l&#8217;institut.</span></p>
<p>&nbsp;</p>
<h4><span style="font-weight: 400; color: #0000ff;">Acollida digital alumnat</span></h4>
<p><span style="font-weight: 400;">Des del centre posem a la disposició de l’alumnat els recursos necessaris per al seu aprenentatge.</span></p>
<ul>
<li aria-level="1"><b>Entorns virtuals d’aprenentatge</b></li>
</ul>
<p><b></b><a href="https://agora.xtec.cat/iesblume/wp-content/uploads/usu1242/2024/08/WORKSPACE-1.png"><img loading="lazy" decoding="async" class="alignnone wp-image-6708" src="https://agora.xtec.cat/iesblume/wp-content/uploads/usu1242/2024/08/WORKSPACE-1.png" alt="" width="238" height="119" srcset="https://agora.xtec.cat/iesblume/wp-content/uploads/usu1242/2024/08/WORKSPACE-1.png 318w, https://agora.xtec.cat/iesblume/wp-content/uploads/usu1242/2024/08/WORKSPACE-1-300x150.png 300w" sizes="auto, (max-width: 238px) 100vw, 238px" />              </a><a href="https://agora.xtec.cat/iesblume/wp-content/uploads/usu1242/2024/08/MOODLE.png"><img loading="lazy" decoding="async" class="alignnone wp-image-6712" src="https://agora.xtec.cat/iesblume/wp-content/uploads/usu1242/2024/08/MOODLE.png" alt="" width="168" height="109" /></a></p>
<p><span style="font-weight: 400;">             </span><span style="font-weight: 400;">Google workspace                                         Moodle</span></p>
<ul>
<li aria-level="1"><b>Dispositius Digitals individuals a ESO i Batxillerat</b></li>
</ul>
<p><a href="https://agora.xtec.cat/iesblume/wp-content/uploads/usu1242/2024/08/PORTATIL.png"><img loading="lazy" decoding="async" class="alignnone size-full wp-image-6711" src="https://agora.xtec.cat/iesblume/wp-content/uploads/usu1242/2024/08/PORTATIL.png" alt="" width="186" height="155" /></a></p>
<ul>
<li style="font-weight: 400;" aria-level="1"><b>Connexió a internet</b></li>
</ul>
<p><span style="font-weight: 400;">     L&#8217;institut disposa de Wifi, podràs connectar el teu ordinador (no tauletes ni mòbils).</span></p>
<ul>
<li aria-level="1"><b>Pàgina web de l’institut</b></li>
</ul>
<p><span style="font-weight: 400;">     Hi ha informació sobre l’horari, documentació per justificar les faltes i normatives diverses.</span></p>
<p>&nbsp;</p>
<h4><span style="font-weight: 400; color: #0000ff;">Acollida digital docent </span></h4>
<p><span style="font-weight: 400;">Des del centre posem a la disposició del docent els recursos necessaris per al desenvolupament de la seva tasca educativa.</span><b></b></p>
<ul>
<li aria-level="1"><a href="https://agora.xtec.cat/iesblume/wp-content/uploads/usu1242/2024/10/Pla-dacollida-dels-professionals-del-centre.docx.pdf" target="_blank" rel="noopener"><b>Acollida professionals del centre</b></a></li>
</ul>
<ul>
<li aria-level="1"><b>Entorns virtuals d’aprenentatge</b></li>
</ul>
<p><a href="https://agora.xtec.cat/iesblume/wp-content/uploads/usu1242/2024/08/WORKSPACE-1.png"><img loading="lazy" decoding="async" class="alignnone wp-image-6708" src="https://agora.xtec.cat/iesblume/wp-content/uploads/usu1242/2024/08/WORKSPACE-1.png" alt="" width="282" height="141" srcset="https://agora.xtec.cat/iesblume/wp-content/uploads/usu1242/2024/08/WORKSPACE-1.png 318w, https://agora.xtec.cat/iesblume/wp-content/uploads/usu1242/2024/08/WORKSPACE-1-300x150.png 300w" sizes="auto, (max-width: 282px) 100vw, 282px" /></a>              <a href="https://agora.xtec.cat/iesblume/wp-content/uploads/usu1242/2024/08/MOODLE.png"><img loading="lazy" decoding="async" class="alignnone wp-image-6712" src="https://agora.xtec.cat/iesblume/wp-content/uploads/usu1242/2024/08/MOODLE.png" alt="" width="182" height="118" /></a></p>
<p><span style="font-weight: 400;">                    </span><span style="font-weight: 400;">Google workspace                                             Moodle</span></p>
<ul>
<li aria-level="1"><b>Dispositius Digitals individuals </b></li>
</ul>
<p><a href="https://agora.xtec.cat/iesblume/wp-content/uploads/usu1242/2024/08/PORTATIL.png"><img loading="lazy" decoding="async" class="alignnone size-full wp-image-6711" src="https://agora.xtec.cat/iesblume/wp-content/uploads/usu1242/2024/08/PORTATIL.png" alt="" width="186" height="155" /></a></p>
<ul>
<li style="font-weight: 400;" aria-level="1"><b>Connexió a internet</b></li>
</ul>
<p><span style="font-weight: 400;">    L&#8217;institut disposa de Wifi, podràs connectar el teu ordinador (no tauletes ni mòbils).</span></p>
<ul>
<li aria-level="1"><b>Pàgina web de l’institut</b></li>
</ul>
<p><span style="font-weight: 400;">    Hi ha informació sobre la contextualització de l’institut, projectes i normatives diverses i informació          acadèmica rellevant.</span></p>
<ul>
<li aria-level="1"><b>Servei d’impressió</b></li>
</ul>

<p>Un fet habitual en els nostres centres, cada curs acadèmic, és la incorporació de nou alumnat, famílies i docents.  Una bona acollida d’aquest nous membres de la comunitat educativa, facilita el procés d’adaptació i el coneixement del funcionament del centre. &nbsp; Acollida digital famílies La seva finalitat és informar les famílies del funcionament i organització [&hellip;]</p>
