{"id":3079,"date":"2020-06-25T19:12:38","date_gmt":"2020-06-25T17:12:38","guid":{"rendered":"http:\/\/agora.xtec.cat\/iesblume\/?page_id=3079"},"modified":"2026-03-26T12:10:05","modified_gmt":"2026-03-26T11:10:05","slug":"pla-educatiu-dentorn-0-20","status":"publish","type":"page","link":"https:\/\/agora.xtec.cat\/iesblume\/projecte-educatiu\/pla-educatiu-dentorn-0-20\/","title":{"rendered":"Pla Educatiu d&#8217;Entorn (PEdE) (0-20)"},"content":{"rendered":"<p>Els <u><a href=\"http:\/\/xtec.gencat.cat\/ca\/comunitat\/entorn_pee\/\" target=\"_blank\" rel=\"noopener\">Plans educatius d\u2019entorn<\/a><\/u> s\u00f3n una proposta educativa innovadora que vol donar resposta a les m\u00faltiples necessitats de la nostra societat mitjan\u00e7ant la coordinaci\u00f3 i la dinamitzaci\u00f3 de l\u2019acci\u00f3 educativa en els diferents \u00e0mbits de la vida dels infants i joves.<\/p>\n<p><a href=\"https:\/\/agora.xtec.cat\/iesblume\/wp-content\/uploads\/usu1242\/2020\/06\/imatge_01.jpg\"><img loading=\"lazy\" decoding=\"async\" class=\"size-full wp-image-3081 aligncenter\" src=\"https:\/\/agora.xtec.cat\/iesblume\/wp-content\/uploads\/usu1242\/2020\/06\/imatge_01.jpg\" alt=\"\" width=\"776\" height=\"447\" srcset=\"https:\/\/agora.xtec.cat\/iesblume\/wp-content\/uploads\/usu1242\/2020\/06\/imatge_01.jpg 776w, https:\/\/agora.xtec.cat\/iesblume\/wp-content\/uploads\/usu1242\/2020\/06\/imatge_01-300x173.jpg 300w, https:\/\/agora.xtec.cat\/iesblume\/wp-content\/uploads\/usu1242\/2020\/06\/imatge_01-768x442.jpg 768w\" sizes=\"auto, (max-width: 776px) 100vw, 776px\" \/><\/a><\/p>\n<p>Des del curs 2018-19, els membres de l\u2019equip impulsor de l\u2019institut Joaquim Blume treballen en el projecte educatiu d\u2019entorn <em>Caminem cap a la salut!<\/em>, en col\u00b7laboraci\u00f3 amb els t\u00e8cnics del <u><a href=\"https:\/\/serveiseducatius.xtec.cat\/baixllobregat8\/portada\/seminari-de-coordinacio-pee-0-20\/\" target=\"_blank\" rel=\"noopener\">Servei Educatiu del Baix Llobregat<\/a><\/u> i amb l\u2019<u><a href=\"https:\/\/www.esplugues.cat\/noticies\/el-pla-educatiu-dentorn-incloura-tallers-intercentres\/\" target=\"_blank\" rel=\"noopener\">ajuntament<\/a><\/u> del municipi d\u2019Esplugues de Llobregat.<\/p>\n<p>Els objectius que ens hem proposat d\u2019assolir s\u00f3n:<\/p>\n<ol>\n<li>Potenciar estils de vida saludable i la pr\u00e0ctica de l\u2019activitat esportiva<\/li>\n<li>Con\u00e8ixer l\u2019entorn d\u2019Esplugues<\/li>\n<li>Orientar i acompanyar l\u2019alumnat i les seves fam\u00edlies<\/li>\n<\/ol>\n<p>Per tal d\u2019aconseguir l\u2019assoliment d\u2019aquests objectius, durant tres cursos escolars, desenvoluparem una s\u00e8rie d\u2019actuacions en qu\u00e8 s\u2019hi involucrar\u00e0 tota la comunitat educativa: alumnat, professorat i fam\u00edlies.<\/p>\n<p>Alguns exemples d\u2019aquestes actuacions que enguany, a causa de la pand\u00e8mia, no hem pogut portar a terme s\u00f3n elss seg\u00fcents:<\/p>\n<p>Xerrada-taller: FES LA TEVA PIR\u00c0MIDE DE L\u2019ALIMENTACI\u00d3 (col\u00b7labora el personal sanitari del centre m\u00e8dic del Consell Catal\u00e0 de l\u2019Esport)<\/p>\n<p><a href=\"https:\/\/agora.xtec.cat\/iesblume\/wp-content\/uploads\/usu1242\/2020\/06\/imatge_02.jpg\"><img loading=\"lazy\" decoding=\"async\" class=\"size-full wp-image-3082 aligncenter\" src=\"https:\/\/agora.xtec.cat\/iesblume\/wp-content\/uploads\/usu1242\/2020\/06\/imatge_02.jpg\" alt=\"\" width=\"268\" height=\"188\" \/><\/a><\/p>\n<p>El centre d\u2019acord amb l\u2019equip de t\u00e8cnics esportius, els responsables de la Resid\u00e8ncia Joaquim Blume i l\u2019equip m\u00e8dic i diet\u00e8tic desenvolupa xerrades i tallers amb la finalitat de promoure h\u00e0bits saludables entre l\u2019alumnat-esportista.<\/p>\n<p>Fomentem uns \u00e0pats equilibrats per a la din\u00e0mica esportiva, la modalitat, i la din\u00e0mica de competicions. La dieta que s\u2019ofereix al menjador de la resid\u00e8ncia Blume est\u00e0 controlada i t\u00e9 en consideraci\u00f3 les variables personals i esportives. S\u2019evita el consum de greixos saturats i de dol\u00e7os industrials.<\/p>\n<p>Xerrada: SI VOLS CUIDAR DE LA TEVA SALUT, PENSA TAMB\u00c9 AMB ELS PEUS!! (col\u00b7labora el personal sanitari del centre m\u00e8dic del Consell Catal\u00e0 de l\u2019Esport)<\/p>\n<p>L\u2019\u00fas de sabates esportives adients a la pr\u00e0ctica i modalitat esportiva \u00e9s una q\u00fcesti\u00f3 que atenem cont\u00ednuament alhora que fem pedagogia.<\/p>\n<p>La salut i la cura dels peus esdev\u00e9 fonamental per a algunes de les pr\u00e0ctiques esportives del centre.<\/p>\n<p><a href=\"https:\/\/agora.xtec.cat\/iesblume\/wp-content\/uploads\/usu1242\/2020\/06\/imatge_03.jpg\"><img loading=\"lazy\" decoding=\"async\" class=\"size-full wp-image-3083 aligncenter\" src=\"https:\/\/agora.xtec.cat\/iesblume\/wp-content\/uploads\/usu1242\/2020\/06\/imatge_03.jpg\" alt=\"\" width=\"300\" height=\"168\" \/><\/a><\/p>\n","protected":false},"excerpt":{"rendered":"<p>Els Plans educatius d\u2019entorn s\u00f3n una proposta educativa innovadora que vol donar resposta a les m\u00faltiples necessitats de la nostra societat mitjan\u00e7ant la coordinaci\u00f3 i la dinamitzaci\u00f3 de l\u2019acci\u00f3 educativa en els diferents \u00e0mbits de la vida dels infants i joves. Des del curs 2018-19, els membres de l\u2019equip impulsor de l\u2019institut Joaquim Blume treballen [&hellip;]<\/p>\n","protected":false},"author":1,"featured_media":0,"parent":57,"menu_order":50,"comment_status":"closed","ping_status":"closed","template":"","meta":{"_bbp_topic_count":0,"_bbp_reply_count":0,"_bbp_total_topic_count":0,"_bbp_total_reply_count":0,"_bbp_voice_count":0,"_bbp_anonymous_reply_count":0,"_bbp_topic_count_hidden":0,"_bbp_reply_count_hidden":0,"_bbp_forum_subforum_count":0,"site-sidebar-layout":"default","site-content-layout":"","ast-site-content-layout":"default","site-content-style":"default","site-sidebar-style":"default","ast-global-header-display":"","ast-banner-title-visibility":"","ast-main-header-display":"","ast-hfb-above-header-display":"","ast-hfb-below-header-display":"","ast-hfb-mobile-header-display":"","site-post-title":"","ast-breadcrumbs-content":"","ast-featured-img":"","footer-sml-layout":"","theme-transparent-header-meta":"default","adv-header-id-meta":"","stick-header-meta":"","header-above-stick-meta":"","header-main-stick-meta":"","header-below-stick-meta":"","astra-migrate-meta-layouts":"set","ast-page-background-enabled":"default","ast-page-background-meta":{"desktop":{"background-color":"var(--ast-global-color-4)","background-image":"","background-repeat":"repeat","background-position":"center center","background-size":"auto","background-attachment":"scroll","background-type":"","background-media":"","overlay-type":"","overlay-color":"","overlay-opacity":"","overlay-gradient":""},"tablet":{"background-color":"","background-image":"","background-repeat":"repeat","background-position":"center center","background-size":"auto","background-attachment":"scroll","background-type":"","background-media":"","overlay-type":"","overlay-color":"","overlay-opacity":"","overlay-gradient":""},"mobile":{"background-color":"","background-image":"","background-repeat":"repeat","background-position":"center center","background-size":"auto","background-attachment":"scroll","background-type":"","background-media":"","overlay-type":"","overlay-color":"","overlay-opacity":"","overlay-gradient":""}},"ast-content-background-meta":{"desktop":{"background-color":"var(--ast-global-color-5)","background-image":"","background-repeat":"repeat","background-position":"center center","background-size":"auto","background-attachment":"scroll","background-type":"","background-media":"","overlay-type":"","overlay-color":"","overlay-opacity":"","overlay-gradient":""},"tablet":{"background-color":"var(--ast-global-color-5)","background-image":"","background-repeat":"repeat","background-position":"center center","background-size":"auto","background-attachment":"scroll","background-type":"","background-media":"","overlay-type":"","overlay-color":"","overlay-opacity":"","overlay-gradient":""},"mobile":{"background-color":"var(--ast-global-color-5)","background-image":"","background-repeat":"repeat","background-position":"center center","background-size":"auto","background-attachment":"scroll","background-type":"","background-media":"","overlay-type":"","overlay-color":"","overlay-opacity":"","overlay-gradient":""}},"footnotes":""},"class_list":["post-3079","page","type-page","status-publish","hentry"],"post_mailing_queue_ids":[],"_links":{"self":[{"href":"https:\/\/agora.xtec.cat\/iesblume\/wp-json\/wp\/v2\/pages\/3079","targetHints":{"allow":["GET"]}}],"collection":[{"href":"https:\/\/agora.xtec.cat\/iesblume\/wp-json\/wp\/v2\/pages"}],"about":[{"href":"https:\/\/agora.xtec.cat\/iesblume\/wp-json\/wp\/v2\/types\/page"}],"author":[{"embeddable":true,"href":"https:\/\/agora.xtec.cat\/iesblume\/wp-json\/wp\/v2\/users\/1"}],"replies":[{"embeddable":true,"href":"https:\/\/agora.xtec.cat\/iesblume\/wp-json\/wp\/v2\/comments?post=3079"}],"version-history":[{"count":6,"href":"https:\/\/agora.xtec.cat\/iesblume\/wp-json\/wp\/v2\/pages\/3079\/revisions"}],"predecessor-version":[{"id":8201,"href":"https:\/\/agora.xtec.cat\/iesblume\/wp-json\/wp\/v2\/pages\/3079\/revisions\/8201"}],"up":[{"embeddable":true,"href":"https:\/\/agora.xtec.cat\/iesblume\/wp-json\/wp\/v2\/pages\/57"}],"wp:attachment":[{"href":"https:\/\/agora.xtec.cat\/iesblume\/wp-json\/wp\/v2\/media?parent=3079"}],"curies":[{"name":"wp","href":"https:\/\/api.w.org\/{rel}","templated":true}]}}