{"id":2903,"date":"2020-05-06T14:37:56","date_gmt":"2020-05-06T12:37:56","guid":{"rendered":"http:\/\/agora.xtec.cat\/iesblume\/?page_id=2903"},"modified":"2025-11-15T09:59:54","modified_gmt":"2025-11-15T08:59:54","slug":"que-estudiaras","status":"publish","type":"page","link":"https:\/\/agora.xtec.cat\/iesblume\/els-nostres-estudis-cfgs-densenyament-i-animacio-socioesportiva-eas\/que-estudiaras\/","title":{"rendered":"Pla d&#8217;estudis"},"content":{"rendered":"<p><em><a href=\"https:\/\/triaeducativa.gencat.cat\/ca\/estudis\/?ensenyament-animacio-socioesportiva&amp;p_id=4191\" target=\"_blank\" rel=\"noopener noreferrer\">Curr\u00edculum oficial del Departament d&#8217;Educaci\u00f3<\/a><\/em><\/p>\n<table style=\"height: 336px; width: 84.264%; border-collapse: collapse; border-style: solid; border-color: #000000;\">\n<tbody>\n<tr style=\"border-color: #000000;\">\n<td style=\"width: 51.6146%; height: 32px; border-style: solid; border-color: #000000;\"><b>M\u00f2duls Professionals<\/b><\/td>\n<td style=\"width: 18.3261%; height: 32px; border-style: solid; text-align: center; border-color: #000000;\"><b>Hores a realitzar en el centre educatiu\u00a0<\/b><\/td>\n<td style=\"width: 14.4294%; height: 32px; border-style: solid; text-align: center; border-color: #000000;\"><b>Hores d\u2019estada a l\u2019empresa<\/b><\/td>\n<td style=\"width: 20.0284%; height: 32px; border-style: solid; text-align: center; border-color: #000000;\"><b>Hores totals<\/b><\/td>\n<\/tr>\n<tr style=\"border-color: #000000;\">\n<td style=\"width: 51.6146%; height: 32px; border-style: solid; border-color: #000000;\"><span style=\"font-weight: 400;\">1123. Activitats d&#8217;oci i temps lliure<\/span><\/td>\n<td style=\"width: 18.3261%; height: 32px; text-align: center; border-style: solid; border-color: #000000;\">99<\/td>\n<td style=\"width: 14.4294%; height: 32px; text-align: center; border-style: solid; border-color: #000000;\">66<\/td>\n<td style=\"width: 20.0284%; height: 32px; text-align: center; border-style: solid; border-color: #000000;\">165<\/td>\n<\/tr>\n<tr style=\"border-color: #000000;\">\n<td style=\"width: 51.6146%; height: 32px; border-style: solid; border-color: #000000;\"><span style=\"font-weight: 400;\">1124. Dinamitzaci\u00f3 grupal<\/span><\/td>\n<td style=\"width: 18.3261%; height: 32px; text-align: center; border-style: solid; border-color: #000000;\">99<\/td>\n<td style=\"width: 14.4294%; height: 32px; text-align: center; border-style: solid; border-color: #000000;\">66<\/td>\n<td style=\"width: 20.0284%; height: 32px; text-align: center; border-style: solid; border-color: #000000;\">165<\/td>\n<\/tr>\n<tr style=\"border-color: #000000;\">\n<td style=\"width: 51.6146%; border-style: solid; border-color: #000000;\"><span style=\"font-weight: 400;\">1136. Valoraci\u00f3 de la Condici\u00f3 F\u00edsica i Intervenci\u00f3 d\u2019accidents<\/span><span style=\"font-weight: 400;\"><br \/>\n<\/span><\/td>\n<td style=\"width: 18.3261%; text-align: center; border-style: solid; border-color: #000000;\">99<\/td>\n<td style=\"width: 14.4294%; text-align: center; border-style: solid; border-color: #000000;\">99<\/td>\n<td style=\"width: 20.0284%; text-align: center; border-style: solid; border-color: #000000;\">198<\/td>\n<\/tr>\n<tr style=\"border-color: #000000;\">\n<td style=\"width: 51.6146%; height: 32px; border-style: solid; border-color: #000000;\"><span style=\"font-weight: 400;\">1137. Planificaci\u00f3 de l\u2019animaci\u00f3 socioesportiva<\/span><\/td>\n<td style=\"width: 18.3261%; height: 32px; text-align: center; border-style: solid; border-color: #000000;\">33<\/td>\n<td style=\"width: 14.4294%; height: 32px; text-align: center; border-style: solid; border-color: #000000;\">33<\/td>\n<td style=\"width: 20.0284%; height: 32px; text-align: center; border-style: solid; border-color: #000000;\">66<\/td>\n<\/tr>\n<tr style=\"border-color: #000000;\">\n<td style=\"width: 51.6146%; height: 32px; border-style: solid; border-color: #000000;\"><span style=\"font-weight: 400;\">1138. Jocs i activitats f\u00edsicorecreatives i d&#8217;animaci\u00f3 tur\u00edstica<\/span><\/td>\n<td style=\"width: 18.3261%; height: 32px; text-align: center; border-style: solid; border-color: #000000;\">99<\/td>\n<td style=\"width: 14.4294%; height: 32px; text-align: center; border-style: solid; border-color: #000000;\">99<\/td>\n<td style=\"width: 20.0284%; height: 32px; text-align: center; border-style: solid; border-color: #000000;\">198<\/td>\n<\/tr>\n<tr style=\"border-color: #000000;\">\n<td style=\"width: 51.6146%; height: 32px; border-style: solid; border-color: #000000;\"><span style=\"font-weight: 400;\">1139. Activitats fisicoesportives individuals<\/span><\/td>\n<td style=\"width: 18.3261%; height: 32px; text-align: center; border-style: solid; border-color: #000000;\">132<\/td>\n<td style=\"width: 14.4294%; height: 32px; text-align: center; border-style: solid; border-color: #000000;\">86<\/td>\n<td style=\"width: 20.0284%; height: 32px; text-align: center; border-style: solid; border-color: #000000;\">218<\/td>\n<\/tr>\n<tr style=\"border-color: #000000;\">\n<td style=\"width: 51.6146%; height: 32px; border-style: solid; border-color: #000000;\"><span style=\"font-weight: 400;\">1140. Activitats fisicoesportives d\u2019equip<\/span><\/td>\n<td style=\"width: 18.3261%; height: 32px; text-align: center; border-style: solid; border-color: #000000;\">99<\/td>\n<td style=\"width: 14.4294%; height: 32px; text-align: center; border-style: solid; border-color: #000000;\">33<\/td>\n<td style=\"width: 20.0284%; height: 32px; text-align: center; border-style: solid; border-color: #000000;\">132<\/td>\n<\/tr>\n<tr style=\"border-color: #000000;\">\n<td style=\"width: 51.6146%; height: 32px; border-style: solid; border-color: #000000;\"><span style=\"font-weight: 400;\">1141. Activitats fisicoesportives d\u2019implements<\/span><\/td>\n<td style=\"width: 18.3261%; height: 32px; text-align: center; border-style: solid; border-color: #000000;\">99<\/td>\n<td style=\"width: 14.4294%; height: 32px; text-align: center; border-style: solid; border-color: #000000;\">33<\/td>\n<td style=\"width: 20.0284%; height: 32px; text-align: center; border-style: solid; border-color: #000000;\">132<\/td>\n<\/tr>\n<tr style=\"border-color: #000000;\">\n<td style=\"width: 51.6146%; height: 32px; border-style: solid; border-color: #000000;\"><span style=\"font-weight: 400;\">1142. Activitats fisicoesportives per a la inclusi\u00f3 social<\/span><\/td>\n<td style=\"width: 18.3261%; height: 32px; text-align: center; border-style: solid; border-color: #000000;\">66<\/td>\n<td style=\"width: 14.4294%; height: 32px; text-align: center; border-style: solid; border-color: #000000;\"><\/td>\n<td style=\"width: 20.0284%; height: 32px; text-align: center; border-style: solid; border-color: #000000;\">66<\/td>\n<\/tr>\n<tr style=\"border-color: #000000;\">\n<td style=\"width: 51.6146%; border-style: solid; border-color: #000000;\"><span style=\"font-weight: 400;\">1143. Metodologia de l&#8217;ensenyament d&#8217;activitats fisicoesportives<\/span><\/td>\n<td style=\"width: 18.3261%; text-align: center; border-style: solid; border-color: #000000;\">66<\/td>\n<td style=\"width: 14.4294%; text-align: center; border-style: solid; border-color: #000000;\"><\/td>\n<td style=\"width: 20.0284%; text-align: center; border-style: solid; border-color: #000000;\">66<\/td>\n<\/tr>\n<tr style=\"border-color: #000000;\">\n<td style=\"width: 51.6146%; border-style: solid; border-color: #000000;\"><span style=\"font-weight: 400;\">0179. Angl\u00e8s professional<\/span><\/td>\n<td style=\"width: 18.3261%; text-align: center; border-style: solid; border-color: #000000;\">66<\/td>\n<td style=\"width: 14.4294%; text-align: center; border-style: solid; border-color: #000000;\"><\/td>\n<td style=\"width: 20.0284%; text-align: center; border-style: solid; border-color: #000000;\">66<\/td>\n<\/tr>\n<tr style=\"border-color: #000000;\">\n<td style=\"width: 51.6146%; border-style: solid; border-color: #000000;\"><span style=\"font-weight: 400;\">1665. Digitalitzaci\u00f3 aplicada als sectors productius<\/span><\/td>\n<td style=\"width: 18.3261%; text-align: center; border-style: solid; border-color: #000000;\">33<\/td>\n<td style=\"width: 14.4294%; text-align: center; border-style: solid; border-color: #000000;\"><\/td>\n<td style=\"width: 20.0284%; text-align: center; border-style: solid; border-color: #000000;\">33<\/td>\n<\/tr>\n<tr style=\"border-color: #000000;\">\n<td style=\"width: 51.6146%; border-style: solid; border-color: #000000;\"><span style=\"font-weight: 400;\">1708. Sostenibilitat aplicada al sistema productiu<\/span><\/td>\n<td style=\"width: 18.3261%; text-align: center; border-style: solid; border-color: #000000;\">33<\/td>\n<td style=\"width: 14.4294%; text-align: center; border-style: solid; border-color: #000000;\"><\/td>\n<td style=\"width: 20.0284%; text-align: center; border-style: solid; border-color: #000000;\">33<\/td>\n<\/tr>\n<tr style=\"border-color: #000000;\">\n<td style=\"width: 51.6146%; border-style: solid; border-color: #000000;\"><span style=\"font-weight: 400;\">1709. Itinerari personal per a l&#8217;ocupabilitat I<\/span><\/td>\n<td style=\"width: 18.3261%; text-align: center; border-style: solid; border-color: #000000;\">99<\/td>\n<td style=\"width: 14.4294%; text-align: center; border-style: solid; border-color: #000000;\"><\/td>\n<td style=\"width: 20.0284%; text-align: center; border-style: solid; border-color: #000000;\">99<\/td>\n<\/tr>\n<tr style=\"border-color: #000000;\">\n<td style=\"width: 51.6146%; border-style: solid; border-color: #000000;\"><span style=\"font-weight: 400;\">1710. Itinerari personal per a l&#8217;ocupabilitat II<\/span><\/td>\n<td style=\"width: 18.3261%; text-align: center; border-style: solid; border-color: #000000;\">66<\/td>\n<td style=\"width: 14.4294%; text-align: center; border-style: solid; border-color: #000000;\"><\/td>\n<td style=\"width: 20.0284%; text-align: center; border-style: solid; border-color: #000000;\">66<\/td>\n<\/tr>\n<tr style=\"border-color: #000000;\">\n<td style=\"width: 51.6146%; border-style: solid; border-color: #000000;\"><span style=\"font-weight: 400;\">1144. Projecte intermodular<\/span><\/td>\n<td style=\"width: 18.3261%; text-align: center; border-style: solid; border-color: #000000;\">198<\/td>\n<td style=\"width: 14.4294%; text-align: center; border-style: solid; border-color: #000000;\"><\/td>\n<td style=\"width: 20.0284%; text-align: center; border-style: solid; border-color: #000000;\">198<\/td>\n<\/tr>\n<tr style=\"border-color: #000000;\">\n<td style=\"width: 51.6146%; border-style: solid; border-color: #000000;\"><span style=\"font-weight: 400;\">M\u00f2dul optatiu<\/span><\/td>\n<td style=\"width: 18.3261%; text-align: center; border-style: solid; border-color: #000000;\">99<\/td>\n<td style=\"width: 14.4294%; text-align: center; border-style: solid; border-color: #000000;\"><\/td>\n<td style=\"width: 20.0284%; text-align: center; border-style: solid; border-color: #000000;\">99<\/td>\n<\/tr>\n<\/tbody>\n<\/table>\n<p>&nbsp;<\/p>\n<p><strong>Organitzaci\u00f3 Curricular de l&#8217;Institut Joaquim Blume curs 2025 &#8211; 2026:<\/strong><\/p>\n<table style=\"width: 56.7803%; border-collapse: collapse; border-style: solid; border-color: #000000;\">\n<tbody>\n<tr>\n<td style=\"width: 76.7097%; border-style: solid; border-color: #000000;\"><strong>M\u00f2duls professionals 1r CURS <\/strong><\/td>\n<td style=\"width: 17.7627%; border-style: solid; border-color: #000000;\"><strong>Hores <\/strong><\/td>\n<\/tr>\n<tr>\n<td style=\"width: 76.7097%; border-style: solid; border-color: #000000;\"><span style=\"font-weight: 400;\">1136. Valoraci\u00f3 de la condici\u00f3 f\u00edsica i intervenci\u00f3 en accidents <\/span><\/td>\n<td style=\"width: 17.7627%; border-style: solid; border-color: #000000;\">99<\/td>\n<\/tr>\n<tr>\n<td style=\"width: 76.7097%; border-style: solid; border-color: #000000;\"><span style=\"font-weight: 400;\">1124. Dinamitzaci\u00f3 grupal <\/span><\/td>\n<td style=\"width: 17.7627%; border-style: solid; border-color: #000000;\">99<\/td>\n<\/tr>\n<tr>\n<td style=\"width: 76.7097%; border-style: solid; border-color: #000000;\"><span style=\"font-weight: 400;\">1137. Planificaci\u00f3 de l\u2019animaci\u00f3 socioesportiva. <\/span><\/td>\n<td style=\"width: 17.7627%; border-style: solid; border-color: #000000;\">33<\/td>\n<\/tr>\n<tr>\n<td style=\"width: 76.7097%; border-style: solid; border-color: #000000;\"><span style=\"font-weight: 400;\">1708.Sostenibilitat aplicada al sistema productiu\u00a0<\/span><\/td>\n<td style=\"width: 17.7627%; border-style: solid; border-color: #000000;\">33<\/td>\n<\/tr>\n<tr>\n<td style=\"width: 76.7097%; border-style: solid; border-color: #000000;\"><span style=\"font-weight: 400;\">1143.Metodologia de l&#8217;ensenyament de les activitats fisicoesportives<\/span><\/td>\n<td style=\"width: 17.7627%; border-style: solid; border-color: #000000;\">66<\/td>\n<\/tr>\n<tr>\n<td style=\"width: 76.7097%; border-style: solid; border-color: #000000;\"><span style=\"font-weight: 400;\">1139.Activitats fisicoesportives individuals <\/span><\/td>\n<td style=\"width: 17.7627%; border-style: solid; border-color: #000000;\">132<\/td>\n<\/tr>\n<tr>\n<td style=\"width: 76.7097%; border-style: solid; border-color: #000000;\"><span style=\"font-weight: 400;\">1123.Activitats d&#8217;oci i temps lliure <\/span><\/td>\n<td style=\"width: 17.7627%; border-style: solid; border-color: #000000;\">99<\/td>\n<\/tr>\n<tr>\n<td style=\"width: 76.7097%; border-style: solid; border-color: #000000;\"><span style=\"font-weight: 400;\">1141. Activitats fisicoesportives d\u2019implements<\/span><\/td>\n<td style=\"width: 17.7627%; border-style: solid; border-color: #000000;\">99<\/td>\n<\/tr>\n<tr>\n<td style=\"width: 76.7097%; border-style: solid; border-color: #000000;\"><span style=\"font-weight: 400;\">0179. Angl\u00e8s professional\u00a0<\/span><\/td>\n<td style=\"width: 17.7627%; border-style: solid; border-color: #000000;\">66<\/td>\n<\/tr>\n<tr>\n<td style=\"width: 76.7097%; border-style: solid; border-color: #000000;\"><span style=\"font-weight: 400;\">1665. Digitalitzaci\u00f3 aplicada al sector productiu <\/span><span style=\"font-weight: 400;\"><br \/>\n<\/span><\/td>\n<td style=\"width: 17.7627%; border-style: solid; border-color: #000000;\">33<\/td>\n<\/tr>\n<tr>\n<td style=\"width: 76.7097%; border-style: solid; border-color: #000000;\"><span style=\"font-weight: 400;\">1709. Itinerari per l&#8217;ocupabilitat-I <\/span><\/td>\n<td style=\"width: 17.7627%; border-style: solid; border-color: #000000;\">99<\/td>\n<\/tr>\n<tr>\n<td style=\"width: 76.7097%; border-style: solid; border-color: #000000;\"><span style=\"font-weight: 400;\">Tutoria <\/span><\/td>\n<td style=\"width: 17.7627%; border-style: solid; border-color: #000000;\">33<\/td>\n<\/tr>\n<tr>\n<td style=\"width: 76.7097%; border-style: solid; border-color: #000000;\"><strong>Total d\u2019hores<\/strong><span style=\"font-weight: 400;\"><br \/>\n<\/span><\/td>\n<td style=\"width: 17.7627%; border-style: solid; border-color: #000000;\"><strong>891<\/strong><\/td>\n<\/tr>\n<\/tbody>\n<\/table>\n<p>&nbsp;<\/p>\n<table style=\"height: 288px; width: 57.1429%; border-collapse: collapse; border-style: solid; border-color: #000000;\">\n<tbody>\n<tr style=\"height: 32px;\">\n<td style=\"width: 46.2654%; height: 32px; border-style: solid; border-color: #000000;\"><strong>M\u00f2duls professionals 2n CURS<\/strong><\/td>\n<td style=\"width: 10.7693%; height: 32px; border-style: solid; border-color: #000000;\"><strong>Hores<\/strong><\/td>\n<\/tr>\n<tr style=\"height: 32px;\">\n<td style=\"width: 46.2654%; height: 32px; border-style: solid; border-color: #000000;\"><span style=\"font-weight: 400;\">1710. Itinerari personal per a l&#8217;ocupabilitat II <\/span><\/td>\n<td style=\"width: 10.7693%; height: 32px; border-style: solid; border-color: #000000;\">66<\/td>\n<\/tr>\n<tr style=\"height: 32px;\">\n<td style=\"width: 46.2654%; height: 32px; border-style: solid; border-color: #000000;\"><span style=\"font-weight: 400;\">1140. Activitats fisicoesportives d\u2019equip<\/span><\/td>\n<td style=\"width: 10.7693%; height: 32px; border-style: solid; border-color: #000000;\">99<\/td>\n<\/tr>\n<tr style=\"height: 32px;\">\n<td style=\"width: 46.2654%; height: 32px; border-style: solid; border-color: #000000;\"><span style=\"font-weight: 400;\">1142. Activitats fisicoesportives per a la inclusi\u00f3 social<\/span><\/td>\n<td style=\"width: 10.7693%; height: 32px; border-style: solid; border-color: #000000;\">66<\/td>\n<\/tr>\n<tr style=\"height: 32px;\">\n<td style=\"width: 46.2654%; height: 32px; border-style: solid; border-color: #000000;\"><span style=\"font-weight: 400;\">1144. Projecte Intermodular\u00a0<\/span><\/td>\n<td style=\"width: 10.7693%; height: 32px; border-style: solid; border-color: #000000;\">198<\/td>\n<\/tr>\n<tr style=\"height: 32px;\">\n<td style=\"width: 46.2654%; height: 32px; border-style: solid; border-color: #000000;\"><span style=\"font-weight: 400;\">1138. Jocs i activitats fisicorecreatives i d&#8217;animaci\u00f3 tur\u00edstica<\/span><\/td>\n<td style=\"width: 10.7693%; height: 32px; border-style: solid; border-color: #000000;\">99<\/td>\n<\/tr>\n<tr style=\"height: 32px;\">\n<td style=\"width: 46.2654%; height: 32px; border-style: solid; border-color: #000000;\"><span style=\"font-weight: 400;\">M\u00f2dul optatiu\u00a0<\/span><\/td>\n<td style=\"width: 10.7693%; height: 32px; border-style: solid; border-color: #000000;\">99<\/td>\n<\/tr>\n<tr style=\"height: 32px;\">\n<td style=\"width: 46.2654%; height: 32px; border-style: solid; border-color: #000000;\"><span style=\"font-weight: 400;\">Tutoria <\/span><\/td>\n<td style=\"width: 10.7693%; height: 32px; border-style: solid; border-color: #000000;\">33<\/td>\n<\/tr>\n<tr style=\"height: 32px;\">\n<td style=\"width: 46.2654%; height: 32px; border-style: solid; border-color: #000000;\"><strong>Total d\u2019hores <\/strong><span style=\"font-weight: 400;\"><br \/>\n<\/span><\/td>\n<td style=\"width: 10.7693%; height: 32px; border-style: solid; border-color: #000000;\"><strong>660<\/strong><\/td>\n<\/tr>\n<\/tbody>\n<\/table>\n<p>&nbsp;<\/p>\n<table style=\"width: 67.0089%; border-collapse: collapse; border-color: #000000; border-style: solid;\">\n<tbody>\n<tr>\n<td style=\"width: 100%; border-style: solid; border-color: #000000;\"><strong>Estada a l\u2019empresa Dual General son 515 hores distribu\u00efdes entre 1r i 2n curs<\/strong><\/td>\n<\/tr>\n<\/tbody>\n<\/table>\n<p>&nbsp;<\/p>\n","protected":false},"excerpt":{"rendered":"<p>Curr\u00edculum oficial del Departament d&#8217;Educaci\u00f3 M\u00f2duls Professionals Hores a realitzar en el centre educatiu\u00a0 Hores d\u2019estada a l\u2019empresa Hores totals 1123. Activitats d&#8217;oci i temps lliure 99 66 165 1124. Dinamitzaci\u00f3 grupal 99 66 165 1136. Valoraci\u00f3 de la Condici\u00f3 F\u00edsica i Intervenci\u00f3 d\u2019accidents 99 99 198 1137. Planificaci\u00f3 de l\u2019animaci\u00f3 socioesportiva 33 33 66 [&hellip;]<\/p>\n","protected":false},"author":1,"featured_media":0,"parent":2849,"menu_order":10,"comment_status":"closed","ping_status":"closed","template":"","meta":{"_bbp_topic_count":0,"_bbp_reply_count":0,"_bbp_total_topic_count":0,"_bbp_total_reply_count":0,"_bbp_voice_count":0,"_bbp_anonymous_reply_count":0,"_bbp_topic_count_hidden":0,"_bbp_reply_count_hidden":0,"_bbp_forum_subforum_count":0,"site-sidebar-layout":"default","site-content-layout":"","ast-site-content-layout":"default","site-content-style":"default","site-sidebar-style":"default","ast-global-header-display":"","ast-banner-title-visibility":"","ast-main-header-display":"","ast-hfb-above-header-display":"","ast-hfb-below-header-display":"","ast-hfb-mobile-header-display":"","site-post-title":"","ast-breadcrumbs-content":"","ast-featured-img":"","footer-sml-layout":"","theme-transparent-header-meta":"default","adv-header-id-meta":"","stick-header-meta":"","header-above-stick-meta":"","header-main-stick-meta":"","header-below-stick-meta":"","astra-migrate-meta-layouts":"set","ast-page-background-enabled":"default","ast-page-background-meta":{"desktop":{"background-color":"var(--ast-global-color-4)","background-image":"","background-repeat":"repeat","background-position":"center center","background-size":"auto","background-attachment":"scroll","background-type":"","background-media":"","overlay-type":"","overlay-color":"","overlay-opacity":"","overlay-gradient":""},"tablet":{"background-color":"","background-image":"","background-repeat":"repeat","background-position":"center center","background-size":"auto","background-attachment":"scroll","background-type":"","background-media":"","overlay-type":"","overlay-color":"","overlay-opacity":"","overlay-gradient":""},"mobile":{"background-color":"","background-image":"","background-repeat":"repeat","background-position":"center center","background-size":"auto","background-attachment":"scroll","background-type":"","background-media":"","overlay-type":"","overlay-color":"","overlay-opacity":"","overlay-gradient":""}},"ast-content-background-meta":{"desktop":{"background-color":"var(--ast-global-color-5)","background-image":"","background-repeat":"repeat","background-position":"center center","background-size":"auto","background-attachment":"scroll","background-type":"","background-media":"","overlay-type":"","overlay-color":"","overlay-opacity":"","overlay-gradient":""},"tablet":{"background-color":"var(--ast-global-color-5)","background-image":"","background-repeat":"repeat","background-position":"center center","background-size":"auto","background-attachment":"scroll","background-type":"","background-media":"","overlay-type":"","overlay-color":"","overlay-opacity":"","overlay-gradient":""},"mobile":{"background-color":"var(--ast-global-color-5)","background-image":"","background-repeat":"repeat","background-position":"center center","background-size":"auto","background-attachment":"scroll","background-type":"","background-media":"","overlay-type":"","overlay-color":"","overlay-opacity":"","overlay-gradient":""}},"footnotes":""},"class_list":["post-2903","page","type-page","status-publish","hentry"],"post_mailing_queue_ids":[],"_links":{"self":[{"href":"https:\/\/agora.xtec.cat\/iesblume\/wp-json\/wp\/v2\/pages\/2903","targetHints":{"allow":["GET"]}}],"collection":[{"href":"https:\/\/agora.xtec.cat\/iesblume\/wp-json\/wp\/v2\/pages"}],"about":[{"href":"https:\/\/agora.xtec.cat\/iesblume\/wp-json\/wp\/v2\/types\/page"}],"author":[{"embeddable":true,"href":"https:\/\/agora.xtec.cat\/iesblume\/wp-json\/wp\/v2\/users\/1"}],"replies":[{"embeddable":true,"href":"https:\/\/agora.xtec.cat\/iesblume\/wp-json\/wp\/v2\/comments?post=2903"}],"version-history":[{"count":7,"href":"https:\/\/agora.xtec.cat\/iesblume\/wp-json\/wp\/v2\/pages\/2903\/revisions"}],"predecessor-version":[{"id":7786,"href":"https:\/\/agora.xtec.cat\/iesblume\/wp-json\/wp\/v2\/pages\/2903\/revisions\/7786"}],"up":[{"embeddable":true,"href":"https:\/\/agora.xtec.cat\/iesblume\/wp-json\/wp\/v2\/pages\/2849"}],"wp:attachment":[{"href":"https:\/\/agora.xtec.cat\/iesblume\/wp-json\/wp\/v2\/media?parent=2903"}],"curies":[{"name":"wp","href":"https:\/\/api.w.org\/{rel}","templated":true}]}}