{"id":2849,"date":"2020-05-06T12:26:48","date_gmt":"2020-05-06T10:26:48","guid":{"rendered":"http:\/\/agora.xtec.cat\/iesblume\/?page_id=2849"},"modified":"2025-06-27T11:31:58","modified_gmt":"2025-06-27T09:31:58","slug":"els-nostres-estudis-cfgs-densenyament-i-animacio-socioesportiva-eas","status":"publish","type":"page","link":"https:\/\/agora.xtec.cat\/iesblume\/els-nostres-estudis-cfgs-densenyament-i-animacio-socioesportiva-eas\/","title":{"rendered":"El CFGS d&#8217;Ensenyament i Animaci\u00f3 Socioesportiva"},"content":{"rendered":"<p>L\u2019Institut Jo<em>aquim<\/em> Blume \u00e9s un centre de titularitat p\u00fablica, situat a Esplugues de Llobregat, a on podr\u00e0s cursar els estudis de <strong>CFGS D\u2019ENSENYAMENT i ANIMACI\u00d3 SOCIOESPORTIVA (AEA0).<\/strong><\/p>\n<p>El nostre marc horari \u00e9s de mat\u00ed, de 8:00 a 15:00h.<\/p>\n<p>&nbsp;<\/p>\n<table style=\"height: 172px; width: 90.5506%; border-collapse: collapse; border-color: #000000; background-color: #faf7f7; border-style: solid;\">\n<tbody>\n<tr style=\"height: 32px;\">\n<td style=\"width: 21.9298%; height: 32px; border-style: solid; border-color: #000000;\"><span style=\"font-weight: 400;\">Fam\u00edlia professional<\/span><\/td>\n<td style=\"width: 68.396%; height: 32px; border-style: solid; border-color: #000000;\"><span style=\"font-weight: 400;\">Activitats f\u00edsiques i esportives<\/span><\/td>\n<\/tr>\n<tr style=\"height: 32px;\">\n<td style=\"width: 21.9298%; height: 32px; border-style: solid; border-color: #000000;\"><span style=\"font-weight: 400;\">Grau<\/span><\/td>\n<td style=\"width: 68.396%; height: 32px; border-style: solid; border-color: #000000;\"><span style=\"font-weight: 400;\">Cicle formatiu de grau superior<\/span><\/td>\n<\/tr>\n<tr style=\"height: 32px;\">\n<td style=\"width: 21.9298%; height: 32px; border-style: solid; border-color: #000000;\"><span style=\"font-weight: 400;\">T\u00edtol<\/span><\/td>\n<td style=\"width: 68.396%; height: 32px; border-style: solid; border-color: #000000;\"><span style=\"font-weight: 400;\">T\u00e8cnic\/a superior en Ensenyament i Animaci\u00f3 Socioesportiva<\/span><\/td>\n<\/tr>\n<tr style=\"height: 32px;\">\n<td style=\"width: 21.9298%; height: 32px; border-style: solid; border-color: #000000;\"><span style=\"font-weight: 400;\">Durada<\/span><\/td>\n<td style=\"width: 68.396%; height: 32px; border-style: solid; border-color: #000000;\">2 cursos acad\u00e8mics amb un total de 2000 hores<\/td>\n<\/tr>\n<tr style=\"height: 12px; border-color: #000000;\">\n<td style=\"width: 21.9298%; height: 12px; border-style: solid; border-color: #000000;\">Compet\u00e8ncia general<\/td>\n<td style=\"width: 68.396%; height: 12px; border-color: #000000; border-style: solid;\"><span style=\"font-weight: 400;\">La compet\u00e8ncia general d&#8217;aquest t\u00edtol consisteix a elaborar, gestionar i avaluar projectes d&#8217;animaci\u00f3 fisicoesportius recreatius per a tot tipus d&#8217;usuaris, programant i dirigint les activitats d&#8217;ensenyament, d&#8217;inclusi\u00f3 socioesportiva i de lleure, coordinant les actuacions dels professionals implicats, garantint la seguretat, respectant el medi ambient i aconseguint la satisfacci\u00f3 dels usuaris, en els l\u00edmits de cost previstos. <\/span><\/td>\n<\/tr>\n<\/tbody>\n<\/table>\n<p>&nbsp;<\/p>\n<h5><span style=\"color: #000000;\">\u2192 <a href=\"https:\/\/agora.xtec.cat\/iesblume\/secretaria\/preinscripcio-i-matricula-del-cfgs\/\" target=\"_blank\" rel=\"noopener\"><strong><em>Acc\u00e9s a la informaci\u00f3 de preinscripci\u00f3 i de matriculaci\u00f3 del curs 2025-2026<\/em><\/strong><\/a><\/span><\/h5>\n<p>&nbsp;<\/p>\n<p><a href=\"https:\/\/agora.xtec.cat\/iesblume\/wp-content\/uploads\/usu1242\/2020\/05\/cfgs_01.png\"><img loading=\"lazy\" decoding=\"async\" class=\"size-full wp-image-2851 alignright\" src=\"https:\/\/agora.xtec.cat\/iesblume\/wp-content\/uploads\/usu1242\/2020\/05\/cfgs_01.png\" alt=\"\" width=\"418\" height=\"239\" srcset=\"https:\/\/agora.xtec.cat\/iesblume\/wp-content\/uploads\/usu1242\/2020\/05\/cfgs_01.png 418w, https:\/\/agora.xtec.cat\/iesblume\/wp-content\/uploads\/usu1242\/2020\/05\/cfgs_01-300x172.png 300w\" sizes=\"auto, (max-width: 418px) 100vw, 418px\" \/><\/a><\/p>\n<p>&nbsp;<\/p>\n<p>&nbsp;<\/p>\n<p>&nbsp;<\/p>\n<p>&nbsp;<\/p>\n<p>&nbsp;<\/p>\n<p><a href=\"https:\/\/agora.xtec.cat\/iesblume\/wp-content\/uploads\/usu1242\/2020\/05\/cfgs_02.png\"><img loading=\"lazy\" decoding=\"async\" class=\"wp-image-2852 alignleft\" src=\"https:\/\/agora.xtec.cat\/iesblume\/wp-content\/uploads\/usu1242\/2020\/05\/cfgs_02.png\" alt=\"\" width=\"357\" height=\"268\" srcset=\"https:\/\/agora.xtec.cat\/iesblume\/wp-content\/uploads\/usu1242\/2020\/05\/cfgs_02.png 416w, https:\/\/agora.xtec.cat\/iesblume\/wp-content\/uploads\/usu1242\/2020\/05\/cfgs_02-300x225.png 300w, https:\/\/agora.xtec.cat\/iesblume\/wp-content\/uploads\/usu1242\/2020\/05\/cfgs_02-200x150.png 200w\" sizes=\"auto, (max-width: 357px) 100vw, 357px\" \/><\/a><\/p>\n<p>&nbsp;<\/p>\n<p>&nbsp;<\/p>\n<p>&nbsp;<\/p>\n<p>&nbsp;<\/p>\n<p>&nbsp;<\/p>\n","protected":false},"excerpt":{"rendered":"<p>L\u2019Institut Joaquim Blume \u00e9s un centre de titularitat p\u00fablica, situat a Esplugues de Llobregat, a on podr\u00e0s cursar els estudis de CFGS D\u2019ENSENYAMENT i ANIMACI\u00d3 SOCIOESPORTIVA (AEA0). El nostre marc horari \u00e9s de mat\u00ed, de 8:00 a 15:00h. &nbsp; Fam\u00edlia professional Activitats f\u00edsiques i esportives Grau Cicle formatiu de grau superior T\u00edtol T\u00e8cnic\/a superior en [&hellip;]<\/p>\n","protected":false},"author":1,"featured_media":0,"parent":0,"menu_order":0,"comment_status":"closed","ping_status":"closed","template":"page-templates\/side-menu.php","meta":{"_bbp_topic_count":0,"_bbp_reply_count":0,"_bbp_total_topic_count":0,"_bbp_total_reply_count":0,"_bbp_voice_count":0,"_bbp_anonymous_reply_count":0,"_bbp_topic_count_hidden":0,"_bbp_reply_count_hidden":0,"_bbp_forum_subforum_count":0,"site-sidebar-layout":"default","site-content-layout":"","ast-site-content-layout":"","site-content-style":"default","site-sidebar-style":"default","ast-global-header-display":"","ast-banner-title-visibility":"","ast-main-header-display":"","ast-hfb-above-header-display":"","ast-hfb-below-header-display":"","ast-hfb-mobile-header-display":"","site-post-title":"","ast-breadcrumbs-content":"","ast-featured-img":"","footer-sml-layout":"","theme-transparent-header-meta":"","adv-header-id-meta":"","stick-header-meta":"","header-above-stick-meta":"","header-main-stick-meta":"","header-below-stick-meta":"","astra-migrate-meta-layouts":"default","ast-page-background-enabled":"default","ast-page-background-meta":{"desktop":{"background-color":"var(--ast-global-color-4)","background-image":"","background-repeat":"repeat","background-position":"center center","background-size":"auto","background-attachment":"scroll","background-type":"","background-media":"","overlay-type":"","overlay-color":"","overlay-opacity":"","overlay-gradient":""},"tablet":{"background-color":"","background-image":"","background-repeat":"repeat","background-position":"center center","background-size":"auto","background-attachment":"scroll","background-type":"","background-media":"","overlay-type":"","overlay-color":"","overlay-opacity":"","overlay-gradient":""},"mobile":{"background-color":"","background-image":"","background-repeat":"repeat","background-position":"center center","background-size":"auto","background-attachment":"scroll","background-type":"","background-media":"","overlay-type":"","overlay-color":"","overlay-opacity":"","overlay-gradient":""}},"ast-content-background-meta":{"desktop":{"background-color":"var(--ast-global-color-5)","background-image":"","background-repeat":"repeat","background-position":"center center","background-size":"auto","background-attachment":"scroll","background-type":"","background-media":"","overlay-type":"","overlay-color":"","overlay-opacity":"","overlay-gradient":""},"tablet":{"background-color":"var(--ast-global-color-5)","background-image":"","background-repeat":"repeat","background-position":"center center","background-size":"auto","background-attachment":"scroll","background-type":"","background-media":"","overlay-type":"","overlay-color":"","overlay-opacity":"","overlay-gradient":""},"mobile":{"background-color":"var(--ast-global-color-5)","background-image":"","background-repeat":"repeat","background-position":"center center","background-size":"auto","background-attachment":"scroll","background-type":"","background-media":"","overlay-type":"","overlay-color":"","overlay-opacity":"","overlay-gradient":""}},"footnotes":""},"class_list":["post-2849","page","type-page","status-publish","hentry"],"post_mailing_queue_ids":[],"_links":{"self":[{"href":"https:\/\/agora.xtec.cat\/iesblume\/wp-json\/wp\/v2\/pages\/2849","targetHints":{"allow":["GET"]}}],"collection":[{"href":"https:\/\/agora.xtec.cat\/iesblume\/wp-json\/wp\/v2\/pages"}],"about":[{"href":"https:\/\/agora.xtec.cat\/iesblume\/wp-json\/wp\/v2\/types\/page"}],"author":[{"embeddable":true,"href":"https:\/\/agora.xtec.cat\/iesblume\/wp-json\/wp\/v2\/users\/1"}],"replies":[{"embeddable":true,"href":"https:\/\/agora.xtec.cat\/iesblume\/wp-json\/wp\/v2\/comments?post=2849"}],"version-history":[{"count":7,"href":"https:\/\/agora.xtec.cat\/iesblume\/wp-json\/wp\/v2\/pages\/2849\/revisions"}],"predecessor-version":[{"id":7477,"href":"https:\/\/agora.xtec.cat\/iesblume\/wp-json\/wp\/v2\/pages\/2849\/revisions\/7477"}],"wp:attachment":[{"href":"https:\/\/agora.xtec.cat\/iesblume\/wp-json\/wp\/v2\/media?parent=2849"}],"curies":[{"name":"wp","href":"https:\/\/api.w.org\/{rel}","templated":true}]}}