{"id":1053,"date":"2017-06-23T10:48:06","date_gmt":"2017-06-23T08:48:06","guid":{"rendered":"http:\/\/agora.xtec.cat\/iesblume\/?page_id=1053"},"modified":"2026-03-26T11:56:00","modified_gmt":"2026-03-26T10:56:00","slug":"xarxa-competencies-basiques","status":"publish","type":"page","link":"https:\/\/agora.xtec.cat\/iesblume\/projecte-educatiu\/xarxa-competencies-basiques\/","title":{"rendered":"Xarxa Compet\u00e8ncies B\u00e0siques"},"content":{"rendered":"<p>L&#8217;Institut Joaquim Blume va participar a la xarxa de compet\u00e8ncies b\u00e0siques del Departament d&#8217;Ensenyament des del curs 2017-18 fins al curs 2023-24.<img loading=\"lazy\" decoding=\"async\" class=\"aligncenter wp-image-1093\" src=\"http:\/\/agora.xtec.cat\/iesblume\/wp-content\/uploads\/usu1242\/2017\/06\/Captura.png\" alt=\"Captura\" width=\"399\" height=\"241\" srcset=\"https:\/\/agora.xtec.cat\/iesblume\/wp-content\/uploads\/usu1242\/2017\/06\/Captura.png 749w, https:\/\/agora.xtec.cat\/iesblume\/wp-content\/uploads\/usu1242\/2017\/06\/Captura-300x181.png 300w\" sizes=\"auto, (max-width: 399px) 100vw, 399px\" \/>La Xarxa compet\u00e8ncies b\u00e0siques (Xarxa CB) est\u00e0 formada per un equip de docents d\u2019educaci\u00f3 infantil i prim\u00e0ria, i d\u2019educaci\u00f3 secund\u00e0ria que desenvolupen el treball per compet\u00e8ncies als seus centres, elaboren instruments de suport per orientar els processos de reflexi\u00f3 i la gesti\u00f3 del curr\u00edculum per compet\u00e8ncies b\u00e0siques i comparteixen processos d&#8217;autoavaluaci\u00f3.<\/p>\n<p><strong>Qu\u00e8 farem?<\/strong><\/p>\n<ul style=\"list-style-type: circle;\">\n<li>Fomentar l&#8217;intercanvi d&#8217;experi\u00e8ncies i la creaci\u00f3 de sabers compartits.<\/li>\n<li>Compartirem una modalitat de formaci\u00f3 docent entre iguals i en xarxa, per millorar els aprenentatges de l\u2019alumnat.<\/li>\n<\/ul>\n<p><strong>Per qu\u00e8 ho fem?<\/strong><\/p>\n<ul style=\"list-style-type: circle;\">\n<li>Perqu\u00e8 volem afavorir que tots els alumnes aprenguin m\u00e9s i millor.<\/li>\n<li>Perqu\u00e8 creiem que l\u2019alumne ha de ser el protagonista del seu aprenentatge.<\/li>\n<li>Perqu\u00e8 entenem l\u2019avaluaci\u00f3 com un proc\u00e9s \u00fatil per aprendre<\/li>\n<li>Perqu\u00e8 sabem que treballant en equip s\u2019apr\u00e8n m\u00e9s i millor.<\/li>\n<li>Perqu\u00e8, en un m\u00f3n global, s\u2019ha d\u2019afavorir l\u2019adquisici\u00f3 d\u2019aprenentatges aut\u00e8ntics, no fragmentats.<\/li>\n<\/ul>\n<p><em>M\u00e9s informaci\u00f3: <a href=\"https:\/\/xtec.gencat.cat\/ca\/curriculum\/xarxa-de-competencies\" target=\"_blank\" rel=\"noopener\">Xarxa CB<\/a><\/em><\/p>\n","protected":false},"excerpt":{"rendered":"<p>L&#8217;Institut Joaquim Blume va participar a la xarxa de compet\u00e8ncies b\u00e0siques del Departament d&#8217;Ensenyament des del curs 2017-18 fins al curs 2023-24.La Xarxa compet\u00e8ncies b\u00e0siques (Xarxa CB) est\u00e0 formada per un equip de docents d\u2019educaci\u00f3 infantil i prim\u00e0ria, i d\u2019educaci\u00f3 secund\u00e0ria que desenvolupen el treball per compet\u00e8ncies als seus centres, elaboren instruments de suport per [&hellip;]<\/p>\n","protected":false},"author":12,"featured_media":0,"parent":57,"menu_order":60,"comment_status":"closed","ping_status":"closed","template":"","meta":{"_bbp_topic_count":0,"_bbp_reply_count":0,"_bbp_total_topic_count":0,"_bbp_total_reply_count":0,"_bbp_voice_count":0,"_bbp_anonymous_reply_count":0,"_bbp_topic_count_hidden":0,"_bbp_reply_count_hidden":0,"_bbp_forum_subforum_count":0,"site-sidebar-layout":"default","site-content-layout":"","ast-site-content-layout":"default","site-content-style":"default","site-sidebar-style":"default","ast-global-header-display":"","ast-banner-title-visibility":"","ast-main-header-display":"","ast-hfb-above-header-display":"","ast-hfb-below-header-display":"","ast-hfb-mobile-header-display":"","site-post-title":"","ast-breadcrumbs-content":"","ast-featured-img":"","footer-sml-layout":"","theme-transparent-header-meta":"default","adv-header-id-meta":"","stick-header-meta":"","header-above-stick-meta":"","header-main-stick-meta":"","header-below-stick-meta":"","astra-migrate-meta-layouts":"set","ast-page-background-enabled":"default","ast-page-background-meta":{"desktop":{"background-color":"var(--ast-global-color-4)","background-image":"","background-repeat":"repeat","background-position":"center center","background-size":"auto","background-attachment":"scroll","background-type":"","background-media":"","overlay-type":"","overlay-color":"","overlay-opacity":"","overlay-gradient":""},"tablet":{"background-color":"","background-image":"","background-repeat":"repeat","background-position":"center center","background-size":"auto","background-attachment":"scroll","background-type":"","background-media":"","overlay-type":"","overlay-color":"","overlay-opacity":"","overlay-gradient":""},"mobile":{"background-color":"","background-image":"","background-repeat":"repeat","background-position":"center center","background-size":"auto","background-attachment":"scroll","background-type":"","background-media":"","overlay-type":"","overlay-color":"","overlay-opacity":"","overlay-gradient":""}},"ast-content-background-meta":{"desktop":{"background-color":"var(--ast-global-color-5)","background-image":"","background-repeat":"repeat","background-position":"center center","background-size":"auto","background-attachment":"scroll","background-type":"","background-media":"","overlay-type":"","overlay-color":"","overlay-opacity":"","overlay-gradient":""},"tablet":{"background-color":"var(--ast-global-color-5)","background-image":"","background-repeat":"repeat","background-position":"center center","background-size":"auto","background-attachment":"scroll","background-type":"","background-media":"","overlay-type":"","overlay-color":"","overlay-opacity":"","overlay-gradient":""},"mobile":{"background-color":"var(--ast-global-color-5)","background-image":"","background-repeat":"repeat","background-position":"center center","background-size":"auto","background-attachment":"scroll","background-type":"","background-media":"","overlay-type":"","overlay-color":"","overlay-opacity":"","overlay-gradient":""}},"footnotes":""},"class_list":["post-1053","page","type-page","status-publish","hentry"],"post_mailing_queue_ids":[],"_links":{"self":[{"href":"https:\/\/agora.xtec.cat\/iesblume\/wp-json\/wp\/v2\/pages\/1053","targetHints":{"allow":["GET"]}}],"collection":[{"href":"https:\/\/agora.xtec.cat\/iesblume\/wp-json\/wp\/v2\/pages"}],"about":[{"href":"https:\/\/agora.xtec.cat\/iesblume\/wp-json\/wp\/v2\/types\/page"}],"author":[{"embeddable":true,"href":"https:\/\/agora.xtec.cat\/iesblume\/wp-json\/wp\/v2\/users\/12"}],"replies":[{"embeddable":true,"href":"https:\/\/agora.xtec.cat\/iesblume\/wp-json\/wp\/v2\/comments?post=1053"}],"version-history":[{"count":6,"href":"https:\/\/agora.xtec.cat\/iesblume\/wp-json\/wp\/v2\/pages\/1053\/revisions"}],"predecessor-version":[{"id":8195,"href":"https:\/\/agora.xtec.cat\/iesblume\/wp-json\/wp\/v2\/pages\/1053\/revisions\/8195"}],"up":[{"embeddable":true,"href":"https:\/\/agora.xtec.cat\/iesblume\/wp-json\/wp\/v2\/pages\/57"}],"wp:attachment":[{"href":"https:\/\/agora.xtec.cat\/iesblume\/wp-json\/wp\/v2\/media?parent=1053"}],"curies":[{"name":"wp","href":"https:\/\/api.w.org\/{rel}","templated":true}]}}