{"id":10909,"date":"2025-01-24T09:27:49","date_gmt":"2025-01-24T08:27:49","guid":{"rendered":"https:\/\/agora.xtec.cat\/iesbernatmetge\/?page_id=10909"},"modified":"2025-01-30T17:33:38","modified_gmt":"2025-01-30T16:33:38","slug":"linea-pedagogica","status":"publish","type":"page","link":"https:\/\/agora.xtec.cat\/iesbernatmetge\/linstitut\/linea-pedagogica\/","title":{"rendered":"L\u00ednea Pedag\u00f2gica"},"content":{"rendered":"<h4><strong><span style=\"color: #c42323;\">1. <span style=\"color: #000000;\">Centrem l\u2019acci\u00f3 educativa en les necessitats de l\u2019alumnat,<\/span><\/span><\/strong><\/h4>\n<p dir=\"ltr\"><em>promovent la seva iniciativa, la consolidaci\u00f3 d\u2019h\u00e0bits de treball i el creixement personal per fomentar l\u2019autonomia en el seu proc\u00e9s d\u2019aprenentatge.<\/em><\/p>\n<h4 dir=\"ltr\" role=\"presentation\"><strong><span style=\"color: #c42323;\">2. <\/span><span style=\"color: #000000;\">Establim vincles entre l&#8217;activitat escolar i la realitat que ens envolta,<\/span><\/strong><\/h4>\n<p dir=\"ltr\"><em>promovem la integraci\u00f3 i participaci\u00f3 activa de la comunitat educativa en el barri per contribuir a la cohesi\u00f3 social i cultural.<\/em><\/p>\n<h4 dir=\"ltr\"><strong><span style=\"color: #c42323;\">3. <\/span><span style=\"color: #000000;\">Ensenyem mitjan\u00e7ant l\u2019aprenentatge significatiu,\u00a0<\/span><\/strong><\/h4>\n<p dir=\"ltr\"><em>oferim experi\u00e8ncies educatives rellevants que connecten amb la vida real i desperten la curiositat i la motivaci\u00f3.<\/em><\/p>\n<h4 dir=\"ltr\" role=\"presentation\"><strong><span style=\"color: #c42323;\">4. <\/span><span style=\"color: #000000;\">Fomentem el pensament cr\u00edtic,<\/span>\u00a0<\/strong><\/h4>\n<p dir=\"ltr\"><em>el di\u00e0leg i el respecte envers els altres, impulsant la capacitat de reflexi\u00f3 i la lliure expressi\u00f3 d&#8217;idees.<\/em><\/p>\n<h4 dir=\"ltr\"><strong><span style=\"color: #c42323;\">5. <\/span><span style=\"color: #000000;\">Treballem de manera globalitzada,<\/span><\/strong><span style=\"color: #000000;\">\u00a0<\/span><\/h4>\n<p dir=\"ltr\"><em>adaptant les estrat\u00e8gies metodol\u00f2giques a les necessitats espec\u00edfiques de cada situaci\u00f3, afavorint els treballs interdisciplinaris impulsant projectes integradors i cohesionadors amb la comunitat educativa.\u00a0<\/em><\/p>\n<h4 dir=\"ltr\"><strong><span style=\"color: #c42323;\">6. <\/span><span style=\"color: #000000;\">Fomentem la pluralitat i el respecte,<\/span>\u00a0<\/strong><\/h4>\n<p dir=\"ltr\"><em>valorant la diversitat d&#8217;opinions, identitats, cultures i experi\u00e8ncies. Creem un ambient inclusiu on tothom, independentment de les seves individualitats, se senti respectat, escoltat i valorat.<\/em><\/p>\n<h4 dir=\"ltr\"><strong><span style=\"color: #c42323;\">7. <\/span><span style=\"color: #000000;\">Afavorim l\u2019\u00fas de les tecnologies de la informaci\u00f3 i la comunicaci\u00f3,<\/span><\/strong><\/h4>\n<p dir=\"ltr\"><em>ja que transformen l\u2019aprenentatge, la feina i les relacions socials. Permeten desenvolupar compet\u00e8ncies clau com la creativitat, la col\u00b7laboraci\u00f3 i la resoluci\u00f3 de problemes, afavorint una societat m\u00e9s connectada i preparada per afrontar els reptes globals.<\/em><\/p>\n<h4 dir=\"ltr\"><strong><span style=\"color: #c42323;\">8. <\/span><span style=\"color: #000000;\">Ensenyem el m\u00e8tode cient\u00edfic,\u00a0<\/span><\/strong><\/h4>\n<p dir=\"ltr\"><em>perqu\u00e8 proporciona una manera estructurada i objectiva d\u2019entendre el m\u00f3n i resoldre problemes.\u00a0<\/em><\/p>\n<h4 dir=\"ltr\"><strong><span style=\"color: #c42323;\">9. <\/span><span style=\"color: #000000;\">Afrontem els reptes d\u2019un m\u00f3n en constant canvi,\u00a0<\/span><\/strong><\/h4>\n<p dir=\"ltr\"><em>on el canvi tecnol\u00f2gic i la consci\u00e8ncia ecol\u00f2gica s\u00f3n fonamentals. Apostem per preparar els alumnes per adaptar-se a aquestes transformacions, promovent una mentalitat flexible, innovadora i responsable amb el medi ambient.<\/em><\/p>\n<h4 dir=\"ltr\"><strong><span style=\"color: #c42323;\">10. <\/span><span style=\"color: #000000;\">Potenciem la creativitat,<\/span><\/strong><\/h4>\n<p dir=\"ltr\"><em>com a eina per a la generaci\u00f3 d\u2019idees innovadores capaces de transformar el m\u00f3n. Fomentem una mentalitat cr\u00edtica i proactiva en els alumnes, encoratjant-los a convertir-se en ciutadans compromesos que, mitjan\u00e7ant iniciatives transformadores, contribueixin a un futur m\u00e9s just, sostenible i inclusiu.\u00a0<\/em><\/p>\n<h4 dir=\"ltr\" role=\"presentation\"><strong><span style=\"color: #c42323;\">11. <\/span><span style=\"color: #000000;\">Fomentem el creixement personal com a base per a la formaci\u00f3 de ciutadans del m\u00f3n,\u00a0<\/span><\/strong><\/h4>\n<p dir=\"ltr\"><em>conscients de la seva responsabilitat social. Treballem els valors fonamentals com el respecte, la solidaritat, el benestar i la just\u00edcia, per contribuir a una societat m\u00e9s humanit\u00e0ria, inclusiva i compromesa amb el benestar global.<\/em><\/p>\n<h4 dir=\"ltr\" role=\"presentation\"><strong><span style=\"color: #c42323;\">12. <\/span><\/strong><b><\/b><span style=\"color: #000000;\"><b>Impulsem el catal\u00e0 com a element clau de la identitat i la cohesi\u00f3 social,<\/b><\/span><\/h4>\n<p><i><span style=\"font-weight: 400;\">tot promovent una educaci\u00f3 inclusiva que valori i respecti la diversitat ling\u00fc\u00edstica, i assegurant que el catal\u00e0 sigui la llengua vehicular i habitual a l&#8217;institut.\u00a0<\/span><\/i><\/p>\n<h4 dir=\"ltr\" role=\"presentation\"><strong><span style=\"color: #c42323;\">13. <\/span><\/strong><span style=\"color: #000000;\"><b><\/b><b>Educaci\u00f3 integral, art\u00edstica i cultural,<\/b><\/span><\/h4>\n<p><i><span style=\"font-weight: 400;\">fomentem una formaci\u00f3 integral que inclou l&#8217;educaci\u00f3 art\u00edstica i cultural, estimulant l&#8217;expressi\u00f3 creativa, el desenvolupament personal i l&#8217;exploraci\u00f3 dels diversos llenguatges art\u00edstics.<\/span><\/i><\/p>\n<p><img loading=\"lazy\" decoding=\"async\" class=\"wp-image-10968 aligncenter\" src=\"https:\/\/agora.xtec.cat\/iesbernatmetge\/wp-content\/uploads\/usu327\/2025\/01\/b7cc3b1c-d1d6-43c4-9ab0-5766d14b5850-rotated.jpg\" alt=\"\" width=\"899\" height=\"822\" srcset=\"https:\/\/agora.xtec.cat\/iesbernatmetge\/wp-content\/uploads\/usu327\/2025\/01\/b7cc3b1c-d1d6-43c4-9ab0-5766d14b5850-rotated.jpg 1958w, https:\/\/agora.xtec.cat\/iesbernatmetge\/wp-content\/uploads\/usu327\/2025\/01\/b7cc3b1c-d1d6-43c4-9ab0-5766d14b5850-300x274.jpg 300w, https:\/\/agora.xtec.cat\/iesbernatmetge\/wp-content\/uploads\/usu327\/2025\/01\/b7cc3b1c-d1d6-43c4-9ab0-5766d14b5850-1024x937.jpg 1024w, https:\/\/agora.xtec.cat\/iesbernatmetge\/wp-content\/uploads\/usu327\/2025\/01\/b7cc3b1c-d1d6-43c4-9ab0-5766d14b5850-768x702.jpg 768w, https:\/\/agora.xtec.cat\/iesbernatmetge\/wp-content\/uploads\/usu327\/2025\/01\/b7cc3b1c-d1d6-43c4-9ab0-5766d14b5850-1536x1405.jpg 1536w\" sizes=\"auto, (max-width: 899px) 100vw, 899px\" \/><\/p>\n<p>&nbsp;<\/p>\n","protected":false},"excerpt":{"rendered":"<p>1. Centrem l\u2019acci\u00f3 educativa en les necessitats de l\u2019alumnat,<br \/>\npromovent la seva iniciativa, la consolidaci\u00f3 d\u2019h\u00e0bits de treball i el creixement personal per fomentar l\u2019autonomia en el seu proc\u00e9s d\u2019aprenentatge.<br \/>\n2. Establim vincles entre l&#8217;activitat escolar i la realitat que ens envolta,<br \/>\npromovem la integraci\u00f3 i participaci\u00f3 activa&hellip;  <a href=\"https:\/\/agora.xtec.cat\/iesbernatmetge\/linstitut\/linea-pedagogica\/\" title=\"Read L\u00ednea Pedag\u00f2gica\">Llegeix m\u00e9s\u00bb<\/a><\/p>\n","protected":false},"author":1,"featured_media":0,"parent":19,"menu_order":1,"comment_status":"closed","ping_status":"closed","template":"page-templates\/side-menu.php","meta":{"_bbp_topic_count":0,"_bbp_reply_count":0,"_bbp_total_topic_count":0,"_bbp_total_reply_count":0,"_bbp_voice_count":0,"_bbp_anonymous_reply_count":0,"_bbp_topic_count_hidden":0,"_bbp_reply_count_hidden":0,"_bbp_forum_subforum_count":0,"footnotes":""},"class_list":["post-10909","page","type-page","status-publish","hentry"],"post_mailing_queue_ids":[],"_links":{"self":[{"href":"https:\/\/agora.xtec.cat\/iesbernatmetge\/wp-json\/wp\/v2\/pages\/10909","targetHints":{"allow":["GET"]}}],"collection":[{"href":"https:\/\/agora.xtec.cat\/iesbernatmetge\/wp-json\/wp\/v2\/pages"}],"about":[{"href":"https:\/\/agora.xtec.cat\/iesbernatmetge\/wp-json\/wp\/v2\/types\/page"}],"author":[{"embeddable":true,"href":"https:\/\/agora.xtec.cat\/iesbernatmetge\/wp-json\/wp\/v2\/users\/1"}],"replies":[{"embeddable":true,"href":"https:\/\/agora.xtec.cat\/iesbernatmetge\/wp-json\/wp\/v2\/comments?post=10909"}],"version-history":[{"count":6,"href":"https:\/\/agora.xtec.cat\/iesbernatmetge\/wp-json\/wp\/v2\/pages\/10909\/revisions"}],"predecessor-version":[{"id":10969,"href":"https:\/\/agora.xtec.cat\/iesbernatmetge\/wp-json\/wp\/v2\/pages\/10909\/revisions\/10969"}],"up":[{"embeddable":true,"href":"https:\/\/agora.xtec.cat\/iesbernatmetge\/wp-json\/wp\/v2\/pages\/19"}],"wp:attachment":[{"href":"https:\/\/agora.xtec.cat\/iesbernatmetge\/wp-json\/wp\/v2\/media?parent=10909"}],"curies":[{"name":"wp","href":"https:\/\/api.w.org\/{rel}","templated":true}]}}