{"id":22319,"date":"2026-02-12T11:31:46","date_gmt":"2026-02-12T10:31:46","guid":{"rendered":"https:\/\/agora.xtec.cat\/iesbellvitge\/?page_id=22319"},"modified":"2026-02-12T12:53:49","modified_gmt":"2026-02-12T11:53:49","slug":"erasmus","status":"publish","type":"page","link":"https:\/\/agora.xtec.cat\/iesbellvitge\/erasmus\/","title":{"rendered":"ERASMUS"},"content":{"rendered":"\n<p>AIX\u00d2 \u00c9S LA P\u00c0GINA &#8220;ERASMUS&#8221;<\/p>\n\n\n\n<div class=\"wp-block-columns has-background is-layout-flex wp-container-core-columns-is-layout-1 wp-block-columns-is-layout-flex\" style=\"background-color:#abb7c261\">\n<div class=\"wp-block-column has-white-background-color has-background is-layout-flow wp-block-column-is-layout-flow\" style=\"flex-basis:25%\"><nav style=\"font-size:17px;\" class=\"has-text-color has-ast-global-color-1-color has-background has-cyan-bluish-gray-background-color items-justified-left is-vertical wp-block-navigation is-content-justification-left is-layout-flex wp-container-core-navigation-is-layout-1 wp-block-navigation-is-layout-flex\" aria-label=\"ERASMUS\"><ul style=\"font-size:17px;\" class=\"wp-block-navigation__container has-text-color has-ast-global-color-1-color has-background has-cyan-bluish-gray-background-color items-justified-left is-vertical wp-block-navigation\"><li data-wp-context=\"{ &quot;submenuOpenedBy&quot;: { &quot;click&quot;: false, &quot;hover&quot;: false, &quot;focus&quot;: false }, &quot;type&quot;: &quot;submenu&quot;, &quot;modal&quot;: null }\" data-wp-interactive=\"core\/navigation\" data-wp-on--focusout=\"actions.handleMenuFocusout\" data-wp-on--keydown=\"actions.handleMenuKeydown\" data-wp-on-async--mouseenter=\"actions.openMenuOnHover\" data-wp-on-async--mouseleave=\"actions.closeMenuOnHover\" data-wp-watch=\"callbacks.initMenu\" tabindex=\"-1\" style=\"font-size: 17px;\" class=\" wp-block-navigation-item has-child open-on-hover-click wp-block-navigation-submenu\"><a class=\"wp-block-navigation-item__content\" href=\"https:\/\/agora.xtec.cat\/iesbellvitge\/categoria\/erasmus\/\">Erasmus<\/a><button data-wp-bind--aria-expanded=\"state.isMenuOpen\" data-wp-on-async--click=\"actions.toggleMenuOnClick\" aria-label=\"Submen\u00fa de Erasmus\" class=\"wp-block-navigation__submenu-icon wp-block-navigation-submenu__toggle\" ><svg xmlns=\"http:\/\/www.w3.org\/2000\/svg\" width=\"12\" height=\"12\" viewBox=\"0 0 12 12\" fill=\"none\" aria-hidden=\"true\" focusable=\"false\"><path d=\"M1.50002 4L6.00002 8L10.5 4\" stroke-width=\"1.5\"><\/path><\/svg><\/button><ul data-wp-on-async--focus=\"actions.openMenuOnFocus\" class=\"wp-block-navigation__submenu-container has-background has-white-background-color wp-block-navigation-submenu\"><li style=\"font-size: 17px;\" class=\" wp-block-navigation-item wp-block-navigation-link\"><a class=\"wp-block-navigation-item__content\"  href=\"https:\/\/agora.xtec.cat\/iesbellvitge\/erasmus\/credits\/\"><span class=\"wp-block-navigation-item__label\">Cr\u00e8dits<\/span><\/a><\/li><\/ul><\/li><\/ul><\/nav>\n\n<ul class=\"wp-block-page-list\"><li class=\"wp-block-pages-list__item\"><a class=\"wp-block-pages-list__item__link\" href=\"https:\/\/agora.xtec.cat\/iesbellvitge\/erasmus\/credits\/\">Cr\u00e8dits<\/a><\/li><\/ul>\n\n<\/div>\n\n\n\n<div class=\"wp-block-column has-white-background-color has-background is-layout-flow wp-block-column-is-layout-flow\" style=\"flex-basis:75%\">\n        <div class=\"wp-block-getwid-post-carousel custom-post-type-post has-slides-gap-small is-carousel has-arrows-inside has-dots-outside\">\n            <div data-slider-option=\"{&quot;sliderSlidesToShowDesktop&quot;:&quot;2&quot;,&quot;getwid_slidesToShowLaptop&quot;:&quot;1&quot;,&quot;getwid_slidesToShowTablet&quot;:&quot;1&quot;,&quot;getwid_slidesToShowMobile&quot;:&quot;1&quot;,&quot;getwid_autoplay_speed&quot;:6000,&quot;getwid_animation_speed&quot;:800,&quot;getwid_slidesToScroll&quot;:&quot;1&quot;,&quot;getwid_autoplay&quot;:false,&quot;getwid_pause_on_hover&quot;:false,&quot;getwid_infinite&quot;:true,&quot;getwid_center_mode&quot;:false,&quot;getwid_arrows&quot;:&quot;inside&quot;,&quot;getwid_dots&quot;:&quot;outside&quot;}\" class=\"wp-block-getwid-post-carousel__wrapper\">\n                \t\t\t\t\t\t\t<div class=\"wp-block-getwid-post-carousel__slide\">\n\t\t\t\t\t\t\t\t\n<div class=\"wp-block-getwid-post-carousel__post\">\n        <div class=\"wp-block-getwid-post-carousel__post-content-wrapper\">\n        <div class=\"wp-block-getwid-post-carousel__post-header\">\n            <h3 class=\"wp-block-getwid-post-carousel__post-title\"><a href=\"https:\/\/agora.xtec.cat\/iesbellvitge\/erasmus\/erasmus-sweden\/about-sannaskolan\/\">About Sannaskolan<\/a><\/h3>        <\/div>\n        <div class=\"wp-block-getwid-post-carousel__post-excerpt\"><p>Mobility to Sannaskolan In Sweden, Basic Education (after Preschool) begins one year later and lasts one year less than in [&hellip;]<\/p>\n<\/div>\n    <\/div>\n<\/div>\n\n\t\t\t\t\t\t\t<\/div>\n\t\t\t\t\t\t\t\t\t\t\t\t\t<div class=\"wp-block-getwid-post-carousel__slide\">\n\t\t\t\t\t\t\t\t\n<div class=\"wp-block-getwid-post-carousel__post\">\n            <div class=\"wp-block-getwid-post-carousel__post-thumbnail\">\n            <a href=\"https:\/\/agora.xtec.cat\/iesbellvitge\/general\/the-playlist-of-our-lives-compartim-projecte-erasmus-amb-lalumnat-de-realschule-eberbach\/\"><img loading=\"lazy\" decoding=\"async\" width=\"2000\" height=\"1500\" src=\"https:\/\/agora.xtec.cat\/iesbellvitge\/wp-content\/uploads\/usu1070\/2025\/06\/20250529_155936.jpg\" class=\"attachment-post-thumbnail size-post-thumbnail wp-post-image\" alt=\"\" srcset=\"https:\/\/agora.xtec.cat\/iesbellvitge\/wp-content\/uploads\/usu1070\/2025\/06\/20250529_155936.jpg 2000w, https:\/\/agora.xtec.cat\/iesbellvitge\/wp-content\/uploads\/usu1070\/2025\/06\/20250529_155936-300x225.jpg 300w, https:\/\/agora.xtec.cat\/iesbellvitge\/wp-content\/uploads\/usu1070\/2025\/06\/20250529_155936-1024x768.jpg 1024w, https:\/\/agora.xtec.cat\/iesbellvitge\/wp-content\/uploads\/usu1070\/2025\/06\/20250529_155936-768x576.jpg 768w, https:\/\/agora.xtec.cat\/iesbellvitge\/wp-content\/uploads\/usu1070\/2025\/06\/20250529_155936-1536x1152.jpg 1536w\" sizes=\"auto, (max-width: 2000px) 100vw, 2000px\" \/><\/a>\n        <\/div>\n        <div class=\"wp-block-getwid-post-carousel__post-content-wrapper\">\n        <div class=\"wp-block-getwid-post-carousel__post-header\">\n            <h3 class=\"wp-block-getwid-post-carousel__post-title\"><a href=\"https:\/\/agora.xtec.cat\/iesbellvitge\/general\/the-playlist-of-our-lives-compartim-projecte-erasmus-amb-lalumnat-de-realschule-eberbach\/\">\u201cThe Playlist of our Lives\u201d: Compartim Projecte Erasmus amb l\u2019Alumnat de Realschule Eberbach!<\/a><\/h3>        <\/div>\n        <div class=\"wp-block-getwid-post-carousel__post-excerpt\"><p>L\u2019\u00faltima setmana de maig del curs 2024-25, l\u2019institut Bellvitge ha col.laborat amb el Realschule Eberbach, un institut p\u00fablic alemany, implementant [&hellip;]<\/p>\n<\/div>\n    <\/div>\n<\/div>\n\n\t\t\t\t\t\t\t<\/div>\n\t\t\t\t\t\t\t\t\t\t\t\t\t<div class=\"wp-block-getwid-post-carousel__slide\">\n\t\t\t\t\t\t\t\t\n<div class=\"wp-block-getwid-post-carousel__post\">\n            <div class=\"wp-block-getwid-post-carousel__post-thumbnail\">\n            <a href=\"https:\/\/agora.xtec.cat\/iesbellvitge\/general\/estem-denhorabona-acreditats-al-programa-de-mobilitat-internacional-erasmus\/\"><img loading=\"lazy\" decoding=\"async\" width=\"403\" height=\"282\" src=\"https:\/\/agora.xtec.cat\/iesbellvitge\/wp-content\/uploads\/usu1070\/2025\/03\/Captura-de-pantalla-2024-10-26-212021-e1742558743995.png\" class=\"attachment-post-thumbnail size-post-thumbnail wp-post-image\" alt=\"\" srcset=\"https:\/\/agora.xtec.cat\/iesbellvitge\/wp-content\/uploads\/usu1070\/2025\/03\/Captura-de-pantalla-2024-10-26-212021-e1742558743995.png 403w, https:\/\/agora.xtec.cat\/iesbellvitge\/wp-content\/uploads\/usu1070\/2025\/03\/Captura-de-pantalla-2024-10-26-212021-e1742558743995-300x210.png 300w\" sizes=\"auto, (max-width: 403px) 100vw, 403px\" \/><\/a>\n        <\/div>\n        <div class=\"wp-block-getwid-post-carousel__post-content-wrapper\">\n        <div class=\"wp-block-getwid-post-carousel__post-header\">\n            <h3 class=\"wp-block-getwid-post-carousel__post-title\"><a href=\"https:\/\/agora.xtec.cat\/iesbellvitge\/general\/estem-denhorabona-acreditats-al-programa-de-mobilitat-internacional-erasmus\/\">Estem d\u2019enhorabona! Acreditats al PROGRAMA DE MOBILITAT INTERNACIONAL Erasmus+<\/a><\/h3>        <\/div>\n        <div class=\"wp-block-getwid-post-carousel__post-excerpt\"><p>El projecte d\u2019internacionalitzaci\u00f3 del nostre centre sol\u00b7licitat per als propers 5 anys ha estat seleccionat pel\u00a0 Servicio Espa\u00f1ol de Internacinalizaci\u00f3n [&hellip;]<\/p>\n<\/div>\n    <\/div>\n<\/div>\n\n\t\t\t\t\t\t\t<\/div>\n\t\t\t\t\t\t\t\t\t\t\t\t\t<div class=\"wp-block-getwid-post-carousel__slide\">\n\t\t\t\t\t\t\t\t\n<div class=\"wp-block-getwid-post-carousel__post\">\n            <div class=\"wp-block-getwid-post-carousel__post-thumbnail\">\n            <a href=\"https:\/\/agora.xtec.cat\/iesbellvitge\/noticies\/celebrem-lerasmus-week-visitant-lexposicio-el-bosc-inundat\/\"><img loading=\"lazy\" decoding=\"async\" width=\"1200\" height=\"1600\" src=\"https:\/\/agora.xtec.cat\/iesbellvitge\/wp-content\/uploads\/usu1070\/2024\/10\/IMG-20241017-WA0025.jpg\" class=\"attachment-post-thumbnail size-post-thumbnail wp-post-image\" alt=\"\" srcset=\"https:\/\/agora.xtec.cat\/iesbellvitge\/wp-content\/uploads\/usu1070\/2024\/10\/IMG-20241017-WA0025.jpg 1200w, https:\/\/agora.xtec.cat\/iesbellvitge\/wp-content\/uploads\/usu1070\/2024\/10\/IMG-20241017-WA0025-225x300.jpg 225w, https:\/\/agora.xtec.cat\/iesbellvitge\/wp-content\/uploads\/usu1070\/2024\/10\/IMG-20241017-WA0025-768x1024.jpg 768w, https:\/\/agora.xtec.cat\/iesbellvitge\/wp-content\/uploads\/usu1070\/2024\/10\/IMG-20241017-WA0025-1152x1536.jpg 1152w\" sizes=\"auto, (max-width: 1200px) 100vw, 1200px\" \/><\/a>\n        <\/div>\n        <div class=\"wp-block-getwid-post-carousel__post-content-wrapper\">\n        <div class=\"wp-block-getwid-post-carousel__post-header\">\n            <h3 class=\"wp-block-getwid-post-carousel__post-title\"><a href=\"https:\/\/agora.xtec.cat\/iesbellvitge\/noticies\/celebrem-lerasmus-week-visitant-lexposicio-el-bosc-inundat\/\">Celebrem l&#8217;Erasmus Week visitant l&#8217;exposici\u00f3 &#8220;EL BOSC INUNDAT&#8221;<\/a><\/h3>        <\/div>\n        <div class=\"wp-block-getwid-post-carousel__post-excerpt\"><p>Aquesta setmana per celebrar l&#8217;Erasmus Week, l&#8217;alumnat del GC ha visitat l\u2019exposici\u00f3 \u201cEl bosc inundat\u201d del CosmoCaixa. Un cop endinsats [&hellip;]<\/p>\n<\/div>\n    <\/div>\n<\/div>\n\n\t\t\t\t\t\t\t<\/div>\n\t\t\t\t\t\t            <\/div>\n        <\/div>\n        <\/div>\n<\/div>\n","protected":false},"excerpt":{"rendered":"<p>AIX\u00d2 \u00c9S LA P\u00c0GINA &#8220;ERASMUS&#8221;<\/p>\n","protected":false},"author":3,"featured_media":0,"parent":0,"menu_order":0,"comment_status":"closed","ping_status":"close","template":"","meta":{"site-sidebar-layout":"default","site-content-layout":"","ast-site-content-layout":"default","site-content-style":"default","site-sidebar-style":"default","ast-global-header-display":"","ast-banner-title-visibility":"","ast-main-header-display":"","ast-hfb-above-header-display":"","ast-hfb-below-header-display":"","ast-hfb-mobile-header-display":"","site-post-title":"","ast-breadcrumbs-content":"","ast-featured-img":"","footer-sml-layout":"","theme-transparent-header-meta":"","adv-header-id-meta":"","stick-header-meta":"","header-above-stick-meta":"","header-main-stick-meta":"","header-below-stick-meta":"","astra-migrate-meta-layouts":"set","ast-page-background-enabled":"default","ast-page-background-meta":{"desktop":{"background-color":"var(--ast-global-color-4)","background-image":"","background-repeat":"repeat","background-position":"center center","background-size":"auto","background-attachment":"scroll","background-type":"","background-media":"","overlay-type":"","overlay-color":"","overlay-opacity":"","overlay-gradient":""},"tablet":{"background-color":"","background-image":"","background-repeat":"repeat","background-position":"center center","background-size":"auto","background-attachment":"scroll","background-type":"","background-media":"","overlay-type":"","overlay-color":"","overlay-opacity":"","overlay-gradient":""},"mobile":{"background-color":"","background-image":"","background-repeat":"repeat","background-position":"center center","background-size":"auto","background-attachment":"scroll","background-type":"","background-media":"","overlay-type":"","overlay-color":"","overlay-opacity":"","overlay-gradient":""}},"ast-content-background-meta":{"desktop":{"background-color":"var(--ast-global-color-5)","background-image":"","background-repeat":"repeat","background-position":"center center","background-size":"auto","background-attachment":"scroll","background-type":"","background-media":"","overlay-type":"","overlay-color":"","overlay-opacity":"","overlay-gradient":""},"tablet":{"background-color":"var(--ast-global-color-5)","background-image":"","background-repeat":"repeat","background-position":"center center","background-size":"auto","background-attachment":"scroll","background-type":"","background-media":"","overlay-type":"","overlay-color":"","overlay-opacity":"","overlay-gradient":""},"mobile":{"background-color":"var(--ast-global-color-5)","background-image":"","background-repeat":"repeat","background-position":"center center","background-size":"auto","background-attachment":"scroll","background-type":"","background-media":"","overlay-type":"","overlay-color":"","overlay-opacity":"","overlay-gradient":""}},"footnotes":""},"class_list":["post-22319","page","type-page","status-publish","hentry"],"post_mailing_queue_ids":[],"_links":{"self":[{"href":"https:\/\/agora.xtec.cat\/iesbellvitge\/wp-json\/wp\/v2\/pages\/22319","targetHints":{"allow":["GET"]}}],"collection":[{"href":"https:\/\/agora.xtec.cat\/iesbellvitge\/wp-json\/wp\/v2\/pages"}],"about":[{"href":"https:\/\/agora.xtec.cat\/iesbellvitge\/wp-json\/wp\/v2\/types\/page"}],"author":[{"embeddable":true,"href":"https:\/\/agora.xtec.cat\/iesbellvitge\/wp-json\/wp\/v2\/users\/3"}],"replies":[{"embeddable":true,"href":"https:\/\/agora.xtec.cat\/iesbellvitge\/wp-json\/wp\/v2\/comments?post=22319"}],"version-history":[{"count":6,"href":"https:\/\/agora.xtec.cat\/iesbellvitge\/wp-json\/wp\/v2\/pages\/22319\/revisions"}],"predecessor-version":[{"id":22365,"href":"https:\/\/agora.xtec.cat\/iesbellvitge\/wp-json\/wp\/v2\/pages\/22319\/revisions\/22365"}],"wp:attachment":[{"href":"https:\/\/agora.xtec.cat\/iesbellvitge\/wp-json\/wp\/v2\/media?parent=22319"}],"curies":[{"name":"wp","href":"https:\/\/api.w.org\/{rel}","templated":true}]}}