{"id":27,"date":"2014-09-17T16:24:03","date_gmt":"2014-09-17T16:24:03","guid":{"rendered":"http:\/\/agora.xtec.cat\/iesbde\/?page_id=27"},"modified":"2025-09-21T12:44:32","modified_gmt":"2025-09-21T10:44:32","slug":"historia","status":"publish","type":"page","link":"https:\/\/agora.xtec.cat\/iesbde\/linstitut\/historia\/","title":{"rendered":"Hist\u00f2ria"},"content":{"rendered":"<p style=\"color: #444444; text-align: justify;\">L&#8217;INS Berenguer d&#8217;Enten\u00e7a va iniciar la seva activitat acad\u00e8mica el curs 1989-90, d&#8217;acord amb el Decret 31\/90. Des d&#8217;aquella data ha experimentat profundes transformacions, ja que en un principi fou concebut com un centre on conviurien els antics ensenyaments secundaris de BUP i FP. Posteriorment, en el curs 1994-95 fou un dels centres elegits per implantar de manera avan\u00e7ada la nova estructura dels ensenyaments secundaris. En el curs 2007-08 es va implantar la nova formaci\u00f3 professional amb un CFGM d&#8217;<em>\u00c0tenci\u00f3 sociosanit\u00e0ria, ara anomenat Atenci\u00f3 a persones amb depend\u00e8ncia <\/em>i un CFGS d&#8217;<em>Educaci\u00f3 infantil<\/em>. En el curs 2025-26 s&#8217;ha incorporat un PFI d&#8217;<em>Auxiliar d&#8217;Activitats Esportives<\/em>. Les instal\u00b7lacions actuals daten de la primavera de 1994.<\/p>\n<p style=\"color: #444444; text-align: justify;\">Aquests darrers anys el nombre d&#8217;alumnat es situa al voltant dels 550, un centenar del quals estudia batxillerat, una cinquantena cicles formatius i la resta cursa l&#8217;ESO. La plantilla de professorat se situa en els 50 docents aproximadament i el personal del centre es completa amb 4 membres del PAS.<\/p>\n<p style=\"text-align: justify;\" align=\"JUSTIFY\">El curs 2013-14 l&#8217;INS Berenguer d&#8217;Enten\u00e7a va celebrar el 25\u00e8 aniversari de la seva fundaci\u00f3. En aquest espai hi podeu trobar un resum dels actes i els enlla\u00e7os per veure les imatges de les activitats i de la festa final.<\/p>\n<p style=\"text-align: center;\" align=\"center\"><span class=\"Estilo3\"><a class=\"Estilo6\" href=\"http:\/\/youtu.be\/cbyvmn4OFT4\" target=\"_blank\" rel=\"noopener noreferrer\">Parlament ex-directors (Youtube)<\/a><\/span><\/p>\n<p class=\"Estilo6\" align=\"center\"><span class=\"Estilo6\">Fotos de les JJCC. Dies<\/span> <a href=\"https:\/\/plus.google.com\/photos\/106916212102191965481\/albums\/5984991631853580145?authkey=CIyHidHd_cjTqwE\" target=\"_blank\" rel=\"noopener noreferrer\"><span class=\"Estilo6\">26<\/span><\/a>, <a href=\"https:\/\/plus.google.com\/photos\/106916212102191965481\/albums\/5985368330076623777?authkey=CL3DnYG0uZzJwQE\" target=\"_blank\" rel=\"noopener noreferrer\"><span class=\"Estilo9\">27<\/span><\/a>, <a href=\"https:\/\/plus.google.com\/photos\/106916212102191965481\/albums\/5987645174064314113?authkey=CJXOkeDH1pnpGg\" target=\"_blank\" rel=\"noopener noreferrer\"><span class=\"Estilo9\">28<\/span><\/a> de febrer.<\/p>\n<p class=\"Estilo6\" align=\"center\"><a href=\"https:\/\/plus.google.com\/photos\/106916212102191965481\/albums\/6005904504553296721?authkey=CM7Xza7Omo775gE\" target=\"_blank\" rel=\"noopener noreferrer\"><span class=\"Estilo8\">Sant Jordi 2014<\/span><\/a>.<\/p>\n<p align=\"center\"><span class=\"Estilo5\"><a class=\"Estilo6\" href=\"https:\/\/plus.google.com\/photos\/106916212102191965481\/albums\/6033741266728118033?authkey=CKOM4f6xivm75wE\" target=\"_blank\" rel=\"noopener noreferrer\">Festa del 25\u00e8 aniversari<\/a><\/span><span class=\"Estilo5\">. 4 de juliol de 2014.<\/span><\/p>\n<p class=\"Estilo5\" align=\"center\"><a class=\"Estilo6\" href=\"https:\/\/plus.google.com\/photos\/106916212102191965481\/albums\/6033715845264678961?authkey=CL336c-U9IuNbA\" target=\"_blank\" rel=\"noopener noreferrer\">Photocall<\/a><\/p>\n","protected":false},"excerpt":{"rendered":"<p>L&#8217;INS Berenguer d&#8217;Enten\u00e7a va iniciar la seva activitat acad\u00e8mica el curs 1989-90, d&#8217;acord amb el Decret 31\/90. Des d&#8217;aquella data ha experimentat profundes transformacions, ja que en un principi fou concebut com un centre on conviurien els antics ensenyaments secundaris de BUP i FP. Posteriorment,&hellip;  <a href=\"https:\/\/agora.xtec.cat\/iesbde\/linstitut\/historia\/\" title=\"Read Hist\u00f2ria\">Llegeix m\u00e9s\u00bb<\/a><\/p>\n","protected":false},"author":1,"featured_media":0,"parent":19,"menu_order":20,"comment_status":"closed","ping_status":"closed","template":"page-templates\/side-menu.php","meta":{"_bbp_topic_count":0,"_bbp_reply_count":0,"_bbp_total_topic_count":0,"_bbp_total_reply_count":0,"_bbp_voice_count":0,"_bbp_anonymous_reply_count":0,"_bbp_topic_count_hidden":0,"_bbp_reply_count_hidden":0,"_bbp_forum_subforum_count":0,"footnotes":""},"class_list":["post-27","page","type-page","status-publish","hentry"],"post_mailing_queue_ids":[],"_links":{"self":[{"href":"https:\/\/agora.xtec.cat\/iesbde\/wp-json\/wp\/v2\/pages\/27","targetHints":{"allow":["GET"]}}],"collection":[{"href":"https:\/\/agora.xtec.cat\/iesbde\/wp-json\/wp\/v2\/pages"}],"about":[{"href":"https:\/\/agora.xtec.cat\/iesbde\/wp-json\/wp\/v2\/types\/page"}],"author":[{"embeddable":true,"href":"https:\/\/agora.xtec.cat\/iesbde\/wp-json\/wp\/v2\/users\/1"}],"replies":[{"embeddable":true,"href":"https:\/\/agora.xtec.cat\/iesbde\/wp-json\/wp\/v2\/comments?post=27"}],"version-history":[{"count":5,"href":"https:\/\/agora.xtec.cat\/iesbde\/wp-json\/wp\/v2\/pages\/27\/revisions"}],"predecessor-version":[{"id":13592,"href":"https:\/\/agora.xtec.cat\/iesbde\/wp-json\/wp\/v2\/pages\/27\/revisions\/13592"}],"up":[{"embeddable":true,"href":"https:\/\/agora.xtec.cat\/iesbde\/wp-json\/wp\/v2\/pages\/19"}],"wp:attachment":[{"href":"https:\/\/agora.xtec.cat\/iesbde\/wp-json\/wp\/v2\/media?parent=27"}],"curies":[{"name":"wp","href":"https:\/\/api.w.org\/{rel}","templated":true}]}}