{"id":13466,"date":"2025-07-01T08:44:56","date_gmt":"2025-07-01T06:44:56","guid":{"rendered":"https:\/\/agora.xtec.cat\/iesbde\/?page_id=13466"},"modified":"2026-03-19T12:41:15","modified_gmt":"2026-03-19T11:41:15","slug":"transport-escolar-ccbaix-camp","status":"publish","type":"page","link":"https:\/\/agora.xtec.cat\/iesbde\/secretaria\/transport-escolar-ccbaix-camp\/","title":{"rendered":"Transport escolar &#8211; CCBaix Camp"},"content":{"rendered":"<h4>L&#8217;alumnat de Vandell\u00f2s, Masboquera, Masriudoms i Urb. Vanessa Park pot fer \u00fas del transport escolar gestionat pel Consell Comarcal del Baix Camp.<\/h4>\n<div><span style=\"text-decoration: underline;\"><strong>NOTA INFORMATIVA:<\/strong><\/span> Actualment <strong>TOTES LES PLACES ESTAN OCUPADES<\/strong>, si hi ha alguna baixa pel que resta de curs escolar 2025-2026 ho comunicarem en aquesta nota informativa.<\/div>\n<div><b>\u00a0<\/b><\/div>\n<div>Per tal de fer la petici\u00f3 del servei les fam\u00edlies han respondre i enviar un formulari i aportar la documentaci\u00f3 requerida:<\/div>\n<div>\n<ul>\n<li>la\u00a0<b>sol\u00b7licitud del transport\u00a0<\/b><\/li>\n<li>l&#8217;<b>autoritzaci\u00f3 de parada<\/b>\u00a0(quan l&#8217;alumne\/a baixa a la parada assignada sense que l&#8217;esperi cap adult).<\/li>\n<\/ul>\n<\/div>\n<div><a href=\"https:\/\/docs.google.com\/forms\/d\/e\/1FAIpQLSfHJtjGwjRQOqdU8lju19tx_bxTEeqAQwuDmLvsC4xzSI7B0A\/viewform?usp=header\" target=\"_blank\" rel=\"noopener\">ENLLA\u00c7 AL FORMULARI TRANSPORT ESCOLAR CURS 2025-2026<\/a><a href=\"https:\/\/docs.google.com\/forms\/d\/e\/1FAIpQLSfHJtjGwjRQOqdU8lju19tx_bxTEeqAQwuDmLvsC4xzSI7B0A\/viewform?usp=header\" target=\"_blank\" rel=\"noopener\"><img loading=\"lazy\" decoding=\"async\" class=\"alignleft wp-image-12942\" src=\"https:\/\/agora.xtec.cat\/iesbde\/wp-content\/uploads\/usu407\/2025\/03\/clica-aqui-1024x1024.png\" alt=\"\" width=\"50\" height=\"50\" srcset=\"https:\/\/agora.xtec.cat\/iesbde\/wp-content\/uploads\/usu407\/2025\/03\/clica-aqui-1024x1024.png 1024w, https:\/\/agora.xtec.cat\/iesbde\/wp-content\/uploads\/usu407\/2025\/03\/clica-aqui-300x300.png 300w, https:\/\/agora.xtec.cat\/iesbde\/wp-content\/uploads\/usu407\/2025\/03\/clica-aqui-200x200.png 200w, https:\/\/agora.xtec.cat\/iesbde\/wp-content\/uploads\/usu407\/2025\/03\/clica-aqui-768x768.png 768w, https:\/\/agora.xtec.cat\/iesbde\/wp-content\/uploads\/usu407\/2025\/03\/clica-aqui.png 1080w\" sizes=\"auto, (max-width: 50px) 100vw, 50px\" \/><\/a><\/div>\n","protected":false},"excerpt":{"rendered":"<p>L&#8217;alumnat de Vandell\u00f2s, Masboquera, Masriudoms i Urb. Vanessa Park pot fer \u00fas del transport escolar gestionat pel Consell Comarcal del Baix Camp.<br \/>\nNOTA INFORMATIVA: Actualment TOTES LES PLACES ESTAN OCUPADES, si hi ha alguna baixa pel que resta de curs escolar 2025-2026 ho comunicarem en aquesta&hellip;  <a href=\"https:\/\/agora.xtec.cat\/iesbde\/secretaria\/transport-escolar-ccbaix-camp\/\" title=\"Read Transport escolar &#8211; CCBaix Camp\">Llegeix m\u00e9s\u00bb<\/a><\/p>\n","protected":false},"author":117,"featured_media":0,"parent":81,"menu_order":7,"comment_status":"closed","ping_status":"closed","template":"page-templates\/side-menu.php","meta":{"_bbp_topic_count":0,"_bbp_reply_count":0,"_bbp_total_topic_count":0,"_bbp_total_reply_count":0,"_bbp_voice_count":0,"_bbp_anonymous_reply_count":0,"_bbp_topic_count_hidden":0,"_bbp_reply_count_hidden":0,"_bbp_forum_subforum_count":0,"footnotes":""},"class_list":["post-13466","page","type-page","status-publish","hentry"],"post_mailing_queue_ids":[],"_links":{"self":[{"href":"https:\/\/agora.xtec.cat\/iesbde\/wp-json\/wp\/v2\/pages\/13466","targetHints":{"allow":["GET"]}}],"collection":[{"href":"https:\/\/agora.xtec.cat\/iesbde\/wp-json\/wp\/v2\/pages"}],"about":[{"href":"https:\/\/agora.xtec.cat\/iesbde\/wp-json\/wp\/v2\/types\/page"}],"author":[{"embeddable":true,"href":"https:\/\/agora.xtec.cat\/iesbde\/wp-json\/wp\/v2\/users\/117"}],"replies":[{"embeddable":true,"href":"https:\/\/agora.xtec.cat\/iesbde\/wp-json\/wp\/v2\/comments?post=13466"}],"version-history":[{"count":5,"href":"https:\/\/agora.xtec.cat\/iesbde\/wp-json\/wp\/v2\/pages\/13466\/revisions"}],"predecessor-version":[{"id":14177,"href":"https:\/\/agora.xtec.cat\/iesbde\/wp-json\/wp\/v2\/pages\/13466\/revisions\/14177"}],"up":[{"embeddable":true,"href":"https:\/\/agora.xtec.cat\/iesbde\/wp-json\/wp\/v2\/pages\/81"}],"wp:attachment":[{"href":"https:\/\/agora.xtec.cat\/iesbde\/wp-json\/wp\/v2\/media?parent=13466"}],"curies":[{"name":"wp","href":"https:\/\/api.w.org\/{rel}","templated":true}]}}