{"id":10787,"date":"2023-05-09T10:19:46","date_gmt":"2023-05-09T08:19:46","guid":{"rendered":"https:\/\/agora.xtec.cat\/iesbde\/?page_id=10787"},"modified":"2025-04-30T11:13:29","modified_gmt":"2025-04-30T09:13:29","slug":"beques-nese","status":"publish","type":"page","link":"https:\/\/agora.xtec.cat\/iesbde\/secretaria\/beques\/beques-nese\/","title":{"rendered":"Beques a l&#8217;alumnat amb necessitats espec\u00edfiques NESE (NEAE)"},"content":{"rendered":"<h5><\/h5>\n<p><a href=\"https:\/\/www.becaseducacion.gob.es\/becas-y-ayudas\/ayudas-apoyo-educativo\/tipos-de-becas.html\" target=\"_blank\" rel=\"noopener\">Enlla\u00e7 a la web del Ministerio de Educaci\u00f3n y Formaci\u00f3n Profesional<\/a> on trobareu la informaci\u00f3 de les beques NEAE (Necesidades Espec\u00edficas de Apoyo Educativo).<\/p>\n<p><a href=\"https:\/\/sede.educacion.gob.es\/sede\/login\/inicio.jjsp?idConvocatoria=2286\" target=\"_blank\" rel=\"noopener\"><img loading=\"lazy\" decoding=\"async\" class=\"aligncenter wp-image-10802 size-medium\" src=\"https:\/\/agora.xtec.cat\/iesbde\/wp-content\/uploads\/usu407\/2023\/05\/presentar-sollicitud-e1729593349136-300x121.png\" alt=\"\" width=\"300\" height=\"121\" srcset=\"https:\/\/agora.xtec.cat\/iesbde\/wp-content\/uploads\/usu407\/2023\/05\/presentar-sollicitud-e1729593349136-300x121.png 300w, https:\/\/agora.xtec.cat\/iesbde\/wp-content\/uploads\/usu407\/2023\/05\/presentar-sollicitud-e1729593349136-200x80.png 200w, https:\/\/agora.xtec.cat\/iesbde\/wp-content\/uploads\/usu407\/2023\/05\/presentar-sollicitud-e1729593349136-768x309.png 768w, https:\/\/agora.xtec.cat\/iesbde\/wp-content\/uploads\/usu407\/2023\/05\/presentar-sollicitud-e1729593349136.png 805w\" sizes=\"auto, (max-width: 300px) 100vw, 300px\" \/><\/a><\/p>\n<ul>\n<li>Termini de presentaci\u00f3 de sol\u00b7licituds:<strong> del 30 d&#8217;abril al 11 de setembre de 2025<\/strong><\/li>\n<li>Denominaci\u00f3 del tr\u00e0mit: <em>Becas y ayudas para alumnos con necesidad espec\u00edfica de apoyo educativo<\/em><\/li>\n<li>Codi:\u00a0<em>050140<\/em><\/li>\n<li><a href=\"https:\/\/boe.es\/diario_boe\/txt.php?id=BOE-B-2025-15040\" target=\"_blank\" rel=\"noopener\">Resoluci\u00f3 del Ministerio de Educaci\u00f3n y Formaci\u00f3n Profesional amb la convocat\u00f2ria de les beques<\/a>.<\/li>\n<li><strong>Tots els tr\u00e0mits relatius a la sol\u00b7licitud es poden realitzar online<\/strong>.<\/li>\n<li><strong>Aquesta beca \u00e9s incompatible amb la <em><a href=\"https:\/\/agora.xtec.cat\/iesbde\/secretaria\/beques\/beques-postobligatoris\/\">Beca general per estudis postobligatoris<\/a><\/em>.<\/strong><\/li>\n<li>L\u2019autoritat competent responsable del procediment \u00e9s la\u00a0<em>Direcci\u00f3n General de Planificaci\u00f3n y Gesti\u00f3n Educativa<\/em>. Les dades de contacte poden trobar-se a la p\u00e0gina:\u00a0<a href=\"http:\/\/www.educacionyfp.gob.es\/servicios-al-ciudadano\/informacion-administrativa.html\" target=\"_blank\" rel=\"noopener\">http:\/\/www.educacionyfp.gob.es\/servicios-al-ciudadano\/informacion-administrativa.html<\/a><\/li>\n<li>La tramitaci\u00f3 es realitza mitjan\u00e7ant la\u00a0<em>Sede electr\u00f3nica de este Ministerio<\/em>, i l\u2019autenticaci\u00f3 pot fer-se de dues maneres:\n<ul>\n<li>Mitjan\u00e7ant usuari (DNI o NIE) i contrasenya establerta per l\u2019usuari en el moment de registrar-se. La identitat es comprova mtijan\u00e7ant encreuament de dades amb el <em>Ministerio del Interior.<\/em><\/li>\n<li>Mitjan\u00e7ant certificat electr\u00f2nic, integrat a la plataforma Cl@ve. Si s\u2019utilitza aquesta forma d\u2019autenticaci\u00f3, totes les consultes que es realitzen sobre l\u2019estat de la tramitaci\u00f3 s\u2019hauran de fer de la mateixa manera.<\/li>\n<\/ul>\n<\/li>\n<li>La firma es realitza mitjan\u00e7ant la inclusi\u00f3 de certes dades del document d\u2019identitat (data de caducitat, o b\u00e9 IDESP o IXESP).<\/li>\n<li><strong>No s\u2019ha de presentar documents per realitzar la sol\u00b7licitud<\/strong>, a no ser que es sol\u00b7liciti espec\u00edficament.<\/li>\n<li>Contra resolucions provisionals es podran presentar <strong>al\u00b7legacions<\/strong> (en el termini de 10 dies), i contra la resoluci\u00f3 definitiva (publicaci\u00f3 de las llistes de beneficiaris amb els imports atorgats a la web del\u00a0<em>Ministerio<\/em>), recurs de reposici\u00f3 (en el termini d\u2019un mes) o recurs contenci\u00f3s \u2013 administratiu (dos mesos).<\/li>\n<li>Ni la sol\u00b7licitud ni cap dels tr\u00e0mits suposa <strong>cap cost pel sol\u00b7licitant<\/strong>.<\/li>\n<li>El ciutad\u00e0 haur\u00e0 de presentar la sol\u00b7licitud en el termini indicat i, en el cas que es requereixi un document, en el termini que indiqui el requeriment pertinent.<\/li>\n<li>La<em>\u00a0Directora General de Planificaci\u00f3n y Gesti\u00f3n Educativa<\/em>\u00a0dictar\u00e0 la resoluci\u00f3 definitiva de la convocat\u00f2ria en el termini m\u00e0xim de sis mesos, computats a partir del moment en que es disposi de la informaci\u00f3 necess\u00e0ria per a assignar la quantitat variable facilitada per les administracions p\u00fabliques, les universitats i les comunitats aut\u00f2nomes.<\/li>\n<li>El silenci administratiu \u00e9s negatiu.<\/li>\n<\/ul>\n","protected":false},"excerpt":{"rendered":"<p><a href=\"https:\/\/www.becaseducacion.gob.es\/becas-y-ayudas\/ayudas-apoyo-educativo\/tipos-de-becas.html\" target=\"_blank\" rel=\"noopener\">Enlla\u00e7 a la web del Ministerio de Educaci\u00f3n y Formaci\u00f3n Profesional<\/a> on trobareu la informaci\u00f3 de les beques NEAE (Necesidades Espec\u00edficas de Apoyo Educativo).<br \/>\n<a href=\"https:\/\/sede.educacion.gob.es\/sede\/login\/inicio.jjsp?idConvocatoria=2286\" target=\"_blank\" rel=\"noopener\"><\/a><\/p>\n<ul>\n<li>Termini de presentaci\u00f3 de sol\u00b7licituds: del 30 d&#8217;abril al 11 de setembre de 2025<\/li>\n<li>Denominaci\u00f3 del tr\u00e0mit:&hellip;  <a href=\"https:\/\/agora.xtec.cat\/iesbde\/secretaria\/beques\/beques-nese\/\" title=\"Read Beques a l&#8217;alumnat amb necessitats espec\u00edfiques NESE (NEAE)\">Llegeix m\u00e9s\u00bb<\/a><br \/>\n","protected":false},"author":117,"featured_media":0,"parent":10244,"menu_order":0,"comment_status":"closed","ping_status":"closed","template":"page-templates\/side-menu.php","meta":{"_bbp_topic_count":0,"_bbp_reply_count":0,"_bbp_total_topic_count":0,"_bbp_total_reply_count":0,"_bbp_voice_count":0,"_bbp_anonymous_reply_count":0,"_bbp_topic_count_hidden":0,"_bbp_reply_count_hidden":0,"_bbp_forum_subforum_count":0,"footnotes":""},"class_list":["post-10787","page","type-page","status-publish","hentry"],"post_mailing_queue_ids":[],"_links":{"self":[{"href":"https:\/\/agora.xtec.cat\/iesbde\/wp-json\/wp\/v2\/pages\/10787","targetHints":{"allow":["GET"]}}],"collection":[{"href":"https:\/\/agora.xtec.cat\/iesbde\/wp-json\/wp\/v2\/pages"}],"about":[{"href":"https:\/\/agora.xtec.cat\/iesbde\/wp-json\/wp\/v2\/types\/page"}],"author":[{"embeddable":true,"href":"https:\/\/agora.xtec.cat\/iesbde\/wp-json\/wp\/v2\/users\/117"}],"replies":[{"embeddable":true,"href":"https:\/\/agora.xtec.cat\/iesbde\/wp-json\/wp\/v2\/comments?post=10787"}],"version-history":[{"count":6,"href":"https:\/\/agora.xtec.cat\/iesbde\/wp-json\/wp\/v2\/pages\/10787\/revisions"}],"predecessor-version":[{"id":13202,"href":"https:\/\/agora.xtec.cat\/iesbde\/wp-json\/wp\/v2\/pages\/10787\/revisions\/13202"}],"up":[{"embeddable":true,"href":"https:\/\/agora.xtec.cat\/iesbde\/wp-json\/wp\/v2\/pages\/10244"}],"wp:attachment":[{"href":"https:\/\/agora.xtec.cat\/iesbde\/wp-json\/wp\/v2\/media?parent=10787"}],"curies":[{"name":"wp","href":"https:\/\/api.w.org\/{rel}","templated":true}]}}