{"id":10304,"date":"2023-02-24T13:13:36","date_gmt":"2023-02-24T12:13:36","guid":{"rendered":"https:\/\/agora.xtec.cat\/iesbde\/?page_id=10304"},"modified":"2026-03-27T08:49:43","modified_gmt":"2026-03-27T07:49:43","slug":"cfgm-preinscripcio-i-matricula","status":"publish","type":"page","link":"https:\/\/agora.xtec.cat\/iesbde\/secretaria\/preinscripcio-matricula\/cfgm-preinscripcio-i-matricula\/","title":{"rendered":"CFGM \u2013 Preinscripci\u00f3 i matr\u00edcula 2026-2027"},"content":{"rendered":"<h6><span style=\"font-size: 14pt;\">Per qualsevol incid\u00e8ncia relacionada amb la vostra assignaci\u00f3 podeu presentar una reclamaci\u00f3 en <a href=\"https:\/\/web.gencat.cat\/ca\/tramits\/tramits-temes\/reclamacio-preinscripcio-postobligatoris?moda=1\" target=\"_blank\" rel=\"noopener\">AQUEST ENLLA\u00c7<\/a><\/span><\/h6>\n<hr \/>\n<h6><\/h6>\n<p>Vols estar informa&#8217;t de cada pas del proc\u00e9s de Preinscripci\u00f3? <a href=\"https:\/\/agora.xtec.cat\/iesbde\/general\/preinscripcio-cicles-formatius-canal-whatsapp\/\" target=\"_blank\" rel=\"noopener\">Subscriu-te al Canal de Whatsapp del Departament d&#8217;Educaci\u00f3 i Formaci\u00f3 Professional: <em>Preinscripci\u00f3 FP<\/em><\/a><\/p>\n<hr \/>\n<h6><span style=\"font-size: 18pt; font-weight: bold;\">CALENDARI Preinscripci\u00f3 i Matr\u00edcula CFGM curs 2026-2027<\/span><\/h6>\n<table style=\"border-collapse: collapse; width: 100%; height: 1366px;\">\n<tbody>\n<tr style=\"height: 31px;\">\n<td style=\"width: 80.4182%; border-style: hidden; height: 31px;\" colspan=\"2\">\n<h6><\/h6>\n<\/td>\n<\/tr>\n<tr style=\"height: 31px;\">\n<td style=\"width: 22.2182%; border-style: hidden; height: 31px;\">22 de maig de 2026<\/td>\n<td style=\"width: 58.2%; border-style: hidden; height: 31px;\"><strong><a href=\"https:\/\/drive.google.com\/file\/d\/1Ba17H7dOeIuHIDgs8Q60DNBVTpAF0ZYG\/view?usp=sharing\" target=\"_blank\" rel=\"noopener\"><img loading=\"lazy\" decoding=\"async\" class=\"wp-image-12942 alignleft\" src=\"https:\/\/agora.xtec.cat\/iesbde\/wp-content\/uploads\/usu407\/2025\/03\/clica-aqui-1024x1024.png\" alt=\"\" width=\"50\" height=\"50\" srcset=\"https:\/\/agora.xtec.cat\/iesbde\/wp-content\/uploads\/usu407\/2025\/03\/clica-aqui-1024x1024.png 1024w, https:\/\/agora.xtec.cat\/iesbde\/wp-content\/uploads\/usu407\/2025\/03\/clica-aqui-300x300.png 300w, https:\/\/agora.xtec.cat\/iesbde\/wp-content\/uploads\/usu407\/2025\/03\/clica-aqui-200x200.png 200w, https:\/\/agora.xtec.cat\/iesbde\/wp-content\/uploads\/usu407\/2025\/03\/clica-aqui-768x768.png 768w, https:\/\/agora.xtec.cat\/iesbde\/wp-content\/uploads\/usu407\/2025\/03\/clica-aqui.png 1080w\" sizes=\"auto, (max-width: 50px) 100vw, 50px\" \/><\/a>Publicaci\u00f3 de l&#8217;oferta inicial de places<\/strong><\/td>\n<\/tr>\n<tr style=\"height: 31px;\">\n<td style=\"width: 22.2182%; border-style: hidden; height: 31px;\"><strong>Del 26 de maig a l&#8217;1 de juny de 2026<\/strong><\/td>\n<td style=\"width: 58.2%; border-style: hidden; height: 31px;\"><strong><a href=\"https:\/\/educacio.gencat.cat\/ca\/tramits\/tramits-temes\/preinscripcio-fp-gm\" target=\"_blank\" rel=\"noopener\"><img loading=\"lazy\" decoding=\"async\" class=\"alignleft wp-image-12942\" src=\"https:\/\/agora.xtec.cat\/iesbde\/wp-content\/uploads\/usu407\/2025\/03\/clica-aqui-1024x1024.png\" alt=\"\" width=\"50\" height=\"50\" srcset=\"https:\/\/agora.xtec.cat\/iesbde\/wp-content\/uploads\/usu407\/2025\/03\/clica-aqui-1024x1024.png 1024w, https:\/\/agora.xtec.cat\/iesbde\/wp-content\/uploads\/usu407\/2025\/03\/clica-aqui-300x300.png 300w, https:\/\/agora.xtec.cat\/iesbde\/wp-content\/uploads\/usu407\/2025\/03\/clica-aqui-200x200.png 200w, https:\/\/agora.xtec.cat\/iesbde\/wp-content\/uploads\/usu407\/2025\/03\/clica-aqui-768x768.png 768w, https:\/\/agora.xtec.cat\/iesbde\/wp-content\/uploads\/usu407\/2025\/03\/clica-aqui.png 1080w\" sizes=\"auto, (max-width: 50px) 100vw, 50px\" \/><\/a><a href=\"https:\/\/educacio.gencat.cat\/ca\/tramits\/tramits-temes\/preinscripcio-fp-gm\" target=\"_blank\" rel=\"noopener\"><span style=\"font-size: 14pt;\">Presentaci\u00f3 de sol\u00b7licituds<\/span><\/a><\/strong><\/p>\n<p>\u00c9s molt important respectar les dates, perqu\u00e8 per a aquests ensenyaments no s&#8217;accepten sol\u00b7licituds fora de termini. Els criteris de prioritat serveixen per donar una puntuaci\u00f3 a cada sol\u00b7licitud. D&#8217;aquesta manera s&#8217;estableix l&#8217;ordre d&#8217;acc\u00e9s a les places de cada centre.<\/td>\n<\/tr>\n<tr style=\"height: 31px;\">\n<td style=\"width: 22.2182%; border-style: hidden; height: 31px;\">Fins el 2 de juny de 2026<\/td>\n<td style=\"width: 58.2%; border-style: hidden; height: 31px;\"><strong>Presentaci\u00f3 de documentaci\u00f3<\/strong><\/p>\n<p>Aquests dies pots presentar la documentaci\u00f3 acreditativa que justifica les prioritats de cada alumne o alumna.<\/td>\n<\/tr>\n<tr style=\"height: 31px;\">\n<td style=\"width: 22.2182%; border-style: hidden; height: 31px;\">29 de juny de 2026<\/td>\n<td style=\"width: 58.2%; border-style: hidden; height: 31px;\"><a href=\"https:\/\/drive.google.com\/file\/d\/1aAPrYeZJt49Yf9lbNnAlApVPCp0dezgU\/view?usp=sharing\" target=\"_blank\" rel=\"noopener\"><strong><img loading=\"lazy\" decoding=\"async\" class=\"alignleft wp-image-12942\" src=\"https:\/\/agora.xtec.cat\/iesbde\/wp-content\/uploads\/usu407\/2025\/03\/clica-aqui-1024x1024.png\" alt=\"\" width=\"50\" height=\"50\" srcset=\"https:\/\/agora.xtec.cat\/iesbde\/wp-content\/uploads\/usu407\/2025\/03\/clica-aqui-1024x1024.png 1024w, https:\/\/agora.xtec.cat\/iesbde\/wp-content\/uploads\/usu407\/2025\/03\/clica-aqui-300x300.png 300w, https:\/\/agora.xtec.cat\/iesbde\/wp-content\/uploads\/usu407\/2025\/03\/clica-aqui-200x200.png 200w, https:\/\/agora.xtec.cat\/iesbde\/wp-content\/uploads\/usu407\/2025\/03\/clica-aqui-768x768.png 768w, https:\/\/agora.xtec.cat\/iesbde\/wp-content\/uploads\/usu407\/2025\/03\/clica-aqui.png 1080w\" sizes=\"auto, (max-width: 50px) 100vw, 50px\" \/><\/strong><\/a><strong>Publicaci\u00f3 de la llista amb la puntuaci\u00f3 provisional<\/strong><\/p>\n<p>Un cop acabat el per\u00edode de presentaci\u00f3 de sol\u00b7licituds, els centres educatius estudien cadascuna de les peticions que han rebut: n&#8217;analitzen les dades, els criteris de prioritat que es demana que es tinguin en compte, i tamb\u00e9 els documents justificatius. Tot seguit, publiquen la llista de sol\u00b7licituds amb els barems provisionals. En aquesta llista hi ha les sol\u00b7licituds ordenades alfab\u00e8ticament amb la puntuaci\u00f3 que ha rebut cada sol\u00b7licitud en aplicar-hi el barem.<\/td>\n<\/tr>\n<tr style=\"height: 31px;\">\n<td style=\"width: 22.2182%; border-style: hidden; height: 31px;\">Del 29 de juny al 2 de juliol de 2026<\/td>\n<td style=\"width: 58.2%; border-style: hidden; height: 31px;\"><strong>Presentaci\u00f3 de reclamacions<\/strong><\/p>\n<p>Durant aquest per\u00edode, si detectes alguna errada o anomalia en el barem assignat, pots presentar una reclamaci\u00f3, utilitzant l&#8217;eina electr\u00f2nica per a presentar reclamacions.<\/td>\n<\/tr>\n<tr style=\"height: 31px;\">\n<td style=\"width: 22.2182%; border-style: hidden; height: 31px;\">6 de juliol de 2026<\/p>\n<p style=\"text-align: center;\">\n<\/td>\n<td style=\"width: 58.2%; border-style: hidden; height: 31px;\"><strong>Sorteig del n\u00famero per al desempat<\/strong><\/p>\n<p>El nombre de places a cada centre \u00e9s limitat. Si el nombre de peticions supera el d&#8217;alumnes que es pot acollir, cal aplicar un sistema de desempat entre les sol\u00b7licituds que tenen la mateixa puntuaci\u00f3. Per fer-ho, s&#8217;obt\u00e9 un n\u00famero per sorteig a partir del qual s&#8217;ordenen totes les peticions empatades en punts, tenint en compte el n\u00famero de desempat que s&#8217;ha assignat a cada sol\u00b7licitud. El sorteig tindr\u00e0 lloc a les 11 hores, als serveis centrals del Departament d&#8217;Educaci\u00f3 (Via Augusta, 202-226, Barcelona).<\/td>\n<\/tr>\n<tr style=\"height: 31px;\">\n<td style=\"width: 22.2182%; border-style: hidden; height: 31px;\">7 de juliol de 2026<\/td>\n<td style=\"width: 58.2%; border-style: hidden; height: 31px;\"><span style=\"font-size: 12pt;\"><a href=\"https:\/\/drive.google.com\/file\/d\/1ot1a7o_kZ9ptSNG4qOCpH39z9YAncNm_\/view?usp=sharing\" target=\"_blank\" rel=\"noopener\"><strong><img loading=\"lazy\" decoding=\"async\" class=\"alignleft wp-image-12942\" src=\"https:\/\/agora.xtec.cat\/iesbde\/wp-content\/uploads\/usu407\/2025\/03\/clica-aqui-1024x1024.png\" alt=\"\" width=\"50\" height=\"50\" srcset=\"https:\/\/agora.xtec.cat\/iesbde\/wp-content\/uploads\/usu407\/2025\/03\/clica-aqui-1024x1024.png 1024w, https:\/\/agora.xtec.cat\/iesbde\/wp-content\/uploads\/usu407\/2025\/03\/clica-aqui-300x300.png 300w, https:\/\/agora.xtec.cat\/iesbde\/wp-content\/uploads\/usu407\/2025\/03\/clica-aqui-200x200.png 200w, https:\/\/agora.xtec.cat\/iesbde\/wp-content\/uploads\/usu407\/2025\/03\/clica-aqui-768x768.png 768w, https:\/\/agora.xtec.cat\/iesbde\/wp-content\/uploads\/usu407\/2025\/03\/clica-aqui.png 1080w\" sizes=\"auto, (max-width: 50px) 100vw, 50px\" \/><\/strong><\/a><strong>Publicaci\u00f3 de llistes amb el barem un cop resoltes les reclamacions<\/strong><\/span><\/p>\n<div class=\"list-item-wrapper\">\n<div class=\"col content-col\">\n<div class=\"bloc-mobil\">\n<div class=\"descripcio link-dotted\">\n<p>Un cop resoltes totes les reclamacions presentades, el centre publica la llista definitiva de sol\u00b7licituds amb la puntuaci\u00f3 i el n\u00famero de desempat corresponent.<\/p>\n<\/div>\n<\/div>\n<\/div>\n<\/div>\n<\/td>\n<\/tr>\n<tr style=\"height: 31px;\">\n<td style=\"width: 22.2182%; border-style: hidden; height: 31px;\">10 de juliol de 2026<\/td>\n<td style=\"width: 58.2%; border-style: hidden; height: 31px;\"><strong>Publicaci\u00f3 de l&#8217;oferta final de places<\/strong><\/p>\n<p>Publicaci\u00f3 del nombre de places per centre i curs.<\/td>\n<\/tr>\n<tr style=\"height: 31px;\">\n<td style=\"width: 22.2182%; border-style: hidden; height: 31px;\">10 de juliol de 2026<\/td>\n<td style=\"width: 58.2%; border-style: hidden; height: 31px;\"><a href=\"https:\/\/drive.google.com\/file\/d\/1QypULQJX2yxpatMwKJAoGb3o0WBezx1A\/view?usp=sharing\" target=\"_blank\" rel=\"noopener\"><strong><span style=\"font-size: 12pt;\"><img loading=\"lazy\" decoding=\"async\" class=\"alignleft wp-image-12942\" src=\"https:\/\/agora.xtec.cat\/iesbde\/wp-content\/uploads\/usu407\/2025\/03\/clica-aqui-1024x1024.png\" alt=\"\" width=\"50\" height=\"50\" srcset=\"https:\/\/agora.xtec.cat\/iesbde\/wp-content\/uploads\/usu407\/2025\/03\/clica-aqui-1024x1024.png 1024w, https:\/\/agora.xtec.cat\/iesbde\/wp-content\/uploads\/usu407\/2025\/03\/clica-aqui-300x300.png 300w, https:\/\/agora.xtec.cat\/iesbde\/wp-content\/uploads\/usu407\/2025\/03\/clica-aqui-200x200.png 200w, https:\/\/agora.xtec.cat\/iesbde\/wp-content\/uploads\/usu407\/2025\/03\/clica-aqui-768x768.png 768w, https:\/\/agora.xtec.cat\/iesbde\/wp-content\/uploads\/usu407\/2025\/03\/clica-aqui.png 1080w\" sizes=\"auto, (max-width: 50px) 100vw, 50px\" \/><\/span><\/strong><\/a><strong>Publicaci\u00f3 de la primera tanda d&#8217;assignacions<\/strong><\/p>\n<p>D&#8217;aquesta primera tanda d&#8217;assignacions s&#8217;obre un per\u00edode de matr\u00edcula per als alumnes que han obtingut la seva primera petici\u00f3.<\/td>\n<\/tr>\n<tr style=\"height: 31px;\">\n<td style=\"width: 22.2182%; border-style: hidden; height: 31px;\">Del 10 al 14 de juliol de 2026<\/td>\n<td style=\"width: 58.2%; border-style: hidden; height: 31px;\"><span style=\"font-size: 12pt;\"><strong>Confirma la matr\u00edcula o renuncia a la pla\u00e7a assignada 1a tanda<\/strong><\/span><\/p>\n<p>En\u00a0aquest per\u00edode, pots:<\/p>\n<ul>\n<li><strong>Confirmar la matr\u00edcula<\/strong>\u00a0en l\u00ednia si tens assignada la teva primera opci\u00f3 en la primera assignaci\u00f3; o<\/li>\n<li><strong>Millorar l&#8217;assignaci\u00f3<\/strong>; o<\/li>\n<li><strong>Renunciar<\/strong>\u00a0a la pla\u00e7a assignada.<\/li>\n<\/ul>\n<p>Has de tenir en compte que si renuncies o no fas la confirmaci\u00f3 de matr\u00edcula en l\u00ednia, perdr\u00e0s la pla\u00e7a assignada i quedar\u00e0s excl\u00f2s\/osa del proc\u00e9s.<\/p>\n<p><strong>Tot i haver confirmat la matr\u00edcula en l\u00ednia has de completar la matr\u00edcula adre\u00e7ant-te al centre assignat. Consulta l&#8217;apartat &#8216;A l&#8217;hora de completar la matriculaci\u00f3.<\/strong><\/td>\n<\/tr>\n<tr style=\"height: 121px;\">\n<td style=\"width: 22.2182%; border-style: hidden; height: 121px;\">De l&#8217;11 al 23 de juliol de 2026<\/td>\n<td style=\"width: 58.2%; border-style: hidden; height: 121px;\"><strong><span style=\"font-size: 12pt;\">Per\u00edode per completar la matr\u00edcula de la primera tanda d&#8217;assignacions<\/span><\/strong><\/p>\n<p>L&#8217;alumnat que hagi confirmat la matr\u00edcula en l\u00ednia <strong>rebr\u00e0 un correu electr\u00f2nic de Secretaria<\/strong> del centre amb les instruccions de com fer la matr\u00edcula.<\/p>\n<p>Nom\u00e9s poden formalitzar la matr\u00edcula en l\u00ednia els alumnes assignats a la primera petici\u00f3, per tant, si no us han assignat la primera petici\u00f3 us heu d&#8217;esperar al seg\u00fcent proc\u00e9s d&#8217;assignaci\u00f3 per si es pot millorar la vostra assignaci\u00f3. Si no, mantindreu l&#8217;opci\u00f3 aconseguida en aquest primer proc\u00e9s.<\/td>\n<\/tr>\n<tr style=\"height: 31px;\">\n<td style=\"width: 22.2182%; border-style: hidden; height: 31px;\">24 de juliol de 2026<\/td>\n<td style=\"width: 58.2%; border-style: hidden; height: 31px;\"><a href=\"https:\/\/drive.google.com\/file\/d\/1HaPzMTI-4JKUnjNNDtzMB3qEi7N8Wr2n\/view?usp=sharing\" target=\"_blank\" rel=\"noopener\"><strong><img loading=\"lazy\" decoding=\"async\" class=\"alignleft wp-image-12942\" src=\"https:\/\/agora.xtec.cat\/iesbde\/wp-content\/uploads\/usu407\/2025\/03\/clica-aqui-1024x1024.png\" alt=\"\" width=\"50\" height=\"50\" srcset=\"https:\/\/agora.xtec.cat\/iesbde\/wp-content\/uploads\/usu407\/2025\/03\/clica-aqui-1024x1024.png 1024w, https:\/\/agora.xtec.cat\/iesbde\/wp-content\/uploads\/usu407\/2025\/03\/clica-aqui-300x300.png 300w, https:\/\/agora.xtec.cat\/iesbde\/wp-content\/uploads\/usu407\/2025\/03\/clica-aqui-200x200.png 200w, https:\/\/agora.xtec.cat\/iesbde\/wp-content\/uploads\/usu407\/2025\/03\/clica-aqui-768x768.png 768w, https:\/\/agora.xtec.cat\/iesbde\/wp-content\/uploads\/usu407\/2025\/03\/clica-aqui.png 1080w\" sizes=\"auto, (max-width: 50px) 100vw, 50px\" \/><\/strong><\/a><strong>Llista de places assignades en la segona tanda d&#8217;assignaci\u00f3 i en la proposta d&#8217;assignaci\u00f3<\/strong><a href=\"https:\/\/drive.google.com\/file\/d\/1HaPzMTI-4JKUnjNNDtzMB3qEi7N8Wr2n\/view?usp=sharing\" target=\"_blank\" rel=\"noopener\"><strong><br \/>\n<\/strong><\/a>Consulta la llista de places<\/td>\n<\/tr>\n<tr style=\"height: 263px;\">\n<td style=\"width: 22.2182%; border-style: hidden; height: 263px;\">El 24 i el 28 de juliol de 2026<\/td>\n<td style=\"width: 58.2%; border-style: hidden; height: 263px;\"><span style=\"font-size: 12pt;\"><strong>Confirma la matr\u00edcula o renuncia a la pla\u00e7a assignada<\/strong><\/span><\/p>\n<p>En aquest per\u00edode, pots:<\/p>\n<ul>\n<li><strong>Confirmar la matr\u00edcula<\/strong>\u00a0en l\u00ednia si acceptes la pla\u00e7a assignada en la segona tanda d&#8217;assignaci\u00f3 o en la proposta d&#8217;assignaci\u00f3; o<\/li>\n<li><strong>Renunciar<\/strong>\u00a0a la pla\u00e7a assignada.<\/li>\n<\/ul>\n<p>Has de tenir en compte que si renuncies o no fas la confirmaci\u00f3 de matr\u00edcula en l\u00ednia, perdr\u00e0s la pla\u00e7a assignada i quedar\u00e0s excl\u00f2s\/osa del proc\u00e9s.<\/p>\n<p><strong>Tot i haver confirmat la matr\u00edcula en l\u00ednia has de completar la matr\u00edcula adre\u00e7ant-te al centre assignat. Consulta l&#8217;apartat &#8216;A l&#8217;hora de completar la matriculaci\u00f3.<\/strong><\/td>\n<\/tr>\n<tr style=\"height: 31px;\">\n<td style=\"width: 22.2182%; border-style: hidden; height: 31px;\">Del 24 al 28 de juliol de 2025<\/td>\n<td style=\"width: 58.2%; border-style: hidden; height: 31px;\"><strong>Per\u00edode de matr\u00edcula de la segona tanda d&#8217;assignacions (2a i \u00faltima tanda)<\/strong><\/p>\n<p>L&#8217;alumnat que hagi confirmat la matr\u00edcula en l\u00ednia <strong>rebr\u00e0 un correu electr\u00f2nic de Secretaria<\/strong> del centre amb les instruccions de com fer la matr\u00edcula.<\/td>\n<\/tr>\n<tr style=\"height: 31px;\">\n<td style=\"width: 22.2182%; border-style: hidden; height: 31px;\">Del 10 al 16 de juliol de 2026<\/td>\n<td style=\"width: 58.2%; border-style: hidden; height: 31px;\"><strong>Per\u00edode per completar la matr\u00edcula al centre (primera tanda)<\/strong><\/p>\n<div class=\"bloc-mobil\">\n<div class=\"descripcio link-dotted\">\n<p>Si has confirmat la matr\u00edcula en l\u00ednia de la pla\u00e7a assignada en la primera tanda d&#8217;assignaci\u00f3.<\/p>\n<\/div>\n<\/div>\n<\/td>\n<\/tr>\n<tr style=\"height: 223px;\">\n<td style=\"width: 22.2182%; border-style: hidden; height: 223px;\">Del 24 al 29 de juliol de 2026<\/td>\n<td style=\"width: 58.2%; border-style: hidden; height: 223px;\"><strong>Per\u00edode per completar la matr\u00edcula al centre (2a tanda i proposta d&#8217;assignaci\u00f3). Excepcionalment de l&#8217;1 al 3 de setembre de 2026.<\/strong><\/p>\n<div class=\"bloc-mobil\">\n<div class=\"descripcio link-dotted\">\n<p>Si has confirmat la matr\u00edcula en l\u00ednia de la pla\u00e7a assignada en la segona tanda d&#8217;assignaci\u00f3.<\/p>\n<\/div>\n<\/div>\n<\/td>\n<\/tr>\n<tr style=\"height: 47px;\">\n<td style=\"width: 22.2182%; border-style: hidden; height: 47px;\"><\/td>\n<td style=\"width: 58.2%; border-style: hidden; height: 47px;\"><\/td>\n<\/tr>\n<\/tbody>\n<\/table>\n<p><a href=\"https:\/\/preinscripcio.gencat.cat\/ca\/estudis\/fp-grau-mitja\/informat\/calendari\/\" target=\"_blank\" rel=\"noopener\">Calendari de preinscripci\u00f3 publicat pel Departament d\u2019Educaci\u00f3 i Formaci\u00f3 Professional de la Generalitat, mar\u00e7 2026.<\/a><\/p>\n<p>&nbsp;<\/p>\n","protected":false},"excerpt":{"rendered":"<p>Per qualsevol incid\u00e8ncia relacionada amb la vostra assignaci\u00f3 podeu presentar una reclamaci\u00f3 en <a href=\"https:\/\/web.gencat.cat\/ca\/tramits\/tramits-temes\/reclamacio-preinscripcio-postobligatoris?moda=1\" target=\"_blank\" rel=\"noopener\">AQUEST ENLLA\u00c7<\/a><\/p>\n<p>Vols estar informa&#8217;t de cada pas del proc\u00e9s de Preinscripci\u00f3? <a href=\"https:\/\/agora.xtec.cat\/iesbde\/general\/preinscripcio-cicles-formatius-canal-whatsapp\/\" target=\"_blank\" rel=\"noopener\">Subscriu-te al Canal de Whatsapp del Departament d&#8217;Educaci\u00f3 i Formaci\u00f3 Professional: Preinscripci\u00f3 FP<\/a><\/p>\n<p>CALENDARI Preinscripci\u00f3 i&hellip;  <a href=\"https:\/\/agora.xtec.cat\/iesbde\/secretaria\/preinscripcio-matricula\/cfgm-preinscripcio-i-matricula\/\" title=\"Read CFGM \u2013 Preinscripci\u00f3 i matr\u00edcula 2026-2027\">Llegeix m\u00e9s\u00bb<\/a><\/p>\n","protected":false},"author":117,"featured_media":0,"parent":10227,"menu_order":3,"comment_status":"closed","ping_status":"closed","template":"page-templates\/side-menu.php","meta":{"_bbp_topic_count":0,"_bbp_reply_count":0,"_bbp_total_topic_count":0,"_bbp_total_reply_count":0,"_bbp_voice_count":0,"_bbp_anonymous_reply_count":0,"_bbp_topic_count_hidden":0,"_bbp_reply_count_hidden":0,"_bbp_forum_subforum_count":0,"footnotes":""},"class_list":["post-10304","page","type-page","status-publish","hentry"],"post_mailing_queue_ids":[],"_links":{"self":[{"href":"https:\/\/agora.xtec.cat\/iesbde\/wp-json\/wp\/v2\/pages\/10304","targetHints":{"allow":["GET"]}}],"collection":[{"href":"https:\/\/agora.xtec.cat\/iesbde\/wp-json\/wp\/v2\/pages"}],"about":[{"href":"https:\/\/agora.xtec.cat\/iesbde\/wp-json\/wp\/v2\/types\/page"}],"author":[{"embeddable":true,"href":"https:\/\/agora.xtec.cat\/iesbde\/wp-json\/wp\/v2\/users\/117"}],"replies":[{"embeddable":true,"href":"https:\/\/agora.xtec.cat\/iesbde\/wp-json\/wp\/v2\/comments?post=10304"}],"version-history":[{"count":7,"href":"https:\/\/agora.xtec.cat\/iesbde\/wp-json\/wp\/v2\/pages\/10304\/revisions"}],"predecessor-version":[{"id":14189,"href":"https:\/\/agora.xtec.cat\/iesbde\/wp-json\/wp\/v2\/pages\/10304\/revisions\/14189"}],"up":[{"embeddable":true,"href":"https:\/\/agora.xtec.cat\/iesbde\/wp-json\/wp\/v2\/pages\/10227"}],"wp:attachment":[{"href":"https:\/\/agora.xtec.cat\/iesbde\/wp-json\/wp\/v2\/media?parent=10304"}],"curies":[{"name":"wp","href":"https:\/\/api.w.org\/{rel}","templated":true}]}}