{"id":10247,"date":"2023-02-23T12:05:40","date_gmt":"2023-02-23T11:05:40","guid":{"rendered":"https:\/\/agora.xtec.cat\/iesbde\/?page_id=10247"},"modified":"2026-02-13T09:08:55","modified_gmt":"2026-02-13T08:08:55","slug":"documents-de-secretaria","status":"publish","type":"page","link":"https:\/\/agora.xtec.cat\/iesbde\/secretaria\/documents-de-secretaria\/","title":{"rendered":"Documents de Secretaria"},"content":{"rendered":"<h3 style=\"text-align: left;\">Directori de documents<\/h3>\n<table style=\"border-collapse: collapse; width: 65.9061%; height: 314px;\">\n<tbody>\n<tr style=\"height: 33px;\">\n<td style=\"width: 52.6288%; height: 33px;\" colspan=\"2\"><strong><span style=\"font-size: 12pt;\">Tipus de document<\/span><\/strong><\/td>\n<td style=\"width: 18.0246%; text-align: center; height: 33px;\"><strong><span style=\"font-size: 12pt;\">Desc\u00e0rrega<\/span><\/strong><\/td>\n<\/tr>\n<tr style=\"height: 32px;\">\n<td style=\"width: 52.6288%; height: 35px;\" colspan=\"2\">Sol\u00b7licitud general<\/td>\n<td style=\"width: 18.0246%; height: 35px; text-align: center;\"><a href=\"https:\/\/drive.google.com\/file\/d\/1036Wvc8UwHykyl-EYC_mPpTEHgfYTr4w\/view?usp=sharing\" target=\"_blank\" rel=\"noopener\"><img loading=\"lazy\" decoding=\"async\" class=\"aligncenter size-full wp-image-7292\" src=\"https:\/\/agora.xtec.cat\/iesbde\/wp-content\/uploads\/usu407\/2020\/11\/Documents-e1612375137173.png\" alt=\"\" width=\"20\" height=\"19\" \/><\/a><\/td>\n<\/tr>\n<tr style=\"height: 32px;\">\n<td style=\"width: 52.6288%; height: 35px;\" colspan=\"2\">Sol\u00b7licitud de convalidaci\u00f3 d&#8217;estudis de formaci\u00f3 professional espec\u00edfica<\/td>\n<td style=\"width: 18.0246%; height: 35px;\"><a href=\"https:\/\/drive.google.com\/file\/d\/1GibbmgO5ynHYd6nvSsdnIhoVRwgxzuyk\/view?usp=sharing\" target=\"_blank\" rel=\"noopener\"><img loading=\"lazy\" decoding=\"async\" class=\"aligncenter wp-image-7292 size-full\" src=\"https:\/\/agora.xtec.cat\/iesbde\/wp-content\/uploads\/usu407\/2020\/11\/Documents-e1612375137173.png\" alt=\"\" width=\"20\" height=\"19\" \/><\/a><\/td>\n<\/tr>\n<tr style=\"height: 32px;\">\n<td style=\"width: 52.6288%; height: 35px;\" colspan=\"2\">Sol\u00b7licitud de devoluci\u00f3 de l&#8217;import de la matr\u00edcula de cicles formatius<\/td>\n<td style=\"width: 18.0246%; height: 35px;\"><a href=\"https:\/\/drive.google.com\/file\/d\/1GpY4Twac3cyb9_F1OkSXV4pBoN-Hg_p5\/view?usp=sharing\" target=\"_blank\" rel=\"noopener\"><img loading=\"lazy\" decoding=\"async\" class=\"aligncenter size-full wp-image-7292\" src=\"https:\/\/agora.xtec.cat\/iesbde\/wp-content\/uploads\/usu407\/2020\/11\/Documents-e1612375137173.png\" alt=\"\" width=\"20\" height=\"19\" \/><\/a><\/td>\n<\/tr>\n<tr style=\"height: 32px;\">\n<td style=\"width: 52.6288%; height: 35px;\" colspan=\"2\">Sol\u00b7licitud de devoluci\u00f3 de l&#8217;import de sortides<\/td>\n<td style=\"width: 18.0246%; height: 35px;\"><a href=\"https:\/\/drive.google.com\/file\/d\/18S5C0KD0u3PbPg_4QTz0wJ8v9NFk5d2w\/view?usp=sharing\" target=\"_blank\" rel=\"noopener\"><img loading=\"lazy\" decoding=\"async\" class=\"aligncenter size-full wp-image-7292\" src=\"https:\/\/agora.xtec.cat\/iesbde\/wp-content\/uploads\/usu407\/2020\/11\/Documents-e1612375137173.png\" alt=\"\" width=\"20\" height=\"19\" \/><\/a><\/td>\n<\/tr>\n<tr>\n<td style=\"width: 52.6288%;\" colspan=\"2\">Sol\u00b7licitud de devoluci\u00f3 d&#8217;un pagament erroni<\/td>\n<td style=\"width: 18.0246%;\"><a href=\"https:\/\/drive.google.com\/file\/d\/1K7T1rC_I5TtiIxN4XOiP1mO-_ARbc7wQ\/view?usp=sharing\" target=\"_blank\" rel=\"noopener\"><img loading=\"lazy\" decoding=\"async\" class=\"aligncenter wp-image-7292\" src=\"https:\/\/agora.xtec.cat\/iesbde\/wp-content\/uploads\/usu407\/2020\/11\/Documents-e1612375137173.png\" alt=\"\" width=\"18\" height=\"17\" \/><\/a><\/td>\n<\/tr>\n<tr style=\"height: 32px;\">\n<td style=\"height: 35px;\" colspan=\"2\">Sol\u00b7licitud de baixa del centre<\/td>\n<td style=\"width: 18.0246%; height: 35px;\"><a href=\"https:\/\/drive.google.com\/file\/d\/1_ivZUIAe9pvGpL5ly5JbXrot3yY89CQH\/view?usp=sharing\" target=\"_blank\" rel=\"noopener\"><img loading=\"lazy\" decoding=\"async\" class=\"aligncenter size-full wp-image-7292\" src=\"https:\/\/agora.xtec.cat\/iesbde\/wp-content\/uploads\/usu407\/2020\/11\/Documents-e1612375137173.png\" alt=\"\" width=\"20\" height=\"19\" \/><\/a><\/td>\n<\/tr>\n<tr style=\"height: 32px;\">\n<td style=\"height: 35px;\" colspan=\"2\">Justificants d&#8217;abs\u00e8ncia<\/td>\n<td style=\"width: 18.0246%; height: 35px;\"><a href=\"https:\/\/drive.google.com\/file\/d\/1xrCKYLf1dF-DpouDBTK0XKBO-oyGr6-W\/view?usp=sharing\" target=\"_blank\" rel=\"noopener\"><img loading=\"lazy\" decoding=\"async\" class=\"aligncenter size-full wp-image-7292\" src=\"https:\/\/agora.xtec.cat\/iesbde\/wp-content\/uploads\/usu407\/2020\/11\/Documents-e1612375137173.png\" alt=\"\" width=\"20\" height=\"19\" \/><\/a><\/td>\n<\/tr>\n<tr style=\"height: 71px;\">\n<td style=\"height: 71px; text-align: left; vertical-align: middle;\" colspan=\"2\">Autoritzaci\u00f3 de recollida de notes per part d&#8217;una tercera persona<\/p>\n<p>(presentar al\/a la tutor\/a de l&#8217;alumne\/a)<\/td>\n<td style=\"width: 18.0246%; height: 71px; text-align: left; vertical-align: middle;\"><a href=\"https:\/\/drive.google.com\/file\/d\/17QiQ92ahU8sIcxAR812rnyDBU7hsmVg4\/view?usp=sharing\" target=\"_blank\" rel=\"noopener\"><img loading=\"lazy\" decoding=\"async\" class=\"aligncenter size-full wp-image-7292\" src=\"https:\/\/agora.xtec.cat\/iesbde\/wp-content\/uploads\/usu407\/2020\/11\/Documents-e1612375137173.png\" alt=\"\" width=\"20\" height=\"19\" \/><\/a><\/td>\n<\/tr>\n<tr>\n<td style=\"width: 52.6288%; text-align: left; vertical-align: middle;\" colspan=\"2\">Autoritzaci\u00f3 de recollida d&#8217;un t\u00edtol<\/td>\n<td style=\"width: 18.0246%; text-align: left; vertical-align: middle;\"><a href=\"https:\/\/drive.google.com\/file\/d\/189OJ3Mij6dmuaV0_ViAgz215dzdgrZ69\/view?usp=sharing\" target=\"_blank\" rel=\"noopener\"><img loading=\"lazy\" decoding=\"async\" class=\"aligncenter wp-image-7292 size-full\" src=\"https:\/\/agora.xtec.cat\/iesbde\/wp-content\/uploads\/usu407\/2020\/11\/Documents-e1612375137173.png\" alt=\"\" width=\"20\" height=\"19\" \/><\/a><\/td>\n<\/tr>\n<\/tbody>\n<\/table>\n<p><strong>Per formalitzar el tr\u00e0mit s&#8217;haur\u00e0 de presentar el document omplert i signat a Secretaria.<\/strong><\/p>\n","protected":false},"excerpt":{"rendered":"<p>Directori de documents<\/p>\n<p>Tipus de document<br \/>\nDesc\u00e0rrega<\/p>\n<p>Sol\u00b7licitud general<br \/>\n<a href=\"https:\/\/drive.google.com\/file\/d\/1036Wvc8UwHykyl-EYC_mPpTEHgfYTr4w\/view?usp=sharing\" target=\"_blank\" rel=\"noopener\"><\/a><\/p>\n<p>Sol\u00b7licitud de convalidaci\u00f3 d&#8217;estudis de formaci\u00f3 professional espec\u00edfica<br \/>\n<a href=\"https:\/\/drive.google.com\/file\/d\/1GibbmgO5ynHYd6nvSsdnIhoVRwgxzuyk\/view?usp=sharing\" target=\"_blank\" rel=\"noopener\"><\/a><\/p>\n<p>Sol\u00b7licitud de devoluci\u00f3 de l&#8217;import de la matr\u00edcula de cicles formatius<br \/>\n<a href=\"https:\/\/drive.google.com\/file\/d\/1GpY4Twac3cyb9_F1OkSXV4pBoN-Hg_p5\/view?usp=sharing\" target=\"_blank\" rel=\"noopener\"><\/a><\/p>\n<p>Sol\u00b7licitud de devoluci\u00f3 de l&#8217;import de sortides<br \/>\n<a href=\"https:\/\/drive.google.com\/file\/d\/18S5C0KD0u3PbPg_4QTz0wJ8v9NFk5d2w\/view?usp=sharing\" target=\"_blank\" rel=\"noopener\"><\/a><\/p>\n<p>Sol\u00b7licitud de devoluci\u00f3 d&#8217;un pagament&hellip;  <a href=\"https:\/\/agora.xtec.cat\/iesbde\/secretaria\/documents-de-secretaria\/\" title=\"Read Documents de Secretaria\">Llegeix m\u00e9s\u00bb<\/a><\/p>\n","protected":false},"author":117,"featured_media":0,"parent":81,"menu_order":4,"comment_status":"closed","ping_status":"closed","template":"page-templates\/side-menu.php","meta":{"_bbp_topic_count":0,"_bbp_reply_count":0,"_bbp_total_topic_count":0,"_bbp_total_reply_count":0,"_bbp_voice_count":0,"_bbp_anonymous_reply_count":0,"_bbp_topic_count_hidden":0,"_bbp_reply_count_hidden":0,"_bbp_forum_subforum_count":0,"footnotes":""},"class_list":["post-10247","page","type-page","status-publish","hentry"],"post_mailing_queue_ids":[],"_links":{"self":[{"href":"https:\/\/agora.xtec.cat\/iesbde\/wp-json\/wp\/v2\/pages\/10247","targetHints":{"allow":["GET"]}}],"collection":[{"href":"https:\/\/agora.xtec.cat\/iesbde\/wp-json\/wp\/v2\/pages"}],"about":[{"href":"https:\/\/agora.xtec.cat\/iesbde\/wp-json\/wp\/v2\/types\/page"}],"author":[{"embeddable":true,"href":"https:\/\/agora.xtec.cat\/iesbde\/wp-json\/wp\/v2\/users\/117"}],"replies":[{"embeddable":true,"href":"https:\/\/agora.xtec.cat\/iesbde\/wp-json\/wp\/v2\/comments?post=10247"}],"version-history":[{"count":6,"href":"https:\/\/agora.xtec.cat\/iesbde\/wp-json\/wp\/v2\/pages\/10247\/revisions"}],"predecessor-version":[{"id":14086,"href":"https:\/\/agora.xtec.cat\/iesbde\/wp-json\/wp\/v2\/pages\/10247\/revisions\/14086"}],"up":[{"embeddable":true,"href":"https:\/\/agora.xtec.cat\/iesbde\/wp-json\/wp\/v2\/pages\/81"}],"wp:attachment":[{"href":"https:\/\/agora.xtec.cat\/iesbde\/wp-json\/wp\/v2\/media?parent=10247"}],"curies":[{"name":"wp","href":"https:\/\/api.w.org\/{rel}","templated":true}]}}