{"id":10244,"date":"2023-02-23T11:58:25","date_gmt":"2023-02-23T10:58:25","guid":{"rendered":"https:\/\/agora.xtec.cat\/iesbde\/?page_id=10244"},"modified":"2024-12-18T09:03:40","modified_gmt":"2024-12-18T08:03:40","slug":"beques","status":"publish","type":"page","link":"https:\/\/agora.xtec.cat\/iesbde\/secretaria\/beques\/","title":{"rendered":"Beques a l&#8217;alumnat"},"content":{"rendered":"<h5><\/h5>\n<p>El <a href=\"https:\/\/www.becaseducacion.gob.es\/becas-y-ayudas.html\" target=\"_blank\" rel=\"noopener\"><em>Ministerio de Educaci\u00f3n y formaci\u00f3n profesional<\/em><\/a> ofereix anualment beques per l&#8217;alumnat. Pel curs 2024-2025 s\u00f3n:<\/p>\n<table style=\"border-collapse: collapse; width: 100%;\">\n<tbody>\n<tr>\n<td style=\"width: 50%; text-align: center;\"><span style=\"font-size: 14pt;\"><strong><a href=\"https:\/\/agora.xtec.cat\/iesbde\/secretaria\/beques\/beques-postobligatoris\/\">Postobligatoris (alumnat de Batxillerat i Cicles Formatius)<\/a><\/strong><\/span><\/td>\n<td style=\"width: 50%; text-align: center;\"><span style=\"font-size: 14pt;\"><strong><a href=\"https:\/\/agora.xtec.cat\/iesbde\/secretaria\/beques\/beques-nese\/\">NEAE &#8211; <em>Necesidades Espec\u00edficas de Apoyo Educativo<\/em><\/a><\/strong><\/span><\/td>\n<\/tr>\n<\/tbody>\n<\/table>\n<hr \/>\n<p>S&#8217;ha de tenir en compte que \u00e9s incompatible l&#8217;obtenci\u00f3 de les dues beques simult\u00e0niament.<\/p>\n<p>&nbsp;<\/p>\n<p>&nbsp;<\/p>\n<p>&nbsp;<\/p>\n<p>&nbsp;<\/p>\n<p>&nbsp;<\/p>\n<p>&nbsp;<\/p>\n<p>&nbsp;<\/p>\n<p>&nbsp;<\/p>\n<p>&nbsp;<\/p>\n<p>&nbsp;<\/p>\n<p>&nbsp;<\/p>\n<p>&nbsp;<\/p>\n<p>&nbsp;<\/p>\n","protected":false},"excerpt":{"rendered":"<p>El <a href=\"https:\/\/www.becaseducacion.gob.es\/becas-y-ayudas.html\" target=\"_blank\" rel=\"noopener\">Ministerio de Educaci\u00f3n y formaci\u00f3n profesional<\/a> ofereix anualment beques per l&#8217;alumnat. Pel curs 2024-2025 s\u00f3n:<\/p>\n<p><a href=\"https:\/\/agora.xtec.cat\/iesbde\/secretaria\/beques\/beques-postobligatoris\/\">Postobligatoris (alumnat de Batxillerat i Cicles Formatius)<\/a><br \/>\n<a href=\"https:\/\/agora.xtec.cat\/iesbde\/secretaria\/beques\/beques-nese\/\">NEAE &#8211; Necesidades Espec\u00edficas de Apoyo Educativo<\/a><\/p>\n<p>S&#8217;ha de tenir en compte que \u00e9s incompatible l&#8217;obtenci\u00f3 de les dues beques&hellip;  <a href=\"https:\/\/agora.xtec.cat\/iesbde\/secretaria\/beques\/\" title=\"Read Beques a l&#8217;alumnat\">Llegeix m\u00e9s\u00bb<\/a><\/p>\n","protected":false},"author":117,"featured_media":0,"parent":81,"menu_order":3,"comment_status":"closed","ping_status":"closed","template":"page-templates\/side-menu.php","meta":{"_bbp_topic_count":0,"_bbp_reply_count":0,"_bbp_total_topic_count":0,"_bbp_total_reply_count":0,"_bbp_voice_count":0,"_bbp_anonymous_reply_count":0,"_bbp_topic_count_hidden":0,"_bbp_reply_count_hidden":0,"_bbp_forum_subforum_count":0,"footnotes":""},"class_list":["post-10244","page","type-page","status-publish","hentry"],"post_mailing_queue_ids":[],"_links":{"self":[{"href":"https:\/\/agora.xtec.cat\/iesbde\/wp-json\/wp\/v2\/pages\/10244","targetHints":{"allow":["GET"]}}],"collection":[{"href":"https:\/\/agora.xtec.cat\/iesbde\/wp-json\/wp\/v2\/pages"}],"about":[{"href":"https:\/\/agora.xtec.cat\/iesbde\/wp-json\/wp\/v2\/types\/page"}],"author":[{"embeddable":true,"href":"https:\/\/agora.xtec.cat\/iesbde\/wp-json\/wp\/v2\/users\/117"}],"replies":[{"embeddable":true,"href":"https:\/\/agora.xtec.cat\/iesbde\/wp-json\/wp\/v2\/comments?post=10244"}],"version-history":[{"count":6,"href":"https:\/\/agora.xtec.cat\/iesbde\/wp-json\/wp\/v2\/pages\/10244\/revisions"}],"predecessor-version":[{"id":12701,"href":"https:\/\/agora.xtec.cat\/iesbde\/wp-json\/wp\/v2\/pages\/10244\/revisions\/12701"}],"up":[{"embeddable":true,"href":"https:\/\/agora.xtec.cat\/iesbde\/wp-json\/wp\/v2\/pages\/81"}],"wp:attachment":[{"href":"https:\/\/agora.xtec.cat\/iesbde\/wp-json\/wp\/v2\/media?parent=10244"}],"curies":[{"name":"wp","href":"https:\/\/api.w.org\/{rel}","templated":true}]}}