{"id":10232,"date":"2023-02-23T11:59:32","date_gmt":"2023-02-23T10:59:32","guid":{"rendered":"https:\/\/agora.xtec.cat\/iesbde\/?page_id=10232"},"modified":"2026-02-18T13:36:59","modified_gmt":"2026-02-18T12:36:59","slug":"certificats","status":"publish","type":"page","link":"https:\/\/agora.xtec.cat\/iesbde\/secretaria\/certificats\/","title":{"rendered":"Certificats"},"content":{"rendered":"<p style=\"font-family: 'Helvetica Neue', Helvetica, Helvetica, Arial, sans-serif; font-size: 16px;\"><span style=\"font-size: 12pt;\">Per poder sol\u00b7licitar el certificat que us sigui necessari, haureu d&#8217;emplenar un formulari, tot indicant el certificat sol\u00b7licitat i adjuntant la documentaci\u00f3 que es demana. Els certificats s&#8217;entreguen en un termini aproximat de 2 &#8211; 3 dies des del moment en qu\u00e8 rebem la sol\u00b7licitud i comprovem l&#8217;expedient de la persona sol\u00b7licitant. S&#8217;ha de tenir en compte que durant els per\u00edodes de vacances no s&#8217;emeten certificats (Setmana Santa, estiu i Nadal).<\/span><\/p>\n<p style=\"font-family: 'Helvetica Neue', Helvetica, Helvetica, Arial, sans-serif; font-size: 16px;\"><span style=\"font-size: 12pt;\">Podeu demanar els certificats en format paper o en format digital (c\u00f2pia aut\u00e8ntica), ho haureu d&#8217;especificar quan feu la petici\u00f3.<\/span><\/p>\n<table class=\" alignleft\" style=\"height: 274px; width: 96.051%; border-collapse: collapse; border-style: hidden;\">\n<tbody>\n<tr>\n<td style=\"width: 1556.64px; background-color: #f1dde8;\"><span style=\"font-size: 12pt;\">Els certificats m\u00e9s comuns que expedim s\u00f3n:<\/span><\/p>\n<ul>\n<li><span style=\"font-size: 12pt;\"><span style=\"font-size: 12pt;\"><span style=\"font-size: 12pt;\"><span style=\"font-size: 12pt;\">Certificat de nivell de <strong>catal\u00e0<\/strong> <strong>B2<\/strong> (si us plau, comprova pr\u00e8viament si compleixes els requisits que especifica la Normativa descrita unes l\u00ednies m\u00e9s avall)<\/span><\/span><\/span><\/span><\/li>\n<li><span style=\"font-size: 12pt;\"><span style=\"font-size: 12pt;\">Certificat de nivell de <strong>catal\u00e0 C1<\/strong> (si us plau, comprova pr\u00e8viament si compleixes els requisits que especifica la Normativa descrita unes l\u00ednies m\u00e9s avall)<\/span><\/span><\/li>\n<li><span style=\"font-size: 12pt;\">Certificat justificatiu de<strong> matr\u00edcula actual<\/strong> al centre<\/span><\/li>\n<li><span style=\"font-size: 12pt;\">Certificat d&#8217;<strong>haver estat matriculat<\/strong> al centre<\/span><\/li>\n<li><span style=\"font-size: 12pt;\">Certificat de <strong>qualificacions<\/strong><\/span><\/li>\n<li><span style=\"font-size: 12pt;\">Certificat de <strong>finalitzaci\u00f3 de cicle formatiu<\/strong><\/span><\/li>\n<li><span style=\"font-size: 12pt;\">Certificat d&#8217;<strong>estudis de t\u00e8cnic\/a superior per a l&#8217;acc\u00e9s a estudis universitaris<\/strong><\/span><\/li>\n<li><strong><span style=\"font-size: 12pt;\">Historial acad\u00e8mic<\/span><\/strong><\/li>\n<\/ul>\n<\/td>\n<\/tr>\n<\/tbody>\n<\/table>\n<p><a href=\"https:\/\/forms.gle\/vCFSS1evq6kWDhtU8\" target=\"_blank\" rel=\"noopener\"><img loading=\"lazy\" decoding=\"async\" class=\"wp-image-13097 aligncenter\" src=\"https:\/\/agora.xtec.cat\/iesbde\/wp-content\/uploads\/usu407\/2025\/04\/Sollicitud-certificat-1-e1743671915507.png\" alt=\"\" width=\"315\" height=\"104\" srcset=\"https:\/\/agora.xtec.cat\/iesbde\/wp-content\/uploads\/usu407\/2025\/04\/Sollicitud-certificat-1-e1743671915507.png 499w, https:\/\/agora.xtec.cat\/iesbde\/wp-content\/uploads\/usu407\/2025\/04\/Sollicitud-certificat-1-e1743671915507-300x99.png 300w, https:\/\/agora.xtec.cat\/iesbde\/wp-content\/uploads\/usu407\/2025\/04\/Sollicitud-certificat-1-e1743671915507-200x66.png 200w\" sizes=\"auto, (max-width: 315px) 100vw, 315px\" \/><\/a><\/p>\n<h3><b>CERTIFICAT D\u2019EQUIVAL\u00c8NCIA DEL NIVELL B2 o C1 DE LLENGUA CATALANA<br \/>\n<\/b><\/h3>\n<p>El centre actua tamb\u00e9 com a oficina gestora de la Direcci\u00f3 General de Pol\u00edtica Ling\u00fc\u00edstica i emet certificats acreditatius d\u2019equival\u00e8ncia del\u00a0<strong>nivell B2<\/strong>\u00a0<b>(certificat de nivell intermedi de catal\u00e0) i nivell C1 (certificat de nivell de sufici\u00e8ncia de catal\u00e0), tant per alumnat propi com ali\u00e8\u00a0<\/b>(altres centres p\u00fablics com privats\/concertats).<\/p>\n<p>Aqu\u00ed teniu el detall dels requisits que heu de complir perqu\u00e8 puguem expedir tant el nivell B2 com el nivell C1:<\/p>\n<p><strong>Certificat de nivell de sufici\u00e8ncia de catal\u00e0 (C1), que es correspon amb el nivell C1 del Marc europeu com\u00fa de refer\u00e8ncia per a les lleng\u00fces (MECR).<\/strong><\/p>\n<p>T\u00edtols, diplomes i certificats que es consideren equivalents:<\/p>\n<ul>\n<li>T\u00edtol de graduaci\u00f3 en educaci\u00f3 secund\u00e0ria (ESO) sempre que s\u2019hagin cursat a Catalunya almenys tres cursos qualssevol de prim\u00e0ria i tota l\u2019ESO, i s\u2019hagi cursat i aprovat la mat\u00e8ria de llengua catalana en la totalitat dels estudis m\u00ednims esmentats. El requisit d\u2019acreditaci\u00f3 d\u2019haver aprovat la mat\u00e8ria de llengua catalana \u00e9s d\u2019aplicaci\u00f3 als t\u00edtols de graduaci\u00f3 en educaci\u00f3 secund\u00e0ria obtinguts a partir del curs 2007-2008.<\/li>\n<li>T\u00edtol de graduaci\u00f3 en educaci\u00f3 secund\u00e0ria obtingut a centres i aules de formaci\u00f3 de persones adultes, sempre que s\u2019hagin cursat a Catalunya almenys vuit cursos qualssevol entre la prim\u00e0ria i l\u2019ESO, i que s\u2019hagi cursat i aprovat l\u2019\u00e0rea de llengua catalana als centres i aules de formaci\u00f3 de persones adultes.<\/li>\n<li>T\u00edtol de batxillerat (LOGSE) sempre que s\u2019hagin cursat a Catalunya tres cursos qualssevol de prim\u00e0ria i cinc cursos qualssevol entre l\u2019ESO i el batxillerat i s\u2019hagi cursat i aprovat la mat\u00e8ria de llengua catalana en la totalitat dels estudis m\u00ednims esmentats.<\/li>\n<li>T\u00edtol de batxillerat (BUP), sempre que s\u2019hagi cursat tota l\u2019EGB i el BUP a Catalunya i s\u2019hagi cursat i aprovat de manera oficial la mat\u00e8ria de llengua catalana en la totalitat dels estudis esmentats a partir del curs 1978-1979.<\/li>\n<li>T\u00edtol de t\u00e8cnic\/a especialista (FP2) sempre que s\u2019hagi cursat tota l\u2019EGB, l\u2019FP1 i l\u2019FP2 a Catalunya i s\u2019hagi cursat i aprovat de manera oficial la mat\u00e8ria de llengua catalana en la totalitat dels estudis esmentats a partir del curs 1978-1979.<\/li>\n<\/ul>\n<p><strong>Certificat de nivell intermedi de catal\u00e0 (B2), que es correspon amb el nivell B2 del Marc europeu com\u00fa de refer\u00e8ncia per a les lleng\u00fces (MECR).<\/strong><\/p>\n<p>T\u00edtols, diplomes i certificats que es consideren equivalents:<\/p>\n<ul>\n<li>T\u00edtol de graduaci\u00f3 escolar (EGB), sempre que s\u2019hagi cursat tota l\u2019EGB a Catalunya i s\u2019hagi cursat la mat\u00e8ria de llengua catalana en la totalitat dels estudis esmentats a partir del curs 1978-1979.<\/li>\n<li>T\u00edtol de t\u00e8cnic\/a auxiliar (FP1), sempre que s\u2019hagi cursat tota l\u2019EGB i l\u2019FP1 a Catalunya i s\u2019hagi cursat la mat\u00e8ria de llengua catalana en la totalitat dels estudis esmentats a partir del curs 1978-1979.<\/li>\n<li>T\u00edtol de graduaci\u00f3 en educaci\u00f3 secund\u00e0ria (ESO), sempre que s\u2019hagi cursat i aprovat l\u2019assignatura de llengua catalana durant la totalitat de l\u2019educaci\u00f3 secund\u00e0ria obligat\u00f2ria i, com a m\u00ednim, quatre cursos de l\u2019educaci\u00f3 prim\u00e0ria a centres de l\u2019Arag\u00f3.<\/li>\n<\/ul>\n<table style=\"height: 289px; width: 51.8873%; border-collapse: collapse; border-style: hidden;\">\n<tbody>\n<tr>\n<td style=\"width: 100%; background-color: #f1dde8;\">\n<p style=\"font-family: 'Helvetica Neue', Helvetica, Helvetica, Arial, sans-serif; font-size: 16px;\"><span style=\"font-size: 18pt;\"><strong>No es tenen en compte:<\/strong><\/span><\/p>\n<ul style=\"font-size: 16px; font-family: 'Helvetica Neue', Helvetica, Helvetica, Arial, sans-serif; list-style-type: square;\">\n<li>les proves d&#8217;acc\u00e9s per a m\u00e9s grans de 25 anys,<\/li>\n<li>les proves d&#8217;acc\u00e9s a la universitat,<\/li>\n<li>l&#8217;acc\u00e9s als cicles formatius,<\/li>\n<li>els cicles formatius de grau mitj\u00e0 o de grau superior,<\/li>\n<li>les equival\u00e8ncies a les titulacions.<\/li>\n<\/ul>\n<\/td>\n<\/tr>\n<\/tbody>\n<\/table>\n<h4><strong>Normativa<\/strong><\/h4>\n<p>S\u2019estableixen a\u00a0l\u2018<strong><a href=\"http:\/\/www20.gencat.cat\/docs\/Llengcat\/Documents\/Legislacio\/Recull%20de%20normativa\/Ensenyament\/Arxius\/ens_equiv.pdf\" target=\"_blank\" rel=\"noopener noreferrer\">Ordre VCP\/491\/2009,<\/a><\/strong>\u00a0de 12 de novembre, per la qual es refonen i s\u2019actualitzen els t\u00edtols, diplomes i certificats equivalents als certificats de coneixements de catal\u00e0 de la Secretaria de Pol\u00edtica Ling\u00fc\u00edstica, modificada per l<a href=\"http:\/\/www20.gencat.cat\/portal\/site\/portaldogc\/menuitem.c973d2fc58aa0083e4492d92b0c0e1a0\/?vgnextoid=485946a6e5dfe210VgnVCM1000000b0c1e0aRCRD&amp;appInstanceName=default&amp;action=fitxa&amp;documentId=519344&amp;language=ca_ES&amp;newLang=ca_ES\" target=\"_blank\" rel=\"noopener noreferrer\">\u2018<strong>Ordre VCP\/233\/2010<\/strong><\/a>,\u00a0de 12 d\u2019abril.<\/p>\n<p><a href=\"https:\/\/llengua.gencat.cat\/ca\/serveis\/acreditacio_coneixements\/certificats_de_catala\/\" target=\"_blank\" rel=\"noopener\"><strong>Proves per obtenir certificats i acreditacions de catal\u00e0 &#8211; Direcci\u00f3 General de Pol\u00edtica Ling\u00fc\u00edstica\u00a0<\/strong><\/a><\/p>\n<p><strong><a style=\"color: #2795b6;\" href=\"https:\/\/ovt.gencat.cat\/gsitfc\/AppJava\/generic\/conqxsGeneric.do?webFormId=11&amp;set-locale=ca_ES&amp;topicLevel1.id=1268&amp;topicLevel2.id=18163&amp;topicLevel3.id=18183\" target=\"_blank\" rel=\"noopener\">Enlla\u00e7 al formulari de consulta\/queixa\/suggeriment a la Generalitat de Catalunya sobre Certificats de catal\u00e0<\/a><\/strong><\/p>\n","protected":false},"excerpt":{"rendered":"<p>Per poder sol\u00b7licitar el certificat que us sigui necessari, haureu d&#8217;emplenar un formulari, tot indicant el certificat sol\u00b7licitat i adjuntant la documentaci\u00f3 que es demana. Els certificats s&#8217;entreguen en un termini aproximat de 2 &#8211; 3 dies des del moment en qu\u00e8 rebem la sol\u00b7licitud&hellip;  <a href=\"https:\/\/agora.xtec.cat\/iesbde\/secretaria\/certificats\/\" title=\"Read Certificats\">Llegeix m\u00e9s\u00bb<\/a><\/p>\n","protected":false},"author":117,"featured_media":0,"parent":81,"menu_order":1,"comment_status":"closed","ping_status":"closed","template":"page-templates\/side-menu.php","meta":{"_bbp_topic_count":0,"_bbp_reply_count":0,"_bbp_total_topic_count":0,"_bbp_total_reply_count":0,"_bbp_voice_count":0,"_bbp_anonymous_reply_count":0,"_bbp_topic_count_hidden":0,"_bbp_reply_count_hidden":0,"_bbp_forum_subforum_count":0,"footnotes":""},"class_list":["post-10232","page","type-page","status-publish","hentry"],"post_mailing_queue_ids":[],"_links":{"self":[{"href":"https:\/\/agora.xtec.cat\/iesbde\/wp-json\/wp\/v2\/pages\/10232","targetHints":{"allow":["GET"]}}],"collection":[{"href":"https:\/\/agora.xtec.cat\/iesbde\/wp-json\/wp\/v2\/pages"}],"about":[{"href":"https:\/\/agora.xtec.cat\/iesbde\/wp-json\/wp\/v2\/types\/page"}],"author":[{"embeddable":true,"href":"https:\/\/agora.xtec.cat\/iesbde\/wp-json\/wp\/v2\/users\/117"}],"replies":[{"embeddable":true,"href":"https:\/\/agora.xtec.cat\/iesbde\/wp-json\/wp\/v2\/comments?post=10232"}],"version-history":[{"count":6,"href":"https:\/\/agora.xtec.cat\/iesbde\/wp-json\/wp\/v2\/pages\/10232\/revisions"}],"predecessor-version":[{"id":14090,"href":"https:\/\/agora.xtec.cat\/iesbde\/wp-json\/wp\/v2\/pages\/10232\/revisions\/14090"}],"up":[{"embeddable":true,"href":"https:\/\/agora.xtec.cat\/iesbde\/wp-json\/wp\/v2\/pages\/81"}],"wp:attachment":[{"href":"https:\/\/agora.xtec.cat\/iesbde\/wp-json\/wp\/v2\/media?parent=10232"}],"curies":[{"name":"wp","href":"https:\/\/api.w.org\/{rel}","templated":true}]}}