{"id":81,"date":"2014-09-18T10:38:05","date_gmt":"2014-09-18T10:38:05","guid":{"rendered":"http:\/\/agora.xtec.cat\/iesbanus\/?page_id=81"},"modified":"2024-08-09T10:12:01","modified_gmt":"2024-08-09T08:12:01","slug":"secretaria","status":"publish","type":"page","link":"https:\/\/agora.xtec.cat\/iesbanus\/secretaria\/","title":{"rendered":"Secretaria"},"content":{"rendered":"<p>La secretaria del centre \u00e9s l&#8217;encarregada de les gestions i els tr\u00e0mits acad\u00e8mics.<\/p>\n<h5><strong>Horari d&#8217;atenci\u00f3<\/strong><\/h5>\n<p>De dilluns a divendres de 8:00h a 14:30h.<\/p>\n<h5><strong>Tr\u00e0mits<\/strong><\/h5>\n<ul>\n<li style=\"list-style-type: none;\">\n<ul>\n<li>Certificats acad\u00e8mics<\/li>\n<li>Gesti\u00f3 de t\u00edtols<\/li>\n<li>Recollida de justificants de pagament de sortides<\/li>\n<li>Matr\u00edcules i preinscripcions<\/li>\n<li>Gesti\u00f3 de beques i ajuts<\/li>\n<li>En nom de l&#8217;AMPA tamb\u00e9 recull els\u00a0justificants de pagament de la quota d&#8217;aquesta<\/li>\n<\/ul>\n<\/li>\n<\/ul>\n<h5><strong>Personal<\/strong><\/h5>\n<div id=\"panel-155-0-0-1\" class=\"so-panel widget widget_black-studio-tinymce widget_black_studio_tinymce\">\n<div class=\"textwidget\">\n<ul>\n<li style=\"list-style-type: none;\">\n<ul>\n<li>S\u00edlvia<\/li>\n<li>Daniel<\/li>\n<\/ul>\n<\/li>\n<\/ul>\n<h5><strong>Contacte<\/strong><\/h5>\n<p><a href=\"mailto:secretaria@ibanus.cat\" target=\"_blank\" rel=\"noopener noreferrer\">secretaria@ibanus.cat<\/a><\/p>\n<\/div>\n<\/div>\n","protected":false},"excerpt":{"rendered":"<p>La secretaria del centre \u00e9s l&#8217;encarregada de les gestions i els tr\u00e0mits acad\u00e8mics.<br \/>\nHorari d&#8217;atenci\u00f3<br \/>\nDe dilluns a divendres de 8:00h a 14:30h.<br \/>\nTr\u00e0mits<\/p>\n<ul>\n<li style=\"list-style-type: none;\">\n<ul>\n<li>Certificats acad\u00e8mics<\/li>\n<li>Gesti\u00f3 de t\u00edtols<\/li>\n<li>Recollida de justificants de pagament de sortides<\/li>\n<li>Matr\u00edcules i preinscripcions<\/li>\n<li>Gesti\u00f3 de beques i ajuts<\/li>\n<li>En nom de l&#8217;AMPA tamb\u00e9 recull els\u00a0justificants de&hellip;  <a href=\"https:\/\/agora.xtec.cat\/iesbanus\/secretaria\/\" title=\"Read Secretaria\">Llegeix m\u00e9s\u00bb<\/a><br \/>\n","protected":false},"author":1,"featured_media":0,"parent":0,"menu_order":0,"comment_status":"closed","ping_status":"closed","template":"page-templates\/side-menu.php","meta":{"_bbp_topic_count":0,"_bbp_reply_count":0,"_bbp_total_topic_count":0,"_bbp_total_reply_count":0,"_bbp_voice_count":0,"_bbp_anonymous_reply_count":0,"_bbp_topic_count_hidden":0,"_bbp_reply_count_hidden":0,"_bbp_forum_subforum_count":0,"footnotes":""},"class_list":["post-81","page","type-page","status-publish","hentry"],"post_mailing_queue_ids":[],"_links":{"self":[{"href":"https:\/\/agora.xtec.cat\/iesbanus\/wp-json\/wp\/v2\/pages\/81","targetHints":{"allow":["GET"]}}],"collection":[{"href":"https:\/\/agora.xtec.cat\/iesbanus\/wp-json\/wp\/v2\/pages"}],"about":[{"href":"https:\/\/agora.xtec.cat\/iesbanus\/wp-json\/wp\/v2\/types\/page"}],"author":[{"embeddable":true,"href":"https:\/\/agora.xtec.cat\/iesbanus\/wp-json\/wp\/v2\/users\/1"}],"replies":[{"embeddable":true,"href":"https:\/\/agora.xtec.cat\/iesbanus\/wp-json\/wp\/v2\/comments?post=81"}],"version-history":[{"count":7,"href":"https:\/\/agora.xtec.cat\/iesbanus\/wp-json\/wp\/v2\/pages\/81\/revisions"}],"predecessor-version":[{"id":5540,"href":"https:\/\/agora.xtec.cat\/iesbanus\/wp-json\/wp\/v2\/pages\/81\/revisions\/5540"}],"wp:attachment":[{"href":"https:\/\/agora.xtec.cat\/iesbanus\/wp-json\/wp\/v2\/media?parent=81"}],"curies":[{"name":"wp","href":"https:\/\/api.w.org\/{rel}","templated":true}]}}