{"id":539,"date":"2016-03-09T06:40:23","date_gmt":"2016-03-09T05:40:23","guid":{"rendered":"http:\/\/agora.xtec.cat\/iesbanus\/?page_id=539"},"modified":"2025-10-06T13:01:48","modified_gmt":"2025-10-06T11:01:48","slug":"el-claustre","status":"publish","type":"page","link":"https:\/\/agora.xtec.cat\/iesbanus\/linstitut\/el-claustre\/","title":{"rendered":"El Claustre"},"content":{"rendered":"<p>El claustre est\u00e0 integrat per la totalitat de professors i professores que treballen al centre, \u00e9s l&#8217;\u00f2rgan de participaci\u00f3 i decisi\u00f3 de la planificaci\u00f3 i gesti\u00f3 educativa del centre, i est\u00e0 presidit pel director.<\/p>\n<p>Enguany formen part del claustre:<\/p>\n<table dir=\"ltr\" style=\"width: 89.7666%;\" border=\"1\" cellspacing=\"0\" cellpadding=\"0\" data-sheets-root=\"1\" data-sheets-baot=\"1\">\n<colgroup>\n<col width=\"242\" \/>\n<col width=\"119\" \/>\n<col width=\"186\" \/><\/colgroup>\n<tbody>\n<tr>\n<td style=\"width: 44.0928%;\"><strong>NOM<\/strong><\/td>\n<td style=\"width: 21.6823%;\"><strong>DEPARTAMENT<\/strong><\/td>\n<td style=\"width: 54.7964%;\"><strong>C\u00c0RREC\/S<\/strong><\/td>\n<\/tr>\n<\/tbody>\n<\/table>\n<table dir=\"ltr\" style=\"width: 89.8128%;\" border=\"1\" cellspacing=\"0\" cellpadding=\"0\" data-sheets-root=\"1\" data-sheets-baot=\"1\">\n<colgroup>\n<col width=\"242\" \/>\n<col width=\"119\" \/>\n<col width=\"201\" \/><\/colgroup>\n<tbody>\n<tr>\n<td style=\"width: 44.0577%;\">ARAN CARRILLO, SERGI<\/td>\n<td style=\"width: 21.6673%;\">MAT<\/td>\n<td style=\"width: 152.601%;\">TUT 2B\/RRLL<\/td>\n<\/tr>\n<tr>\n<td style=\"width: 44.0577%;\">ARIAS ROMEO, DANIEL<\/td>\n<td style=\"width: 21.6673%;\">MUS<\/td>\n<td style=\"width: 152.601%;\">TUT 1D<\/td>\n<\/tr>\n<tr>\n<td style=\"width: 44.0577%;\">AYNETO GIMENO, ALBA<\/td>\n<td style=\"width: 21.6673%;\">ORI<\/td>\n<td style=\"width: 152.601%;\">TUT SIEI<\/td>\n<\/tr>\n<tr>\n<td style=\"width: 44.0577%;\">BAIGET VILAPLANA, MONTSE<\/td>\n<td style=\"width: 21.6673%;\">ANG<\/td>\n<td style=\"width: 152.601%;\">TUT 1 BATX ESC\/TUT 2 BATX ESC<\/td>\n<\/tr>\n<tr>\n<td style=\"width: 44.0577%;\">CANT\u00d3 TORTOSA, MERCEDES<\/td>\n<td style=\"width: 21.6673%;\">ANG<\/td>\n<td style=\"width: 152.601%;\">CAP D&#8217;ESTUDIS<\/td>\n<\/tr>\n<tr>\n<td style=\"width: 44.0577%;\">CHAC\u00d3N BRAVO, ERNESTO<\/td>\n<td style=\"width: 21.6673%;\">CAS<\/td>\n<td style=\"width: 152.601%;\">COORD PEDAG\/CAP DEPT<\/td>\n<\/tr>\n<tr>\n<td style=\"width: 44.0577%;\">CIGARINNI, ANNA<\/td>\n<td style=\"width: 21.6673%;\">MAT<\/td>\n<td style=\"width: 152.601%;\">TUT 3C<\/td>\n<\/tr>\n<tr>\n<td style=\"width: 44.0577%;\">CONEJO MACEDO, ELENA<\/td>\n<td style=\"width: 21.6673%;\">DIB<\/td>\n<td style=\"width: 152.601%;\">TUT 3B<\/td>\n<\/tr>\n<tr>\n<td style=\"width: 44.0577%;\">CRESPO SALAZAR, DOLORES<\/td>\n<td style=\"width: 21.6673%;\">TEC<\/td>\n<td style=\"width: 152.601%;\">TUT 2D<\/td>\n<\/tr>\n<tr>\n<td style=\"width: 44.0577%;\">DOM\u00cdNGUEZ OJER, ROC\u00cdO<\/td>\n<td style=\"width: 21.6673%;\">FRA<\/td>\n<td style=\"width: 152.601%;\">COORD ERASMUS<\/td>\n<\/tr>\n<tr>\n<td style=\"width: 44.0577%;\">EGEA L\u00d3PEZ, ANA<\/td>\n<td style=\"width: 21.6673%;\">CAT<\/td>\n<td style=\"width: 152.601%;\"><\/td>\n<\/tr>\n<tr>\n<td style=\"width: 44.0577%;\">ESTEBAN HERN\u00c1NDEZ, \u00c0NGELA<\/td>\n<td style=\"width: 21.6673%;\">DIB<\/td>\n<td style=\"width: 152.601%;\">TUT 1C<\/td>\n<\/tr>\n<tr>\n<td style=\"width: 44.0577%;\">FABREGAT NAVARRO, MARC<\/td>\n<td style=\"width: 21.6673%;\">BIO<\/td>\n<td style=\"width: 152.601%;\">SECRETARI\/COORD ERASMUS<\/td>\n<\/tr>\n<tr>\n<td style=\"width: 44.0577%;\">FARR\u00c9 LLORCA, ANNA<\/td>\n<td style=\"width: 21.6673%;\">REL<\/td>\n<td style=\"width: 152.601%;\"><\/td>\n<\/tr>\n<tr>\n<td style=\"width: 44.0577%;\">FELIPE MORALES, VANESSA<\/td>\n<td style=\"width: 21.6673%;\">ORI<\/td>\n<td style=\"width: 152.601%;\">TUT SIEI<\/td>\n<\/tr>\n<tr>\n<td style=\"width: 44.0577%;\">FERR\u00c1NDIZ DOM\u00cdNGUEZ, GORKA (substitut)<\/td>\n<td style=\"width: 21.6673%;\">SOC<\/td>\n<td style=\"width: 152.601%;\">TUT 4B<\/td>\n<\/tr>\n<tr>\n<td style=\"width: 44.0577%;\">FRESCO MU\u00d1OZ, RUT<\/td>\n<td style=\"width: 21.6673%;\">ORI<\/td>\n<td style=\"width: 152.601%;\">ED. ESPECIAL<\/td>\n<\/tr>\n<tr>\n<td style=\"width: 44.0577%;\">FUERTES MOLINA, IRENE (substituta)<\/td>\n<td style=\"width: 21.6673%;\">TEC<\/td>\n<td style=\"width: 152.601%;\">TUT 2D<\/td>\n<\/tr>\n<tr>\n<td style=\"width: 44.0577%;\">GALLARDO PASTOR, MARTA<\/td>\n<td style=\"width: 21.6673%;\">CAT<\/td>\n<td style=\"width: 152.601%;\">TUT 2C<\/td>\n<\/tr>\n<tr>\n<td style=\"width: 44.0577%;\">G\u00c1LVEZ JUNYENT, MIREIA<\/td>\n<td style=\"width: 21.6673%;\">CAT<\/td>\n<td style=\"width: 152.601%;\">TUT 4C<\/td>\n<\/tr>\n<tr>\n<td style=\"width: 44.0577%;\">G\u00c1MEZ PEREZ, DIEGO<\/td>\n<td style=\"width: 21.6673%;\">MAT<\/td>\n<td style=\"width: 152.601%;\"><\/td>\n<\/tr>\n<tr>\n<td style=\"width: 44.0577%;\">GARC\u00cdA FRUTOS, IGNACIO<\/td>\n<td style=\"width: 21.6673%;\">TEC<\/td>\n<td style=\"width: 152.601%;\">COORD TIC<\/td>\n<\/tr>\n<tr>\n<td style=\"width: 44.0577%;\">GILI COSCOJUELA, ESTEL\u00b7LA<\/td>\n<td style=\"width: 21.6673%;\">HUM<\/td>\n<td style=\"width: 152.601%;\">TUT 2 BATX HT<\/td>\n<\/tr>\n<tr>\n<td style=\"width: 44.0577%;\">GONZ\u00c1LEZ GARCIA, MARC<\/td>\n<td style=\"width: 21.6673%;\">EF<\/td>\n<td style=\"width: 152.601%;\">CAP DEPT<\/td>\n<\/tr>\n<tr>\n<td style=\"width: 44.0577%;\">GONZ\u00c1LEZ M\u00c9NDEZ, ANNA M\u00aa<\/td>\n<td style=\"width: 21.6673%;\">ORI<\/td>\n<td style=\"width: 152.601%;\">PSICOPEDAGOGA<\/td>\n<\/tr>\n<tr>\n<td style=\"width: 44.0577%;\">GONZ\u00c1LEZ PEIR\u00d3, PALOMA<\/td>\n<td style=\"width: 21.6673%;\">CAS<\/td>\n<td style=\"width: 152.601%;\">TUT 4D<\/td>\n<\/tr>\n<tr>\n<td style=\"width: 44.0577%;\">HARO ROPERO, ALBA<\/td>\n<td style=\"width: 21.6673%;\">BIO<\/td>\n<td style=\"width: 152.601%;\">COMISSI\u00d3 CONVIV\u00c8NCIA<\/td>\n<\/tr>\n<tr>\n<td style=\"width: 44.0577%;\">HERN\u00c1NDEZ MART\u00cdN, SONIA<\/td>\n<td style=\"width: 21.6673%;\">ANG<\/td>\n<td style=\"width: 152.601%;\">TUT 1A<\/td>\n<\/tr>\n<tr>\n<td style=\"width: 44.0577%;\">HIGUERAS L\u00d3PEZ, OMAR<\/td>\n<td style=\"width: 21.6673%;\">CAS<\/td>\n<td style=\"width: 152.601%;\">TUT 4A\/TUT AA<\/td>\n<\/tr>\n<tr>\n<td style=\"width: 44.0577%;\">HORTET BERENGU\u00c9, ALBERT<\/td>\n<td style=\"width: 21.6673%;\">TEC<\/td>\n<td style=\"width: 152.601%;\">TUT 3A<\/td>\n<\/tr>\n<tr>\n<td style=\"width: 44.0577%;\">LACORTE MONTERO, N\u00daRIA<\/td>\n<td style=\"width: 21.6673%;\">FiQ<\/td>\n<td style=\"width: 152.601%;\"><\/td>\n<\/tr>\n<tr>\n<td style=\"width: 44.0577%;\">L\u00d3PEZ ARIZA, AZAHARA<\/td>\n<td style=\"width: 21.6673%;\">ORI<\/td>\n<td style=\"width: 152.601%;\">VETLLADORA<\/td>\n<\/tr>\n<tr>\n<td style=\"width: 44.0577%;\">L\u00d3PEZ VALERA, J\u00daLIA<\/td>\n<td style=\"width: 21.6673%;\">SOC<\/td>\n<td style=\"width: 152.601%;\">COORD BATX<\/td>\n<\/tr>\n<tr>\n<td style=\"width: 44.0577%;\">LUCHENA RUIZ, EVA<\/td>\n<td style=\"width: 21.6673%;\">SOC<\/td>\n<td style=\"width: 152.601%;\">TUT 4E<\/td>\n<\/tr>\n<tr>\n<td style=\"width: 44.0577%;\">MA\u00d1OSA PULIDO, CONXITA<\/td>\n<td style=\"width: 21.6673%;\">CAS<\/td>\n<td style=\"width: 152.601%;\"><\/td>\n<\/tr>\n<tr>\n<td style=\"width: 44.0577%;\">MARCEN GARCIA, MARIA JOS\u00c9<\/td>\n<td style=\"width: 21.6673%;\">ANG<\/td>\n<td style=\"width: 152.601%;\"><\/td>\n<\/tr>\n<tr>\n<td style=\"width: 44.0577%;\">MARTIN SANZ, CRISTINA<\/td>\n<td style=\"width: 21.6673%;\">CAS<\/td>\n<td style=\"width: 152.601%;\">COORD 1R<\/td>\n<\/tr>\n<tr>\n<td style=\"width: 44.0577%;\">MIRA PARRAMON, MARTA<\/td>\n<td style=\"width: 21.6673%;\">EF<\/td>\n<td style=\"width: 152.601%;\">TUT 2A<\/td>\n<\/tr>\n<tr>\n<td style=\"width: 44.0577%;\">NAVARRO MARTI, ENRIC<\/td>\n<td style=\"width: 21.6673%;\">SOC<\/td>\n<td style=\"width: 152.601%;\">DIRECTOR<\/td>\n<\/tr>\n<tr>\n<td style=\"width: 44.0577%;\">PASTORET CALDER\u00d3, ANNA<\/td>\n<td style=\"width: 21.6673%;\">BIO<\/td>\n<td style=\"width: 152.601%;\">CAP DEPT<\/td>\n<\/tr>\n<tr>\n<td style=\"width: 44.0577%;\">PEIR\u00d3 CUSELL, TERESA<\/td>\n<td style=\"width: 21.6673%;\">CAS<\/td>\n<td style=\"width: 152.601%;\">COORD 2N<\/td>\n<\/tr>\n<tr>\n<td style=\"width: 44.0577%;\">PIEDRAFITA BONET, LAURA<\/td>\n<td style=\"width: 21.6673%;\">TEC<\/td>\n<td style=\"width: 152.601%;\">TUT 3D<\/td>\n<\/tr>\n<tr>\n<td style=\"width: 44.0577%;\">PLANAS PONCE, JORDI<\/td>\n<td style=\"width: 21.6673%;\">TEC<\/td>\n<td style=\"width: 152.601%;\">CAP DEPT<\/td>\n<\/tr>\n<tr>\n<td style=\"width: 44.0577%;\">POMEROL MONSENY, MARC<\/td>\n<td style=\"width: 21.6673%;\">MUS<\/td>\n<td style=\"width: 152.601%;\">CAP DEPT<\/td>\n<\/tr>\n<tr>\n<td style=\"width: 44.0577%;\">PONS G\u00d3MEZ, LARA<\/td>\n<td style=\"width: 21.6673%;\">HUM<\/td>\n<td style=\"width: 152.601%;\">CAP DEPT\/TUT 2 BATX S<\/td>\n<\/tr>\n<tr>\n<td style=\"width: 44.0577%;\">PUIG BIEL, RICARD (substitut)<\/td>\n<td style=\"width: 21.6673%;\">EF<\/td>\n<td style=\"width: 152.601%;\">TUT 1B\/COORD ERASMUS<\/td>\n<\/tr>\n<tr>\n<td style=\"width: 44.0577%;\">RAFEL ALIAGA, MARIA<\/td>\n<td style=\"width: 21.6673%;\">CAT<\/td>\n<td style=\"width: 152.601%;\">TUT 2 BATX C<\/td>\n<\/tr>\n<tr>\n<td style=\"width: 44.0577%;\">RAM\u00cdREZ DE RAMON, MARTA<\/td>\n<td style=\"width: 21.6673%;\">SOC<\/td>\n<td style=\"width: 152.601%;\"><\/td>\n<\/tr>\n<tr>\n<td style=\"width: 44.0577%;\">RAMOS FERN\u00c1NDEZ, GEMA<\/td>\n<td style=\"width: 21.6673%;\">ANG<\/td>\n<td style=\"width: 152.601%;\">COORD 4T<\/td>\n<\/tr>\n<tr>\n<td style=\"width: 44.0577%;\">RIBAS GUTI\u00c9RREZ, IRENE<\/td>\n<td style=\"width: 21.6673%;\">FiQ<\/td>\n<td style=\"width: 152.601%;\">COORD ERASMUS<\/td>\n<\/tr>\n<tr>\n<td style=\"width: 44.0577%;\">RIERA BERNAL, ORIOL<\/td>\n<td style=\"width: 21.6673%;\">FILO<\/td>\n<td style=\"width: 152.601%;\">TUT 1 BATX CT<\/td>\n<\/tr>\n<tr>\n<td style=\"width: 44.0577%;\">RILLO CASTELLS, RUTH<\/td>\n<td style=\"width: 21.6673%;\">MAT<\/td>\n<td style=\"width: 152.601%;\"><\/td>\n<\/tr>\n<tr>\n<td style=\"width: 44.0577%;\">ROLDAN \u00c1LVAREZ, GEMA<\/td>\n<td style=\"width: 21.6673%;\">BIO<\/td>\n<td style=\"width: 152.601%;\"><\/td>\n<\/tr>\n<tr>\n<td style=\"width: 44.0577%;\">SALCEDO P\u00c9REZ, MARC<\/td>\n<td style=\"width: 21.6673%;\">SOC<\/td>\n<td style=\"width: 152.601%;\">TUT 4B<\/td>\n<\/tr>\n<tr>\n<td style=\"width: 44.0577%;\">SALVAD\u00d3 G\u00d3MEZ, MARTA<\/td>\n<td style=\"width: 21.6673%;\">MAT<\/td>\n<td style=\"width: 152.601%;\">CAP DEPT<\/td>\n<\/tr>\n<tr>\n<td style=\"width: 44.0577%;\">SAURINA ROSELL, MONTSERRAT<\/td>\n<td style=\"width: 21.6673%;\">ORI<\/td>\n<td style=\"width: 152.601%;\">PSICOPEDAGOGA<\/td>\n<\/tr>\n<tr>\n<td style=\"width: 44.0577%;\">SANCHEZ DE LA TORRE, MARTA (substituta)<\/td>\n<td style=\"width: 21.6673%;\">ANG<\/td>\n<td style=\"width: 152.601%;\"><\/td>\n<\/tr>\n<tr>\n<td style=\"width: 44.0577%;\">SORIA LOPEZ, SANDRA (substituta)<\/td>\n<td style=\"width: 21.6673%;\">ANG<\/td>\n<td style=\"width: 152.601%;\"><\/td>\n<\/tr>\n<tr>\n<td style=\"width: 44.0577%;\">SUBIRATS CENTELLES, LAURA<\/td>\n<td style=\"width: 21.6673%;\">EF<\/td>\n<td style=\"width: 152.601%;\">TUT 1B\/COORD ERASMUS<\/td>\n<\/tr>\n<tr>\n<td style=\"width: 44.0577%;\">TEL DEL RETIRO, JORDI<\/td>\n<td style=\"width: 21.6673%;\">ECO<\/td>\n<td style=\"width: 152.601%;\">CAP DEPT\/TUT 1 BATX HS<\/td>\n<\/tr>\n<tr>\n<td style=\"width: 44.0577%;\">TORRES TORAN, PILI<\/td>\n<td style=\"width: 21.6673%;\">FiQ<\/td>\n<td style=\"width: 152.601%;\">COORD 3R<\/td>\n<\/tr>\n<tr>\n<td style=\"width: 44.0577%;\">TORSTENSSON, CAMILLA<\/td>\n<td style=\"width: 21.6673%;\">ANG<\/td>\n<td style=\"width: 152.601%;\">CAP DEPT<\/td>\n<\/tr>\n<tr>\n<td style=\"width: 44.0577%;\">TRECENO CUSID\u00d3, CRISTIAN (substitut)<\/td>\n<td style=\"width: 21.6673%;\">ANG<\/td>\n<td style=\"width: 152.601%;\">TUT 1 BATX ESC\/TUT 2 BATX ESC<\/td>\n<\/tr>\n<tr>\n<td style=\"width: 44.0577%;\">VILLAL\u00d3N BERVIS, NOEM\u00cd<\/td>\n<td style=\"width: 21.6673%;\">EEE<\/td>\n<td style=\"width: 152.601%;\">ED. ESPECIAL<\/td>\n<\/tr>\n<\/tbody>\n<\/table>\n<p>&nbsp;<\/p>\n","protected":false},"excerpt":{"rendered":"<p>El claustre est\u00e0 integrat per la totalitat de professors i professores que treballen al centre, \u00e9s l&#8217;\u00f2rgan de participaci\u00f3 i decisi\u00f3 de la planificaci\u00f3 i gesti\u00f3 educativa del centre, i est\u00e0 presidit pel director.<br \/>\nEnguany formen part del claustre:<\/p>\n<p>NOM<br \/>\nDEPARTAMENT<br \/>\nC\u00c0RREC\/S<\/p>\n<p>ARAN CARRILLO, SERGI<br \/>\nMAT<br \/>\nTUT 2B\/RRLL<\/p>\n<p>ARIAS ROMEO, DANIEL<br \/>\nMUS<br \/>\nTUT 1D<\/p>\n<p>AYNETO GIMENO,&hellip;  <a href=\"https:\/\/agora.xtec.cat\/iesbanus\/linstitut\/el-claustre\/\" title=\"Read El Claustre\">Llegeix m\u00e9s\u00bb<\/a><\/p>\n","protected":false},"author":4,"featured_media":0,"parent":19,"menu_order":35,"comment_status":"closed","ping_status":"closed","template":"page-templates\/side-menu.php","meta":{"_bbp_topic_count":0,"_bbp_reply_count":0,"_bbp_total_topic_count":0,"_bbp_total_reply_count":0,"_bbp_voice_count":0,"_bbp_anonymous_reply_count":0,"_bbp_topic_count_hidden":0,"_bbp_reply_count_hidden":0,"_bbp_forum_subforum_count":0,"footnotes":""},"class_list":["post-539","page","type-page","status-publish","hentry"],"post_mailing_queue_ids":[],"_links":{"self":[{"href":"https:\/\/agora.xtec.cat\/iesbanus\/wp-json\/wp\/v2\/pages\/539","targetHints":{"allow":["GET"]}}],"collection":[{"href":"https:\/\/agora.xtec.cat\/iesbanus\/wp-json\/wp\/v2\/pages"}],"about":[{"href":"https:\/\/agora.xtec.cat\/iesbanus\/wp-json\/wp\/v2\/types\/page"}],"author":[{"embeddable":true,"href":"https:\/\/agora.xtec.cat\/iesbanus\/wp-json\/wp\/v2\/users\/4"}],"replies":[{"embeddable":true,"href":"https:\/\/agora.xtec.cat\/iesbanus\/wp-json\/wp\/v2\/comments?post=539"}],"version-history":[{"count":9,"href":"https:\/\/agora.xtec.cat\/iesbanus\/wp-json\/wp\/v2\/pages\/539\/revisions"}],"predecessor-version":[{"id":5795,"href":"https:\/\/agora.xtec.cat\/iesbanus\/wp-json\/wp\/v2\/pages\/539\/revisions\/5795"}],"up":[{"embeddable":true,"href":"https:\/\/agora.xtec.cat\/iesbanus\/wp-json\/wp\/v2\/pages\/19"}],"wp:attachment":[{"href":"https:\/\/agora.xtec.cat\/iesbanus\/wp-json\/wp\/v2\/media?parent=539"}],"curies":[{"name":"wp","href":"https:\/\/api.w.org\/{rel}","templated":true}]}}