{"id":3858,"date":"2020-11-07T12:40:52","date_gmt":"2020-11-07T11:40:52","guid":{"rendered":"http:\/\/agora.xtec.cat\/iesbanus\/?page_id=3858"},"modified":"2020-11-07T12:40:52","modified_gmt":"2020-11-07T11:40:52","slug":"activitats","status":"publish","type":"page","link":"https:\/\/agora.xtec.cat\/iesbanus\/els-ambits\/linguistic\/activitats\/","title":{"rendered":"ACTIVITATS"},"content":{"rendered":"<p>Aprendre cantant \u00e9s molt engrescador.<br \/>\nEl passat 29 d&#8217;octubre va visitar el centre la Cecilia Debergh, professora de franc\u00e8s, cantant i experta en ritme i fon\u00e8tica. Els alumnes de 4rt d&#8217; ESO i 2on de batxillerat van poder gaudir d&#8217;un taller on van treballar el llenguatge no verbal, la melodia, el ritme i la fon\u00e8tica del franc\u00e8s d&#8217;una manera molt participativa i l\u00fadica. Vam experimentar amb el cos, vam practicar el ritme de la llengua francesa i vam acabar cantant plegats. Els alumnes van passar-ho d&#8217;all\u00f2 m\u00e9s b\u00e9. Volem donar les gr\u00e0cies a serveis territorials d&#8217;Ensenyament i a la direcci\u00f3 de l&#8217;institut per aquesta oportunitat. Fins quan vulguis Cec\u00edlia!<\/p>\n<p>&nbsp;<\/p>\n<p><a href=\"https:\/\/agora.xtec.cat\/iesbanus\/wp-content\/uploads\/usu838\/2020\/11\/WhatsApp-Image-2020-11-07-at-12.39.11.jpeg\"><img loading=\"lazy\" decoding=\"async\" class=\"alignnone size-large wp-image-3860\" src=\"https:\/\/agora.xtec.cat\/iesbanus\/wp-content\/uploads\/usu838\/2020\/11\/WhatsApp-Image-2020-11-07-at-12.39.11-1024x768.jpeg\" alt=\"\" width=\"1024\" height=\"768\" srcset=\"https:\/\/agora.xtec.cat\/iesbanus\/wp-content\/uploads\/usu838\/2020\/11\/WhatsApp-Image-2020-11-07-at-12.39.11-1024x768.jpeg 1024w, https:\/\/agora.xtec.cat\/iesbanus\/wp-content\/uploads\/usu838\/2020\/11\/WhatsApp-Image-2020-11-07-at-12.39.11-300x225.jpeg 300w, https:\/\/agora.xtec.cat\/iesbanus\/wp-content\/uploads\/usu838\/2020\/11\/WhatsApp-Image-2020-11-07-at-12.39.11-768x576.jpeg 768w, https:\/\/agora.xtec.cat\/iesbanus\/wp-content\/uploads\/usu838\/2020\/11\/WhatsApp-Image-2020-11-07-at-12.39.11-200x150.jpeg 200w, https:\/\/agora.xtec.cat\/iesbanus\/wp-content\/uploads\/usu838\/2020\/11\/WhatsApp-Image-2020-11-07-at-12.39.11.jpeg 1600w\" sizes=\"auto, (max-width: 1024px) 100vw, 1024px\" \/><\/a><\/p>\n","protected":false},"excerpt":{"rendered":"<p>Aprendre cantant \u00e9s molt engrescador.<br \/>\nEl passat 29 d&#8217;octubre va visitar el centre la Cecilia Debergh, professora de franc\u00e8s, cantant i experta en ritme i fon\u00e8tica. Els alumnes de 4rt d&#8217; ESO i 2on de batxillerat van poder gaudir d&#8217;un taller on van treballar el llenguatge&hellip;  <a href=\"https:\/\/agora.xtec.cat\/iesbanus\/els-ambits\/linguistic\/activitats\/\" title=\"Read ACTIVITATS\">Llegeix m\u00e9s\u00bb<\/a><\/p>\n","protected":false},"author":31,"featured_media":0,"parent":602,"menu_order":0,"comment_status":"closed","ping_status":"closed","template":"","meta":{"_bbp_topic_count":0,"_bbp_reply_count":0,"_bbp_total_topic_count":0,"_bbp_total_reply_count":0,"_bbp_voice_count":0,"_bbp_anonymous_reply_count":0,"_bbp_topic_count_hidden":0,"_bbp_reply_count_hidden":0,"_bbp_forum_subforum_count":0,"footnotes":""},"class_list":["post-3858","page","type-page","status-publish","hentry"],"post_mailing_queue_ids":[],"_links":{"self":[{"href":"https:\/\/agora.xtec.cat\/iesbanus\/wp-json\/wp\/v2\/pages\/3858","targetHints":{"allow":["GET"]}}],"collection":[{"href":"https:\/\/agora.xtec.cat\/iesbanus\/wp-json\/wp\/v2\/pages"}],"about":[{"href":"https:\/\/agora.xtec.cat\/iesbanus\/wp-json\/wp\/v2\/types\/page"}],"author":[{"embeddable":true,"href":"https:\/\/agora.xtec.cat\/iesbanus\/wp-json\/wp\/v2\/users\/31"}],"replies":[{"embeddable":true,"href":"https:\/\/agora.xtec.cat\/iesbanus\/wp-json\/wp\/v2\/comments?post=3858"}],"version-history":[{"count":1,"href":"https:\/\/agora.xtec.cat\/iesbanus\/wp-json\/wp\/v2\/pages\/3858\/revisions"}],"predecessor-version":[{"id":3861,"href":"https:\/\/agora.xtec.cat\/iesbanus\/wp-json\/wp\/v2\/pages\/3858\/revisions\/3861"}],"up":[{"embeddable":true,"href":"https:\/\/agora.xtec.cat\/iesbanus\/wp-json\/wp\/v2\/pages\/602"}],"wp:attachment":[{"href":"https:\/\/agora.xtec.cat\/iesbanus\/wp-json\/wp\/v2\/media?parent=3858"}],"curies":[{"name":"wp","href":"https:\/\/api.w.org\/{rel}","templated":true}]}}