{"id":346,"date":"2019-10-23T19:54:40","date_gmt":"2019-10-23T17:54:40","guid":{"rendered":"http:\/\/agora.xtec.cat\/iesbanus\/?page_id=346"},"modified":"2024-09-23T11:56:16","modified_gmt":"2024-09-23T09:56:16","slug":"afa","status":"publish","type":"page","link":"https:\/\/agora.xtec.cat\/iesbanus\/afa\/","title":{"rendered":"AFA"},"content":{"rendered":"<p>Benvolgudes fam\u00edlies,<\/p>\n<p>L&#8217;AFA \u00e9s l&#8217;Associaci\u00f3 de Fam\u00edlies d&#8217;Alumnes i t\u00e9 com a objectiu promoure la participaci\u00f3 i col\u00b7laboraci\u00f3 de les fam\u00edlies en les activitats educatives del centre i vetllar per l&#8217;educaci\u00f3 p\u00fablica de qualitat.<\/p>\n<p>Peri\u00f2dicament ens reunim amb l\u2019equip directiu del centre per analitzar i valorar el desenvolupament del curs, fer propostes de noves activitats i traspassar les aportacions i comentaris que ens fan arribar les fam\u00edlies. L&#8217;AFA tamb\u00e9 participa en el Consell Escolar com a representant de les fam\u00edlies.<\/p>\n<p>Pel que fa a les activitats extraescolars, l\u2019AFA participa en l\u2019<a href=\"https:\/\/agora.xtec.cat\/iesbanus\/general\/inscripcions-a-les-activitats-de-lassociacio-esportiva-escolar-ies-banus-curs-24-25\/\">Associaci\u00f3 Esportiva Escolar de l&#8217;Institut Ban\u00fas<\/a>, adscrita al Pla Catal\u00e0 d\u2019Esport a l\u2019Escola. Aquesta iniciativa permet oferir als alumnes activitats esportives i culturals for\u00e7a \u00e0mplies.<\/p>\n<p>Hem establert un sistema de quota \u00fanica per fer un \u00fas col\u00b7lectiu i socialitzat de llibres, llic\u00e8ncies, dossiers i material. Aquest sistema comporta un estalvi important de diners per a cadascuna de les fam\u00edlies i un \u00fas m\u00e9s racional dels recursos. Aix\u00ed, aquesta quota s\u2019utilitzar\u00e0 per comprar o finan\u00e7ar el seg\u00fcent:<\/p>\n<ul>\n<li>Agenda i llibreta.<\/li>\n<li>Llibres de lectura de les mat\u00e8ries, llengua catalana, llengua castellana i angl\u00e8s.<\/li>\n<li>Dossiers i\/o llibres dels treballs de s\u00edntesi.<\/li>\n<li>Descompte en la quota de les llic\u00e8ncies (ja aplicada a la quota de matr\u00edcula).<\/li>\n<li>Asseguran\u00e7a escolar obligat\u00f2ria.<\/li>\n<li>Material complementari i dotacions per inform\u00e0tica, laboratori, aula taller, idiomes, audiovisuals, educaci\u00f3 f\u00edsica\u2026<\/li>\n<li>Lloguer d\u2019armariets per als alumnes.<\/li>\n<li>Ajuts a l\u2019alumnat en activitats.<\/li>\n<\/ul>\n<p>Creiem que la instauraci\u00f3 de la quota \u00fanica socialitzada ha estat una feina especialment valuosa per a tota la comunitat educativa. Com ja sabeu, ens permet disposar de tots els punts anteriors i al mateix temps invertim una petita quantitat anual en la millora d\u2019infraestructures i en la dotaci\u00f3 de materials per a les aules.<\/p>\n<p>Us convidem a participar amb nosaltres en els debats i activitats que es realitzen dins de l\u2019associaci\u00f3.<\/p>\n<p>Podeu contactar amb nosaltres per correu electr\u00f2nic: <a href=\"mailto:ampa@ibanus.cat\">afa@ibanus.cat<\/a><\/p>\n<p><a href=\"https:\/\/agora.xtec.cat\/iesbanus\/wp-content\/uploads\/usu838\/2024\/08\/logo-AMPA-Banus-miniatura.png\"><img loading=\"lazy\" decoding=\"async\" class=\"alignnone wp-image-5468\" src=\"https:\/\/agora.xtec.cat\/iesbanus\/wp-content\/uploads\/usu838\/2024\/08\/logo-AMPA-Banus-miniatura-300x229.png\" alt=\"\" width=\"157\" height=\"120\" srcset=\"https:\/\/agora.xtec.cat\/iesbanus\/wp-content\/uploads\/usu838\/2024\/08\/logo-AMPA-Banus-miniatura-300x229.png 300w, https:\/\/agora.xtec.cat\/iesbanus\/wp-content\/uploads\/usu838\/2024\/08\/logo-AMPA-Banus-miniatura-768x587.png 768w, https:\/\/agora.xtec.cat\/iesbanus\/wp-content\/uploads\/usu838\/2024\/08\/logo-AMPA-Banus-miniatura.png 918w\" sizes=\"auto, (max-width: 157px) 100vw, 157px\" \/><\/a><\/p>\n","protected":false},"excerpt":{"rendered":"<p>Benvolgudes fam\u00edlies,<br \/>\nL&#8217;AFA \u00e9s l&#8217;Associaci\u00f3 de Fam\u00edlies d&#8217;Alumnes i t\u00e9 com a objectiu promoure la participaci\u00f3 i col\u00b7laboraci\u00f3 de les fam\u00edlies en les activitats educatives del centre i vetllar per l&#8217;educaci\u00f3 p\u00fablica de qualitat.<br \/>\nPeri\u00f2dicament ens reunim amb l\u2019equip directiu del centre per analitzar i valorar el&hellip;  <a href=\"https:\/\/agora.xtec.cat\/iesbanus\/afa\/\" title=\"Read AFA\">Llegeix m\u00e9s\u00bb<\/a><\/p>\n","protected":false},"author":1,"featured_media":0,"parent":0,"menu_order":0,"comment_status":"closed","ping_status":"closed","template":"page-templates\/side-menu.php","meta":{"_bbp_topic_count":0,"_bbp_reply_count":0,"_bbp_total_topic_count":0,"_bbp_total_reply_count":0,"_bbp_voice_count":0,"_bbp_anonymous_reply_count":0,"_bbp_topic_count_hidden":0,"_bbp_reply_count_hidden":0,"_bbp_forum_subforum_count":0,"footnotes":""},"class_list":["post-346","page","type-page","status-publish","hentry"],"post_mailing_queue_ids":[],"_links":{"self":[{"href":"https:\/\/agora.xtec.cat\/iesbanus\/wp-json\/wp\/v2\/pages\/346","targetHints":{"allow":["GET"]}}],"collection":[{"href":"https:\/\/agora.xtec.cat\/iesbanus\/wp-json\/wp\/v2\/pages"}],"about":[{"href":"https:\/\/agora.xtec.cat\/iesbanus\/wp-json\/wp\/v2\/types\/page"}],"author":[{"embeddable":true,"href":"https:\/\/agora.xtec.cat\/iesbanus\/wp-json\/wp\/v2\/users\/1"}],"replies":[{"embeddable":true,"href":"https:\/\/agora.xtec.cat\/iesbanus\/wp-json\/wp\/v2\/comments?post=346"}],"version-history":[{"count":7,"href":"https:\/\/agora.xtec.cat\/iesbanus\/wp-json\/wp\/v2\/pages\/346\/revisions"}],"predecessor-version":[{"id":5572,"href":"https:\/\/agora.xtec.cat\/iesbanus\/wp-json\/wp\/v2\/pages\/346\/revisions\/5572"}],"wp:attachment":[{"href":"https:\/\/agora.xtec.cat\/iesbanus\/wp-json\/wp\/v2\/media?parent=346"}],"curies":[{"name":"wp","href":"https:\/\/api.w.org\/{rel}","templated":true}]}}