{"id":628,"date":"2024-04-03T17:32:49","date_gmt":"2024-04-03T15:32:49","guid":{"rendered":"https:\/\/agora.xtec.cat\/iesb7\/?page_id=628"},"modified":"2026-02-06T14:30:07","modified_gmt":"2026-02-06T13:30:07","slug":"programes","status":"publish","type":"page","link":"https:\/\/agora.xtec.cat\/iesb7\/estudis\/cicles-formatius\/programes\/","title":{"rendered":"Projectes de centre de cicles formatius"},"content":{"rendered":"<p><a href=\"https:\/\/agora.xtec.cat\/iesb7\/wp-content\/uploads\/usu3030\/2026\/02\/seFed.jpg\"><img loading=\"lazy\" decoding=\"async\" class=\"alignnone size-full wp-image-1241\" src=\"https:\/\/agora.xtec.cat\/iesb7\/wp-content\/uploads\/usu3030\/2026\/02\/seFed.jpg\" alt=\"\" width=\"143\" height=\"53\" \/><\/a><\/p>\n<div class=\"ast-oembed-container \" style=\"height: 100%;\"><iframe loading=\"lazy\" title=\"Fundaci\u00f3 Inform i l&#039;empresa simulada SEFED\" width=\"500\" height=\"281\" src=\"https:\/\/www.youtube.com\/embed\/rEw480jswuU?feature=oembed\" frameborder=\"0\" allow=\"accelerometer; autoplay; clipboard-write; encrypted-media; gyroscope; picture-in-picture; web-share\" referrerpolicy=\"strict-origin-when-cross-origin\" allowfullscreen><\/iframe><\/div>\n<p>&nbsp;<\/p>\n<p>El <a href=\"https:\/\/simulacionempresa.inform.es\/ca\/\" target=\"_blank\" rel=\"noopener\"><strong>projecte SEFED<\/strong><\/a> utilitza la creaci\u00f3 d\u2019una empresa a l&#8217;aula del centre educatiu com a eina pedag\u00f2gica per formar l\u2019alumnat, de forma pr\u00e0ctica i transversal, en tasques administratives i de gesti\u00f3 empresarial, utilitzant la simulaci\u00f3 d&#8217;empreses com a metodologia d&#8217;aprenentatge<\/p>\n<p>S&#8217;imparteix en una aula-taller amb una distribuci\u00f3 d\u2019oficina: l\u2019alumnat en els diferents llocs de treball desenvolupa les tasques de cada departament.<\/p>\n<p>La plataforma de simulaci\u00f3 que es fe servir possibilita la gesti\u00f3 amb organismes p\u00fablics, entitats banc\u00e0ries i altres entitats externes a l\u2019empresa.<\/p>\n<p>Es realitzen operacions comercials amb altres empreses simulades SEFED (altres centres educatius) i s\u2019accedeix a un ampli mercat virtual nacional i internacional.<\/p>\n<p>S\u2019utilitzen els mateixos documents i canals de comunicaci\u00f3 que les empreses reals: correu electr\u00f2nic, tel\u00e8fon, webs, comer\u00e7 electr\u00f2nic, fires, xarxes socials, etc.<\/p>\n","protected":false},"excerpt":{"rendered":"<p>&nbsp; El projecte SEFED utilitza la creaci\u00f3 d\u2019una empresa a l&#8217;aula del centre educatiu com a eina pedag\u00f2gica per formar l\u2019alumnat, de forma pr\u00e0ctica i transversal, en tasques administratives i de gesti\u00f3 empresarial, utilitzant la simulaci\u00f3 d&#8217;empreses com a metodologia d&#8217;aprenentatge S&#8217;imparteix en una aula-taller amb una distribuci\u00f3 d\u2019oficina: l\u2019alumnat en els diferents llocs de [&hellip;]<\/p>\n","protected":false},"author":1,"featured_media":0,"parent":554,"menu_order":3,"comment_status":"closed","ping_status":"closed","template":"","meta":{"_bbp_topic_count":0,"_bbp_reply_count":0,"_bbp_total_topic_count":0,"_bbp_total_reply_count":0,"_bbp_voice_count":0,"_bbp_anonymous_reply_count":0,"_bbp_topic_count_hidden":0,"_bbp_reply_count_hidden":0,"_bbp_forum_subforum_count":0,"site-sidebar-layout":"default","site-content-layout":"","ast-site-content-layout":"default","site-content-style":"default","site-sidebar-style":"default","ast-global-header-display":"","ast-banner-title-visibility":"","ast-main-header-display":"","ast-hfb-above-header-display":"","ast-hfb-below-header-display":"","ast-hfb-mobile-header-display":"","site-post-title":"","ast-breadcrumbs-content":"","ast-featured-img":"","footer-sml-layout":"","theme-transparent-header-meta":"default","adv-header-id-meta":"","stick-header-meta":"","header-above-stick-meta":"","header-main-stick-meta":"","header-below-stick-meta":"","astra-migrate-meta-layouts":"set","ast-page-background-enabled":"default","ast-page-background-meta":{"desktop":{"background-color":"var(--ast-global-color-4)","background-image":"","background-repeat":"repeat","background-position":"center center","background-size":"auto","background-attachment":"scroll","background-type":"","background-media":"","overlay-type":"","overlay-color":"","overlay-opacity":"","overlay-gradient":""},"tablet":{"background-color":"","background-image":"","background-repeat":"repeat","background-position":"center center","background-size":"auto","background-attachment":"scroll","background-type":"","background-media":"","overlay-type":"","overlay-color":"","overlay-opacity":"","overlay-gradient":""},"mobile":{"background-color":"","background-image":"","background-repeat":"repeat","background-position":"center center","background-size":"auto","background-attachment":"scroll","background-type":"","background-media":"","overlay-type":"","overlay-color":"","overlay-opacity":"","overlay-gradient":""}},"ast-content-background-meta":{"desktop":{"background-color":"var(--ast-global-color-5)","background-image":"","background-repeat":"repeat","background-position":"center center","background-size":"auto","background-attachment":"scroll","background-type":"","background-media":"","overlay-type":"","overlay-color":"","overlay-opacity":"","overlay-gradient":""},"tablet":{"background-color":"var(--ast-global-color-5)","background-image":"","background-repeat":"repeat","background-position":"center center","background-size":"auto","background-attachment":"scroll","background-type":"","background-media":"","overlay-type":"","overlay-color":"","overlay-opacity":"","overlay-gradient":""},"mobile":{"background-color":"var(--ast-global-color-5)","background-image":"","background-repeat":"repeat","background-position":"center center","background-size":"auto","background-attachment":"scroll","background-type":"","background-media":"","overlay-type":"","overlay-color":"","overlay-opacity":"","overlay-gradient":""}},"footnotes":""},"class_list":["post-628","page","type-page","status-publish","hentry"],"post_mailing_queue_ids":[],"_links":{"self":[{"href":"https:\/\/agora.xtec.cat\/iesb7\/wp-json\/wp\/v2\/pages\/628","targetHints":{"allow":["GET"]}}],"collection":[{"href":"https:\/\/agora.xtec.cat\/iesb7\/wp-json\/wp\/v2\/pages"}],"about":[{"href":"https:\/\/agora.xtec.cat\/iesb7\/wp-json\/wp\/v2\/types\/page"}],"author":[{"embeddable":true,"href":"https:\/\/agora.xtec.cat\/iesb7\/wp-json\/wp\/v2\/users\/1"}],"replies":[{"embeddable":true,"href":"https:\/\/agora.xtec.cat\/iesb7\/wp-json\/wp\/v2\/comments?post=628"}],"version-history":[{"count":6,"href":"https:\/\/agora.xtec.cat\/iesb7\/wp-json\/wp\/v2\/pages\/628\/revisions"}],"predecessor-version":[{"id":1244,"href":"https:\/\/agora.xtec.cat\/iesb7\/wp-json\/wp\/v2\/pages\/628\/revisions\/1244"}],"up":[{"embeddable":true,"href":"https:\/\/agora.xtec.cat\/iesb7\/wp-json\/wp\/v2\/pages\/554"}],"wp:attachment":[{"href":"https:\/\/agora.xtec.cat\/iesb7\/wp-json\/wp\/v2\/media?parent=628"}],"curies":[{"name":"wp","href":"https:\/\/api.w.org\/{rel}","templated":true}]}}