{"id":580,"date":"2024-03-21T16:48:43","date_gmt":"2024-03-21T15:48:43","guid":{"rendered":"https:\/\/agora.xtec.cat\/iesb7\/?page_id=580"},"modified":"2026-01-29T11:05:33","modified_gmt":"2026-01-29T10:05:33","slug":"accidents-escolars","status":"publish","type":"page","link":"https:\/\/agora.xtec.cat\/iesb7\/secretaria\/accidents-escolars\/","title":{"rendered":"Accidents escolars"},"content":{"rendered":"<p>Pel que fa als accidents ocorreguts al centre o en hores lectives fora del centre durant activitats curriculars, si cal una visita m\u00e8dica o anar a l\u2019hospital:<\/p>\n<ul>\n<li><u>L\u2019alumnat de 1r i 2n d\u2019ESO<\/u>\u00a0no t\u00e9 cobertura de l\u2019asseguran\u00e7a escolar, de manera que des del centre s\u2019informar\u00e0 als pares o tutors legals de l\u2019accident per a qu\u00e8 aquests, amb la seva pr\u00f2pia asseguran\u00e7a m\u00e8dica, es facin c\u00e0rrec dels tr\u00e0mits m\u00e8dics.<\/li>\n<\/ul>\n<ul>\n<li><u>L\u2019alumnat de 3r i 4t d\u2019ESO, Batxillerat i Cicle Formatiu<\/u>\u00a0est\u00e0 cobert per\u00a0<a href=\"http:\/\/www.seg-social.es\/Internet_2\/Masinformacion\/TramitesyGestiones\/Seguroescolar\/index.htm\">l\u2019asseguran\u00e7a escolar<\/a>\u00a0fins als 28 anys.<\/li>\n<\/ul>\n<p>Quan un\/una alumne\/a pren mal el primer que ha de fer \u00e9s passar per la secretaria del centre a emplenar l\u2019impr\u00e8s de comunicat d\u2019accident escolar que haur\u00e0 de portar, juntament amb la documentaci\u00f3 que se li faciliti, a un dels centres m\u00e8dics concertats que se li indicar\u00e0.<\/p>\n<p>Nom\u00e9s si la urg\u00e8ncia ho requereix, la documentaci\u00f3 es pot presentar posteriorment a l\u2019actuaci\u00f3 que calgui dur a terme.<\/p>\n<p><strong>NO ES PODR\u00c0 FER \u00daS DE L\u2019ASSEGURAN\u00c7A ESCOLAR SI EL CENTRE NO DISPOSA DE C\u00d2PIA DEL DOCUMENT D\u2019IDENTITAT O AQUEST EST\u00c0 CADUCAT.<\/strong><\/p>\n","protected":false},"excerpt":{"rendered":"<p>Pel que fa als accidents ocorreguts al centre o en hores lectives fora del centre durant activitats curriculars, si cal una visita m\u00e8dica o anar a l\u2019hospital: L\u2019alumnat de 1r i 2n d\u2019ESO\u00a0no t\u00e9 cobertura de l\u2019asseguran\u00e7a escolar, de manera que des del centre s\u2019informar\u00e0 als pares o tutors legals de l\u2019accident per a qu\u00e8 [&hellip;]<\/p>\n","protected":false},"author":1,"featured_media":0,"parent":81,"menu_order":3,"comment_status":"closed","ping_status":"closed","template":"","meta":{"_bbp_topic_count":0,"_bbp_reply_count":0,"_bbp_total_topic_count":0,"_bbp_total_reply_count":0,"_bbp_voice_count":0,"_bbp_anonymous_reply_count":0,"_bbp_topic_count_hidden":0,"_bbp_reply_count_hidden":0,"_bbp_forum_subforum_count":0,"site-sidebar-layout":"default","site-content-layout":"","ast-site-content-layout":"default","site-content-style":"default","site-sidebar-style":"default","ast-global-header-display":"","ast-banner-title-visibility":"","ast-main-header-display":"","ast-hfb-above-header-display":"","ast-hfb-below-header-display":"","ast-hfb-mobile-header-display":"","site-post-title":"","ast-breadcrumbs-content":"","ast-featured-img":"","footer-sml-layout":"","theme-transparent-header-meta":"default","adv-header-id-meta":"","stick-header-meta":"","header-above-stick-meta":"","header-main-stick-meta":"","header-below-stick-meta":"","astra-migrate-meta-layouts":"set","ast-page-background-enabled":"default","ast-page-background-meta":{"desktop":{"background-color":"var(--ast-global-color-4)","background-image":"","background-repeat":"repeat","background-position":"center center","background-size":"auto","background-attachment":"scroll","background-type":"","background-media":"","overlay-type":"","overlay-color":"","overlay-opacity":"","overlay-gradient":""},"tablet":{"background-color":"","background-image":"","background-repeat":"repeat","background-position":"center center","background-size":"auto","background-attachment":"scroll","background-type":"","background-media":"","overlay-type":"","overlay-color":"","overlay-opacity":"","overlay-gradient":""},"mobile":{"background-color":"","background-image":"","background-repeat":"repeat","background-position":"center center","background-size":"auto","background-attachment":"scroll","background-type":"","background-media":"","overlay-type":"","overlay-color":"","overlay-opacity":"","overlay-gradient":""}},"ast-content-background-meta":{"desktop":{"background-color":"var(--ast-global-color-5)","background-image":"","background-repeat":"repeat","background-position":"center center","background-size":"auto","background-attachment":"scroll","background-type":"","background-media":"","overlay-type":"","overlay-color":"","overlay-opacity":"","overlay-gradient":""},"tablet":{"background-color":"var(--ast-global-color-5)","background-image":"","background-repeat":"repeat","background-position":"center center","background-size":"auto","background-attachment":"scroll","background-type":"","background-media":"","overlay-type":"","overlay-color":"","overlay-opacity":"","overlay-gradient":""},"mobile":{"background-color":"var(--ast-global-color-5)","background-image":"","background-repeat":"repeat","background-position":"center center","background-size":"auto","background-attachment":"scroll","background-type":"","background-media":"","overlay-type":"","overlay-color":"","overlay-opacity":"","overlay-gradient":""}},"footnotes":""},"class_list":["post-580","page","type-page","status-publish","hentry"],"post_mailing_queue_ids":[],"_links":{"self":[{"href":"https:\/\/agora.xtec.cat\/iesb7\/wp-json\/wp\/v2\/pages\/580","targetHints":{"allow":["GET"]}}],"collection":[{"href":"https:\/\/agora.xtec.cat\/iesb7\/wp-json\/wp\/v2\/pages"}],"about":[{"href":"https:\/\/agora.xtec.cat\/iesb7\/wp-json\/wp\/v2\/types\/page"}],"author":[{"embeddable":true,"href":"https:\/\/agora.xtec.cat\/iesb7\/wp-json\/wp\/v2\/users\/1"}],"replies":[{"embeddable":true,"href":"https:\/\/agora.xtec.cat\/iesb7\/wp-json\/wp\/v2\/comments?post=580"}],"version-history":[{"count":1,"href":"https:\/\/agora.xtec.cat\/iesb7\/wp-json\/wp\/v2\/pages\/580\/revisions"}],"predecessor-version":[{"id":581,"href":"https:\/\/agora.xtec.cat\/iesb7\/wp-json\/wp\/v2\/pages\/580\/revisions\/581"}],"up":[{"embeddable":true,"href":"https:\/\/agora.xtec.cat\/iesb7\/wp-json\/wp\/v2\/pages\/81"}],"wp:attachment":[{"href":"https:\/\/agora.xtec.cat\/iesb7\/wp-json\/wp\/v2\/media?parent=580"}],"curies":[{"name":"wp","href":"https:\/\/api.w.org\/{rel}","templated":true}]}}