{"id":554,"date":"2024-03-20T16:13:23","date_gmt":"2024-03-20T15:13:23","guid":{"rendered":"https:\/\/agora.xtec.cat\/iesb7\/?page_id=554"},"modified":"2026-02-10T10:48:08","modified_gmt":"2026-02-10T09:48:08","slug":"cicles-formatius","status":"publish","type":"page","link":"https:\/\/agora.xtec.cat\/iesb7\/estudis\/cicles-formatius\/","title":{"rendered":"Cicles Formatius"},"content":{"rendered":"<p><img loading=\"lazy\" decoding=\"async\" class=\"size-full wp-image-1089 aligncenter\" src=\"https:\/\/agora.xtec.cat\/iesb7\/wp-content\/uploads\/usu3030\/2026\/01\/Oferta-cicles.jpg\" alt=\"\" width=\"855\" height=\"566\" srcset=\"https:\/\/agora.xtec.cat\/iesb7\/wp-content\/uploads\/usu3030\/2026\/01\/Oferta-cicles.jpg 855w, https:\/\/agora.xtec.cat\/iesb7\/wp-content\/uploads\/usu3030\/2026\/01\/Oferta-cicles-300x199.jpg 300w, https:\/\/agora.xtec.cat\/iesb7\/wp-content\/uploads\/usu3030\/2026\/01\/Oferta-cicles-768x508.jpg 768w\" sizes=\"auto, (max-width: 855px) 100vw, 855px\" \/><\/p>\n<p>El nostre centre ofereix estudis de <strong>Cicles formatius de grau mitj\u00e0<\/strong> de <strong><a href=\"https:\/\/agora.xtec.cat\/iesb7\/estudis\/cicles-formatius\/cfgm-gestio-administrativa\/\" rel=\"noopener\">Gesti\u00f3 Administrativa<\/a><\/strong>\u00a0i <strong><a href=\"https:\/\/agora.xtec.cat\/iesb7\/cicles-formatius\/informatica-i-comunicacions\/cfgm-sistemes-microinformatics-i-xarxes\/\" rel=\"noopener\">Sistemes Microinform\u00e0tics i Xarxes (SMIX)<\/a><\/strong>, i de <strong>Cicles formatius de grau superior<\/strong> d&#8217;<a href=\"https:\/\/agora.xtec.cat\/iesb7\/cicles-formatius\/administracio-i-gestio\/cfgs-administracio-i-finances\/\" rel=\"noopener\"><strong>Administraci\u00f3 i Finances<\/strong><\/a>.<\/p>\n<p>Actualment disposem de <strong>dues l\u00ednies<\/strong> per als estudis de Sistemes Microinform\u00e0tics i Xarxes, i d&#8217;<strong>una<\/strong> per als estudis de Gesti\u00f3 Administrativa i Administraci\u00f3 i Finances.<\/p>\n<p>Pots fer una ullada a les <a href=\"https:\/\/agora.xtec.cat\/iesb7\/categoria\/cicles-formatius\/\">not\u00edcies de cicles formatius<\/a>\u00a0per tal de con\u00e8ixer una mica l&#8217;activitat d&#8217;aquets estudis.<\/p>\n","protected":false},"excerpt":{"rendered":"<p>El nostre centre ofereix estudis de Cicles formatius de grau mitj\u00e0 de Gesti\u00f3 Administrativa\u00a0i Sistemes Microinform\u00e0tics i Xarxes (SMIX), i de Cicles formatius de grau superior d&#8217;Administraci\u00f3 i Finances. Actualment disposem de dues l\u00ednies per als estudis de Sistemes Microinform\u00e0tics i Xarxes, i d&#8217;una per als estudis de Gesti\u00f3 Administrativa i Administraci\u00f3 i Finances. Pots [&hellip;]<\/p>\n","protected":false},"author":1,"featured_media":0,"parent":195,"menu_order":2,"comment_status":"closed","ping_status":"closed","template":"","meta":{"_bbp_topic_count":0,"_bbp_reply_count":0,"_bbp_total_topic_count":0,"_bbp_total_reply_count":0,"_bbp_voice_count":0,"_bbp_anonymous_reply_count":0,"_bbp_topic_count_hidden":0,"_bbp_reply_count_hidden":0,"_bbp_forum_subforum_count":0,"site-sidebar-layout":"default","site-content-layout":"","ast-site-content-layout":"default","site-content-style":"default","site-sidebar-style":"default","ast-global-header-display":"","ast-banner-title-visibility":"","ast-main-header-display":"","ast-hfb-above-header-display":"","ast-hfb-below-header-display":"","ast-hfb-mobile-header-display":"","site-post-title":"","ast-breadcrumbs-content":"","ast-featured-img":"","footer-sml-layout":"","theme-transparent-header-meta":"default","adv-header-id-meta":"","stick-header-meta":"","header-above-stick-meta":"","header-main-stick-meta":"","header-below-stick-meta":"","astra-migrate-meta-layouts":"set","ast-page-background-enabled":"default","ast-page-background-meta":{"desktop":{"background-color":"var(--ast-global-color-4)","background-image":"","background-repeat":"repeat","background-position":"center center","background-size":"auto","background-attachment":"scroll","background-type":"","background-media":"","overlay-type":"","overlay-color":"","overlay-opacity":"","overlay-gradient":""},"tablet":{"background-color":"","background-image":"","background-repeat":"repeat","background-position":"center center","background-size":"auto","background-attachment":"scroll","background-type":"","background-media":"","overlay-type":"","overlay-color":"","overlay-opacity":"","overlay-gradient":""},"mobile":{"background-color":"","background-image":"","background-repeat":"repeat","background-position":"center center","background-size":"auto","background-attachment":"scroll","background-type":"","background-media":"","overlay-type":"","overlay-color":"","overlay-opacity":"","overlay-gradient":""}},"ast-content-background-meta":{"desktop":{"background-color":"var(--ast-global-color-5)","background-image":"","background-repeat":"repeat","background-position":"center center","background-size":"auto","background-attachment":"scroll","background-type":"","background-media":"","overlay-type":"","overlay-color":"","overlay-opacity":"","overlay-gradient":""},"tablet":{"background-color":"var(--ast-global-color-5)","background-image":"","background-repeat":"repeat","background-position":"center center","background-size":"auto","background-attachment":"scroll","background-type":"","background-media":"","overlay-type":"","overlay-color":"","overlay-opacity":"","overlay-gradient":""},"mobile":{"background-color":"var(--ast-global-color-5)","background-image":"","background-repeat":"repeat","background-position":"center center","background-size":"auto","background-attachment":"scroll","background-type":"","background-media":"","overlay-type":"","overlay-color":"","overlay-opacity":"","overlay-gradient":""}},"footnotes":""},"class_list":["post-554","page","type-page","status-publish","hentry"],"post_mailing_queue_ids":[],"_links":{"self":[{"href":"https:\/\/agora.xtec.cat\/iesb7\/wp-json\/wp\/v2\/pages\/554","targetHints":{"allow":["GET"]}}],"collection":[{"href":"https:\/\/agora.xtec.cat\/iesb7\/wp-json\/wp\/v2\/pages"}],"about":[{"href":"https:\/\/agora.xtec.cat\/iesb7\/wp-json\/wp\/v2\/types\/page"}],"author":[{"embeddable":true,"href":"https:\/\/agora.xtec.cat\/iesb7\/wp-json\/wp\/v2\/users\/1"}],"replies":[{"embeddable":true,"href":"https:\/\/agora.xtec.cat\/iesb7\/wp-json\/wp\/v2\/comments?post=554"}],"version-history":[{"count":6,"href":"https:\/\/agora.xtec.cat\/iesb7\/wp-json\/wp\/v2\/pages\/554\/revisions"}],"predecessor-version":[{"id":1274,"href":"https:\/\/agora.xtec.cat\/iesb7\/wp-json\/wp\/v2\/pages\/554\/revisions\/1274"}],"up":[{"embeddable":true,"href":"https:\/\/agora.xtec.cat\/iesb7\/wp-json\/wp\/v2\/pages\/195"}],"wp:attachment":[{"href":"https:\/\/agora.xtec.cat\/iesb7\/wp-json\/wp\/v2\/media?parent=554"}],"curies":[{"name":"wp","href":"https:\/\/api.w.org\/{rel}","templated":true}]}}