{"id":46,"date":"2014-09-17T16:53:45","date_gmt":"2014-09-17T16:53:45","guid":{"rendered":"http:\/\/agora.xtec.cat\/iesb7\/?page_id=46"},"modified":"2026-02-11T19:05:10","modified_gmt":"2026-02-11T18:05:10","slug":"organigrama","status":"publish","type":"page","link":"https:\/\/agora.xtec.cat\/iesb7\/linstitut\/organigrama\/","title":{"rendered":"Organigrama"},"content":{"rendered":"<p id=\"yui_3_17_2_1_1712169505679_47\"><b id=\"yui_3_17_2_1_1712169505679_46\"><span id=\"yui_3_17_2_1_1712169505679_45\" class=\"\"><img loading=\"lazy\" decoding=\"async\" id=\"yui_3_17_2_1_1712169505679_44\" class=\"img-responsive atto_image_button_text-bottom aligncenter\" role=\"presentation\" src=\"https:\/\/educaciodigital.cat\/iesb7\/moodle\/pluginfile.php\/353826\/mod_page\/content\/8\/organigramaweb.jpg\" alt=\"\" width=\"771\" height=\"500\" \/><\/span><\/b><b><br \/>\n<\/b><\/p>\n<p><b><span class=\"\">Equip directiu<\/span><\/b><\/p>\n<ul id=\"yui_3_17_2_1_1712169505679_50\">\n<li><span class=\"\"><b>Directora:<\/b>\u00a0N\u00faria Jorba Castany<\/span><\/li>\n<li><span class=\"\"><b>Cap d&#8217;estudis:<\/b>\u00a0Agust\u00ed Guijarro Camacho<\/span><\/li>\n<li><span class=\"\"><b>Secret\u00e0ria:<\/b>\u00a0Susana Arteaga V\u00e1zquez<\/span><\/li>\n<li><span class=\"\"><b>Coordinador pedag\u00f2gic:<\/b>\u00a0Miquel Ferr\u00e9 Villalonga<\/span><\/li>\n<li><span class=\"\"><b>Cap d&#8217;estudis adjunt:<\/b> Sara Santamar\u00eda Hern\u00e1ndez<\/span><\/li>\n<\/ul>\n<p><b><span class=\"\">Coordinacions<\/span><\/b><\/p>\n<ul id=\"yui_3_17_2_1_1712169505679_50\">\n<li><span class=\"\"><b>Coordinador de batxillerat:<\/b> Andreu Mora Soler<\/span><\/li>\n<li><span class=\"\"><b>Coordinador de cicles formatius:<\/b>\u00a0Jorge Luz\u00f3n Moreno<\/span><\/li>\n<\/ul>\n","protected":false},"excerpt":{"rendered":"<p>Equip directiu Directora:\u00a0N\u00faria Jorba Castany Cap d&#8217;estudis:\u00a0Agust\u00ed Guijarro Camacho Secret\u00e0ria:\u00a0Susana Arteaga V\u00e1zquez Coordinador pedag\u00f2gic:\u00a0Miquel Ferr\u00e9 Villalonga Cap d&#8217;estudis adjunt: Sara Santamar\u00eda Hern\u00e1ndez Coordinacions Coordinador de batxillerat: Andreu Mora Soler Coordinador de cicles formatius:\u00a0Jorge Luz\u00f3n Moreno<\/p>\n","protected":false},"author":1,"featured_media":0,"parent":19,"menu_order":5,"comment_status":"closed","ping_status":"closed","template":"","meta":{"_bbp_topic_count":0,"_bbp_reply_count":0,"_bbp_total_topic_count":0,"_bbp_total_reply_count":0,"_bbp_voice_count":0,"_bbp_anonymous_reply_count":0,"_bbp_topic_count_hidden":0,"_bbp_reply_count_hidden":0,"_bbp_forum_subforum_count":0,"site-sidebar-layout":"default","site-content-layout":"","ast-site-content-layout":"default","site-content-style":"default","site-sidebar-style":"default","ast-global-header-display":"","ast-banner-title-visibility":"","ast-main-header-display":"","ast-hfb-above-header-display":"","ast-hfb-below-header-display":"","ast-hfb-mobile-header-display":"","site-post-title":"","ast-breadcrumbs-content":"","ast-featured-img":"","footer-sml-layout":"","theme-transparent-header-meta":"default","adv-header-id-meta":"","stick-header-meta":"","header-above-stick-meta":"","header-main-stick-meta":"","header-below-stick-meta":"","astra-migrate-meta-layouts":"set","ast-page-background-enabled":"default","ast-page-background-meta":{"desktop":{"background-color":"var(--ast-global-color-4)","background-image":"","background-repeat":"repeat","background-position":"center center","background-size":"auto","background-attachment":"scroll","background-type":"","background-media":"","overlay-type":"","overlay-color":"","overlay-opacity":"","overlay-gradient":""},"tablet":{"background-color":"","background-image":"","background-repeat":"repeat","background-position":"center center","background-size":"auto","background-attachment":"scroll","background-type":"","background-media":"","overlay-type":"","overlay-color":"","overlay-opacity":"","overlay-gradient":""},"mobile":{"background-color":"","background-image":"","background-repeat":"repeat","background-position":"center center","background-size":"auto","background-attachment":"scroll","background-type":"","background-media":"","overlay-type":"","overlay-color":"","overlay-opacity":"","overlay-gradient":""}},"ast-content-background-meta":{"desktop":{"background-color":"var(--ast-global-color-5)","background-image":"","background-repeat":"repeat","background-position":"center center","background-size":"auto","background-attachment":"scroll","background-type":"","background-media":"","overlay-type":"","overlay-color":"","overlay-opacity":"","overlay-gradient":""},"tablet":{"background-color":"var(--ast-global-color-5)","background-image":"","background-repeat":"repeat","background-position":"center center","background-size":"auto","background-attachment":"scroll","background-type":"","background-media":"","overlay-type":"","overlay-color":"","overlay-opacity":"","overlay-gradient":""},"mobile":{"background-color":"var(--ast-global-color-5)","background-image":"","background-repeat":"repeat","background-position":"center center","background-size":"auto","background-attachment":"scroll","background-type":"","background-media":"","overlay-type":"","overlay-color":"","overlay-opacity":"","overlay-gradient":""}},"footnotes":""},"class_list":["post-46","page","type-page","status-publish","hentry"],"post_mailing_queue_ids":[],"_links":{"self":[{"href":"https:\/\/agora.xtec.cat\/iesb7\/wp-json\/wp\/v2\/pages\/46","targetHints":{"allow":["GET"]}}],"collection":[{"href":"https:\/\/agora.xtec.cat\/iesb7\/wp-json\/wp\/v2\/pages"}],"about":[{"href":"https:\/\/agora.xtec.cat\/iesb7\/wp-json\/wp\/v2\/types\/page"}],"author":[{"embeddable":true,"href":"https:\/\/agora.xtec.cat\/iesb7\/wp-json\/wp\/v2\/users\/1"}],"replies":[{"embeddable":true,"href":"https:\/\/agora.xtec.cat\/iesb7\/wp-json\/wp\/v2\/comments?post=46"}],"version-history":[{"count":2,"href":"https:\/\/agora.xtec.cat\/iesb7\/wp-json\/wp\/v2\/pages\/46\/revisions"}],"predecessor-version":[{"id":855,"href":"https:\/\/agora.xtec.cat\/iesb7\/wp-json\/wp\/v2\/pages\/46\/revisions\/855"}],"up":[{"embeddable":true,"href":"https:\/\/agora.xtec.cat\/iesb7\/wp-json\/wp\/v2\/pages\/19"}],"wp:attachment":[{"href":"https:\/\/agora.xtec.cat\/iesb7\/wp-json\/wp\/v2\/media?parent=46"}],"curies":[{"name":"wp","href":"https:\/\/api.w.org\/{rel}","templated":true}]}}