{"id":1006,"date":"2026-01-23T09:42:46","date_gmt":"2026-01-23T08:42:46","guid":{"rendered":"https:\/\/agora.xtec.cat\/iesb7\/?page_id=1006"},"modified":"2026-02-19T11:54:41","modified_gmt":"2026-02-19T10:54:41","slug":"projectes-de-centre-deso","status":"publish","type":"page","link":"https:\/\/agora.xtec.cat\/iesb7\/estudis\/presentacio-deso\/projectes-de-centre-deso\/","title":{"rendered":"Projectes de centre d&#8217;ESO"},"content":{"rendered":"<h1>Hora de lectura<\/h1>\n<p>Tot l&#8217;alumnat d&#8217;ESO dedica una hora setmanal a la <strong>lectura<\/strong> mitjan\u00e7ant sessions dinamitzades pel professorat.<\/p>\n<p><a href=\"https:\/\/agora.xtec.cat\/iesb7\/wp-content\/uploads\/usu3030\/2026\/01\/Hora-de-lectura-2.png\"><img loading=\"lazy\" decoding=\"async\" class=\"alignnone size-medium wp-image-1078\" src=\"https:\/\/agora.xtec.cat\/iesb7\/wp-content\/uploads\/usu3030\/2026\/01\/Hora-de-lectura-2-300x220.png\" alt=\"\" width=\"300\" height=\"220\" srcset=\"https:\/\/agora.xtec.cat\/iesb7\/wp-content\/uploads\/usu3030\/2026\/01\/Hora-de-lectura-2-300x220.png 300w, https:\/\/agora.xtec.cat\/iesb7\/wp-content\/uploads\/usu3030\/2026\/01\/Hora-de-lectura-2.png 313w\" sizes=\"auto, (max-width: 300px) 100vw, 300px\" \/><\/a> <a href=\"https:\/\/agora.xtec.cat\/iesb7\/wp-content\/uploads\/usu3030\/2026\/01\/Hora-de-lectura-1.jpg\"><img loading=\"lazy\" decoding=\"async\" class=\"alignnone size-medium wp-image-1079\" src=\"https:\/\/agora.xtec.cat\/iesb7\/wp-content\/uploads\/usu3030\/2026\/01\/Hora-de-lectura-1.jpg\" alt=\"\" width=\"236\" height=\"213\" \/><\/a><\/p>\n<p>&nbsp;<\/p>\n<h1><a href=\"https:\/\/www.behenka.org\/ca\" target=\"_blank\" rel=\"noopener\">Projecte Henka<\/a><\/h1>\n<p>El programa Henka ens ha perm\u00e8s forma part de la comunitat d&#8217;<strong>Escoles Resilients<\/strong> que promovem el <strong>benestar emocional<\/strong> en l&#8217;adolesc\u00e8ncia mitjan\u00e7ant el foment de la <strong>resili\u00e8ncia<\/strong>.<\/p>\n<p><a href=\"https:\/\/agora.xtec.cat\/iesb7\/wp-content\/uploads\/usu3030\/2026\/01\/HENKA.jpg\"><img loading=\"lazy\" decoding=\"async\" class=\"alignnone size-medium wp-image-1076\" src=\"https:\/\/agora.xtec.cat\/iesb7\/wp-content\/uploads\/usu3030\/2026\/01\/HENKA-300x225.jpg\" alt=\"\" width=\"300\" height=\"225\" srcset=\"https:\/\/agora.xtec.cat\/iesb7\/wp-content\/uploads\/usu3030\/2026\/01\/HENKA-300x225.jpg 300w, https:\/\/agora.xtec.cat\/iesb7\/wp-content\/uploads\/usu3030\/2026\/01\/HENKA-768x576.jpg 768w, https:\/\/agora.xtec.cat\/iesb7\/wp-content\/uploads\/usu3030\/2026\/01\/HENKA.jpg 960w\" sizes=\"auto, (max-width: 300px) 100vw, 300px\" \/><\/a><\/p>\n<p>&nbsp;<\/p>\n<h1><a href=\"https:\/\/serveiseducatius.xtec.cat\/badalona\/portada\/escoles-verdes-badalona\/\" target=\"_blank\" rel=\"noopener\">Escola Verda<\/a><\/h1>\n<p>El nostre centre forma part de la xarxa d&#8217;<strong>Escoles verdes<\/strong> de Badalona.<\/p>\n<p><a href=\"https:\/\/agora.xtec.cat\/iesb7\/wp-content\/uploads\/usu3030\/2026\/01\/Escola-verda.jpg\"><img loading=\"lazy\" decoding=\"async\" class=\"alignnone size-medium wp-image-1080\" src=\"https:\/\/agora.xtec.cat\/iesb7\/wp-content\/uploads\/usu3030\/2026\/01\/Escola-verda-300x110.jpg\" alt=\"\" width=\"300\" height=\"110\" srcset=\"https:\/\/agora.xtec.cat\/iesb7\/wp-content\/uploads\/usu3030\/2026\/01\/Escola-verda-300x110.jpg 300w, https:\/\/agora.xtec.cat\/iesb7\/wp-content\/uploads\/usu3030\/2026\/01\/Escola-verda.jpg 450w\" sizes=\"auto, (max-width: 300px) 100vw, 300px\" \/><\/a><\/p>\n<p>&nbsp;<\/p>\n<h1><a href=\"https:\/\/serveiseducatius.xtec.cat\/cesire\/faig-fent-per-aprendre-imaginant-globalment\/\" target=\"_blank\" rel=\"noopener\">Projecte FAIG<\/a><\/h1>\n<p>El projecte FAIG ha incorporat al nostre centre la disposici\u00f3 d&#8217;una <strong>aula maker<\/strong> i la metodologia del <strong>treball per projectes<\/strong> a l&#8217;ESO.<\/p>\n<p><a href=\"https:\/\/agora.xtec.cat\/iesb7\/wp-content\/uploads\/usu3030\/2026\/01\/FAIG.jpg\"><img loading=\"lazy\" decoding=\"async\" class=\"alignnone size-medium wp-image-1081\" src=\"https:\/\/agora.xtec.cat\/iesb7\/wp-content\/uploads\/usu3030\/2026\/01\/FAIG-300x120.jpg\" alt=\"\" width=\"300\" height=\"120\" srcset=\"https:\/\/agora.xtec.cat\/iesb7\/wp-content\/uploads\/usu3030\/2026\/01\/FAIG-300x120.jpg 300w, https:\/\/agora.xtec.cat\/iesb7\/wp-content\/uploads\/usu3030\/2026\/01\/FAIG-1024x409.jpg 1024w, https:\/\/agora.xtec.cat\/iesb7\/wp-content\/uploads\/usu3030\/2026\/01\/FAIG-768x307.jpg 768w, https:\/\/agora.xtec.cat\/iesb7\/wp-content\/uploads\/usu3030\/2026\/01\/FAIG.jpg 1180w\" sizes=\"auto, (max-width: 300px) 100vw, 300px\" \/><\/a><\/p>\n<p>&nbsp;<\/p>\n<h1>Projecte art\u00edstic<\/h1>\n<p>L&#8217;alumnat de 2n i 3r d&#8217;ESO cursa les mat\u00e8ries de M\u00fasica i Educaci\u00f3 visual i pl\u00e0stica de forma conjunta fent el que anomenem <strong>projecte art\u00edstic<\/strong>. Les classes s\u00f3n impartides en codoc\u00e8ncia per professorat de M\u00fasica i Educaci\u00f3 visual i pl\u00e0stica.<\/p>\n<p><a href=\"https:\/\/agora.xtec.cat\/iesb7\/wp-content\/uploads\/usu3030\/2026\/01\/insbadalonavii_photo_1768582570068.jpg\"><img loading=\"lazy\" decoding=\"async\" class=\"alignnone size-medium wp-image-904\" src=\"https:\/\/agora.xtec.cat\/iesb7\/wp-content\/uploads\/usu3030\/2026\/01\/insbadalonavii_photo_1768582570068-300x200.jpg\" alt=\"\" width=\"300\" height=\"200\" srcset=\"https:\/\/agora.xtec.cat\/iesb7\/wp-content\/uploads\/usu3030\/2026\/01\/insbadalonavii_photo_1768582570068-300x200.jpg 300w, https:\/\/agora.xtec.cat\/iesb7\/wp-content\/uploads\/usu3030\/2026\/01\/insbadalonavii_photo_1768582570068-1024x683.jpg 1024w, https:\/\/agora.xtec.cat\/iesb7\/wp-content\/uploads\/usu3030\/2026\/01\/insbadalonavii_photo_1768582570068-768x512.jpg 768w, https:\/\/agora.xtec.cat\/iesb7\/wp-content\/uploads\/usu3030\/2026\/01\/insbadalonavii_photo_1768582570068.jpg 1080w\" sizes=\"auto, (max-width: 300px) 100vw, 300px\" \/><\/a><\/p>\n<p>&nbsp;<\/p>\n<p>Els nostre centre tamb\u00e9 ha participat en altres projectes com:<\/p>\n<p><a href=\"https:\/\/xtec.gencat.cat\/ca\/innovacio\/programes_innovacio\/formacio-professional-i-regim-especial\/araart\/\" target=\"_blank\" rel=\"noopener\"><img loading=\"lazy\" decoding=\"async\" class=\"alignnone size-medium wp-image-1203\" src=\"https:\/\/agora.xtec.cat\/iesb7\/wp-content\/uploads\/usu3030\/2026\/02\/araart-300x300.jpg\" alt=\"\" width=\"300\" height=\"300\" srcset=\"https:\/\/agora.xtec.cat\/iesb7\/wp-content\/uploads\/usu3030\/2026\/02\/araart-300x300.jpg 300w, https:\/\/agora.xtec.cat\/iesb7\/wp-content\/uploads\/usu3030\/2026\/02\/araart-150x150.jpg 150w, https:\/\/agora.xtec.cat\/iesb7\/wp-content\/uploads\/usu3030\/2026\/02\/araart.jpg 538w\" sizes=\"auto, (max-width: 300px) 100vw, 300px\" \/><\/a><\/p>\n<p><a href=\"https:\/\/agora.xtec.cat\/mobilsedu\/\" target=\"_blank\" rel=\"noopener\"><img loading=\"lazy\" decoding=\"async\" class=\"alignnone size-medium wp-image-1205\" src=\"https:\/\/agora.xtec.cat\/iesb7\/wp-content\/uploads\/usu3030\/2026\/02\/mobilsedu-300x300.png\" alt=\"\" width=\"300\" height=\"300\" srcset=\"https:\/\/agora.xtec.cat\/iesb7\/wp-content\/uploads\/usu3030\/2026\/02\/mobilsedu-300x300.png 300w, https:\/\/agora.xtec.cat\/iesb7\/wp-content\/uploads\/usu3030\/2026\/02\/mobilsedu-150x150.png 150w, https:\/\/agora.xtec.cat\/iesb7\/wp-content\/uploads\/usu3030\/2026\/02\/mobilsedu.png 620w\" sizes=\"auto, (max-width: 300px) 100vw, 300px\" \/><\/a><\/p>\n<p><a href=\"https:\/\/agora.xtec.cat\/mobilsedu\/\" target=\"_blank\" rel=\"noopener\"><img loading=\"lazy\" decoding=\"async\" class=\"alignnone size-medium wp-image-1206\" src=\"https:\/\/agora.xtec.cat\/iesb7\/wp-content\/uploads\/usu3030\/2026\/02\/xcb-300x106.jpg\" alt=\"\" width=\"300\" height=\"106\" srcset=\"https:\/\/agora.xtec.cat\/iesb7\/wp-content\/uploads\/usu3030\/2026\/02\/xcb-300x106.jpg 300w, https:\/\/agora.xtec.cat\/iesb7\/wp-content\/uploads\/usu3030\/2026\/02\/xcb.jpg 600w\" sizes=\"auto, (max-width: 300px) 100vw, 300px\" \/><\/a><\/p>\n<p>&nbsp;<\/p>\n","protected":false},"excerpt":{"rendered":"<p>Hora de lectura Tot l&#8217;alumnat d&#8217;ESO dedica una hora setmanal a la lectura mitjan\u00e7ant sessions dinamitzades pel professorat. &nbsp; Projecte Henka El programa Henka ens ha perm\u00e8s forma part de la comunitat d&#8217;Escoles Resilients que promovem el benestar emocional en l&#8217;adolesc\u00e8ncia mitjan\u00e7ant el foment de la resili\u00e8ncia. &nbsp; Escola Verda El nostre centre forma part [&hellip;]<\/p>\n","protected":false},"author":1,"featured_media":0,"parent":879,"menu_order":3,"comment_status":"closed","ping_status":"closed","template":"","meta":{"_bbp_topic_count":0,"_bbp_reply_count":0,"_bbp_total_topic_count":0,"_bbp_total_reply_count":0,"_bbp_voice_count":0,"_bbp_anonymous_reply_count":0,"_bbp_topic_count_hidden":0,"_bbp_reply_count_hidden":0,"_bbp_forum_subforum_count":0,"site-sidebar-layout":"default","site-content-layout":"","ast-site-content-layout":"default","site-content-style":"default","site-sidebar-style":"default","ast-global-header-display":"","ast-banner-title-visibility":"","ast-main-header-display":"","ast-hfb-above-header-display":"","ast-hfb-below-header-display":"","ast-hfb-mobile-header-display":"","site-post-title":"","ast-breadcrumbs-content":"","ast-featured-img":"","footer-sml-layout":"","theme-transparent-header-meta":"default","adv-header-id-meta":"","stick-header-meta":"","header-above-stick-meta":"","header-main-stick-meta":"","header-below-stick-meta":"","astra-migrate-meta-layouts":"set","ast-page-background-enabled":"default","ast-page-background-meta":{"desktop":{"background-color":"var(--ast-global-color-4)","background-image":"","background-repeat":"repeat","background-position":"center center","background-size":"auto","background-attachment":"scroll","background-type":"","background-media":"","overlay-type":"","overlay-color":"","overlay-opacity":"","overlay-gradient":""},"tablet":{"background-color":"","background-image":"","background-repeat":"repeat","background-position":"center center","background-size":"auto","background-attachment":"scroll","background-type":"","background-media":"","overlay-type":"","overlay-color":"","overlay-opacity":"","overlay-gradient":""},"mobile":{"background-color":"","background-image":"","background-repeat":"repeat","background-position":"center center","background-size":"auto","background-attachment":"scroll","background-type":"","background-media":"","overlay-type":"","overlay-color":"","overlay-opacity":"","overlay-gradient":""}},"ast-content-background-meta":{"desktop":{"background-color":"var(--ast-global-color-5)","background-image":"","background-repeat":"repeat","background-position":"center center","background-size":"auto","background-attachment":"scroll","background-type":"","background-media":"","overlay-type":"","overlay-color":"","overlay-opacity":"","overlay-gradient":""},"tablet":{"background-color":"var(--ast-global-color-5)","background-image":"","background-repeat":"repeat","background-position":"center center","background-size":"auto","background-attachment":"scroll","background-type":"","background-media":"","overlay-type":"","overlay-color":"","overlay-opacity":"","overlay-gradient":""},"mobile":{"background-color":"var(--ast-global-color-5)","background-image":"","background-repeat":"repeat","background-position":"center center","background-size":"auto","background-attachment":"scroll","background-type":"","background-media":"","overlay-type":"","overlay-color":"","overlay-opacity":"","overlay-gradient":""}},"footnotes":""},"class_list":["post-1006","page","type-page","status-publish","hentry"],"post_mailing_queue_ids":[],"_links":{"self":[{"href":"https:\/\/agora.xtec.cat\/iesb7\/wp-json\/wp\/v2\/pages\/1006","targetHints":{"allow":["GET"]}}],"collection":[{"href":"https:\/\/agora.xtec.cat\/iesb7\/wp-json\/wp\/v2\/pages"}],"about":[{"href":"https:\/\/agora.xtec.cat\/iesb7\/wp-json\/wp\/v2\/types\/page"}],"author":[{"embeddable":true,"href":"https:\/\/agora.xtec.cat\/iesb7\/wp-json\/wp\/v2\/users\/1"}],"replies":[{"embeddable":true,"href":"https:\/\/agora.xtec.cat\/iesb7\/wp-json\/wp\/v2\/comments?post=1006"}],"version-history":[{"count":6,"href":"https:\/\/agora.xtec.cat\/iesb7\/wp-json\/wp\/v2\/pages\/1006\/revisions"}],"predecessor-version":[{"id":1208,"href":"https:\/\/agora.xtec.cat\/iesb7\/wp-json\/wp\/v2\/pages\/1006\/revisions\/1208"}],"up":[{"embeddable":true,"href":"https:\/\/agora.xtec.cat\/iesb7\/wp-json\/wp\/v2\/pages\/879"}],"wp:attachment":[{"href":"https:\/\/agora.xtec.cat\/iesb7\/wp-json\/wp\/v2\/media?parent=1006"}],"curies":[{"name":"wp","href":"https:\/\/api.w.org\/{rel}","templated":true}]}}