{"id":791,"date":"2020-03-17T11:49:24","date_gmt":"2020-03-17T10:49:24","guid":{"rendered":"https:\/\/agora.xtec.cat\/iesaubenc\/?page_id=791"},"modified":"2020-03-17T11:50:07","modified_gmt":"2020-03-17T10:50:07","slug":"informacio-1","status":"publish","type":"page","link":"https:\/\/agora.xtec.cat\/iesaubenc\/informacio-1\/","title":{"rendered":"Informaci\u00f3 1"},"content":{"rendered":"<p>Benvolgudes fam\u00edlies,<\/p>\n<p>En primer lloc, us volem agrair l&#8217;esfor\u00e7 que esteu fent davant el context de confinament.<\/p>\n<p>El professorat anir\u00e0 informant a trav\u00e9s del correu electr\u00f2nic de l&#8217;alumnat de la nova proposta formativa: recursos i activitats did\u00e0ctiques en l\u00ednia per tal d&#8217;avan\u00e7ar en el proc\u00e9s d&#8217;aprenentatge, malgrat l&#8217;aturada presencial.<\/p>\n<p>Tamb\u00e9 recordar-vos que, posem a la vostra disposici\u00f3 el correu electr\u00f2nic del centre (c5006471@xtec.cat) i de les tutores, com a canal de comunicaci\u00f3 amb les fam\u00edlies.<\/p>\n<p>Desitgem retrobar-nos ben aviat.<\/p>\n<p>La Direcci\u00f3<\/p>\n<p>&nbsp;<\/p>\n<p>&nbsp;<\/p>\n<p>&nbsp;<\/p>\n","protected":false},"excerpt":{"rendered":"<p>Benvolgudes fam\u00edlies,<br \/>\nEn primer lloc, us volem agrair l&#8217;esfor\u00e7 que esteu fent davant el context de confinament.<br \/>\nEl professorat anir\u00e0 informant a trav\u00e9s del correu electr\u00f2nic de l&#8217;alumnat de la nova proposta formativa: recursos i activitats did\u00e0ctiques en l\u00ednia per tal d&#8217;avan\u00e7ar en el proc\u00e9s d&#8217;aprenentatge, malgrat&hellip;  <a href=\"https:\/\/agora.xtec.cat\/iesaubenc\/informacio-1\/\" title=\"Read Informaci\u00f3 1\">Llegeix m\u00e9s\u00bb<\/a><\/p>\n","protected":false},"author":1,"featured_media":0,"parent":0,"menu_order":0,"comment_status":"closed","ping_status":"closed","template":"","meta":{"_bbp_topic_count":0,"_bbp_reply_count":0,"_bbp_total_topic_count":0,"_bbp_total_reply_count":0,"_bbp_voice_count":0,"_bbp_anonymous_reply_count":0,"_bbp_topic_count_hidden":0,"_bbp_reply_count_hidden":0,"_bbp_forum_subforum_count":0,"footnotes":""},"class_list":["post-791","page","type-page","status-publish","hentry"],"post_mailing_queue_ids":[],"_links":{"self":[{"href":"https:\/\/agora.xtec.cat\/iesaubenc\/wp-json\/wp\/v2\/pages\/791","targetHints":{"allow":["GET"]}}],"collection":[{"href":"https:\/\/agora.xtec.cat\/iesaubenc\/wp-json\/wp\/v2\/pages"}],"about":[{"href":"https:\/\/agora.xtec.cat\/iesaubenc\/wp-json\/wp\/v2\/types\/page"}],"author":[{"embeddable":true,"href":"https:\/\/agora.xtec.cat\/iesaubenc\/wp-json\/wp\/v2\/users\/1"}],"replies":[{"embeddable":true,"href":"https:\/\/agora.xtec.cat\/iesaubenc\/wp-json\/wp\/v2\/comments?post=791"}],"version-history":[{"count":2,"href":"https:\/\/agora.xtec.cat\/iesaubenc\/wp-json\/wp\/v2\/pages\/791\/revisions"}],"predecessor-version":[{"id":794,"href":"https:\/\/agora.xtec.cat\/iesaubenc\/wp-json\/wp\/v2\/pages\/791\/revisions\/794"}],"wp:attachment":[{"href":"https:\/\/agora.xtec.cat\/iesaubenc\/wp-json\/wp\/v2\/media?parent=791"}],"curies":[{"name":"wp","href":"https:\/\/api.w.org\/{rel}","templated":true}]}}