{"id":27,"date":"2014-09-17T16:24:03","date_gmt":"2014-09-17T16:24:03","guid":{"rendered":"http:\/\/agora.xtec.cat\/iesaubenc\/?page_id=27"},"modified":"2019-10-24T11:20:27","modified_gmt":"2019-10-24T09:20:27","slug":"historia","status":"publish","type":"page","link":"https:\/\/agora.xtec.cat\/iesaubenc\/linstitut\/historia\/","title":{"rendered":"Hist\u00f2ria"},"content":{"rendered":"<p>L\u2019INS es va fundar a principis dels anys 80, impartint part de la secci\u00f3 de formaci\u00f3 professional de primer grau de les branques de mec\u00e0nica i administraci\u00f3; va ser una conseq\u00fc\u00e8ncia de l\u2019aven\u00e7 industrial a la poblaci\u00f3.<\/p>\n<p>&nbsp;<\/p>\n<p>A finals dels anys 80, l\u2019institut va ampliar la seva oferta educativa amb els estudis de BUP i FP, estudis que arran de la implantaci\u00f3 de la LOGSE, i reestructuraci\u00f3 del sistema educatiu van desapar\u00e8ixer de la poblaci\u00f3, quedant a l\u2019INS els estudis d\u2019ESO i que, des del curs 2006-2007, s\u2019han incrementat en un cicle formatiu de Grau mitj\u00e0 en Activitats comercials i un cicle superior en Comer\u00e7 internacional.<\/p>\n<p>&nbsp;<\/p>\n<p>Pel que fa a l\u2019edifici, no ha estat ubicat sempre al mateix lloc, en un primer moment va estar situat a l&#8217;<em>Edifici dels \u00c0ngels<\/em>, propietat del Bisbat, per\u00f2 des del\u00a0 1999 es va inaugurar l\u2019actual edifici.<\/p>\n<p>&nbsp;<\/p>\n<p>&nbsp;<\/p>\n","protected":false},"excerpt":{"rendered":"<p>L\u2019INS es va fundar a principis dels anys 80, impartint part de la secci\u00f3 de formaci\u00f3 professional de primer grau de les branques de mec\u00e0nica i administraci\u00f3; va ser una conseq\u00fc\u00e8ncia de l\u2019aven\u00e7 industrial a la poblaci\u00f3.<br \/>\n&nbsp;<br \/>\nA finals dels anys 80, l\u2019institut va ampliar la&hellip;  <a href=\"https:\/\/agora.xtec.cat\/iesaubenc\/linstitut\/historia\/\" title=\"Read Hist\u00f2ria\">Llegeix m\u00e9s\u00bb<\/a><\/p>\n","protected":false},"author":1,"featured_media":0,"parent":19,"menu_order":20,"comment_status":"closed","ping_status":"closed","template":"page-templates\/side-menu.php","meta":{"_bbp_topic_count":0,"_bbp_reply_count":0,"_bbp_total_topic_count":0,"_bbp_total_reply_count":0,"_bbp_voice_count":0,"_bbp_anonymous_reply_count":0,"_bbp_topic_count_hidden":0,"_bbp_reply_count_hidden":0,"_bbp_forum_subforum_count":0,"footnotes":""},"class_list":["post-27","page","type-page","status-publish","hentry"],"post_mailing_queue_ids":[],"_links":{"self":[{"href":"https:\/\/agora.xtec.cat\/iesaubenc\/wp-json\/wp\/v2\/pages\/27","targetHints":{"allow":["GET"]}}],"collection":[{"href":"https:\/\/agora.xtec.cat\/iesaubenc\/wp-json\/wp\/v2\/pages"}],"about":[{"href":"https:\/\/agora.xtec.cat\/iesaubenc\/wp-json\/wp\/v2\/types\/page"}],"author":[{"embeddable":true,"href":"https:\/\/agora.xtec.cat\/iesaubenc\/wp-json\/wp\/v2\/users\/1"}],"replies":[{"embeddable":true,"href":"https:\/\/agora.xtec.cat\/iesaubenc\/wp-json\/wp\/v2\/comments?post=27"}],"version-history":[{"count":2,"href":"https:\/\/agora.xtec.cat\/iesaubenc\/wp-json\/wp\/v2\/pages\/27\/revisions"}],"predecessor-version":[{"id":505,"href":"https:\/\/agora.xtec.cat\/iesaubenc\/wp-json\/wp\/v2\/pages\/27\/revisions\/505"}],"up":[{"embeddable":true,"href":"https:\/\/agora.xtec.cat\/iesaubenc\/wp-json\/wp\/v2\/pages\/19"}],"wp:attachment":[{"href":"https:\/\/agora.xtec.cat\/iesaubenc\/wp-json\/wp\/v2\/media?parent=27"}],"curies":[{"name":"wp","href":"https:\/\/api.w.org\/{rel}","templated":true}]}}