{"id":69,"date":"2014-09-18T10:15:07","date_gmt":"2014-09-18T09:15:07","guid":{"rendered":"http:\/\/agora.xtec.cat\/iesarnaucadell\/?page_id=69"},"modified":"2024-03-07T21:39:45","modified_gmt":"2024-03-07T20:39:45","slug":"menjador-escolar","status":"publish","type":"page","link":"https:\/\/agora.xtec.cat\/iesarnaucadell\/serveis\/menjador-escolar\/","title":{"rendered":"Menjador escolar"},"content":{"rendered":"<p>El menjador i la cantina del centre estan gestionats per la cooperativa Doble Via.<\/p>\n<div class=\"wp-block-spacer\" aria-hidden=\"true\"><\/div>\n<p class=\"has-text-align-left\"><strong>Funcionament del servei<\/strong><\/p>\n<ul>\n<li>Es pot fer \u00fas del servei tots els dies de la setmana o b\u00e9 per dies alterns.<\/li>\n<li>Si el vostre fill es queda a dinar espor\u00e0dicament, haur\u00e0 de comprar el tiquet de menjador a trav\u00e9s de l\u2019App de menjador abans de les 9.30 h del mateix dia que es quedi.<\/li>\n<li>Les faltes d\u2019assist\u00e8ncia dels usuaris inscrits s\u2019han d\u2019avisar abans de les 9.30 per whatsapp al 628-666-690 o per correu electr\u00f2nic a\u00a0<a href=\"mailto:menjadorarnau@doblevia.coop\" target=\"_blank\" rel=\"noopener\">menjadorarnau@doblevia.coop<\/a><\/li>\n<li>Al seg\u00fcent enlla\u00e7 pots consultar el men\u00fa mensual:\u00a0<a href=\"http:\/\/menjadorarnaucadell.doblevia.coop\/\">http:\/\/menjadorarnaucadell.doblevia.coop\/<\/a>.<\/li>\n<\/ul>\n<div class=\"wp-block-spacer\" aria-hidden=\"true\"><\/div>\n<p class=\"has-text-align-left\"><strong>Inscripcions<\/strong><\/p>\n<ul>\n<li>Les inscripcions s\u2019han a trav\u00e9s de la web de l\u2019empresa\u00a0<a href=\"https:\/\/inscripcions.doblevia.coop\/login\">Doble Via<\/a>.<\/li>\n<li>Les quotes es cobraran per domiciliaci\u00f3 banc\u00e0ria en 10 mensualitats (8 quotes senceres d\u2019octubre a maig i 2 quotes parcials al setembre i al juny).<\/li>\n<li>En cas de baixa d\u2019una activitat s\u2019ha d\u2019avisar per correu electr\u00f2nic\u00a0a\u00a0<a href=\"mailto:aeearnaucadell@gmail.com\" target=\"_blank\" rel=\"noopener\">l\u2019AEE<\/a>\u00a0o\u00a0a\u00a0<a href=\"tel:+34628666690\" target=\"_blank\" rel=\"noopener\">Doble Via<\/a>\u00a0abans del dia 20 del mes anterior al que es produeixi la baixa<\/li>\n<\/ul>\n<div class=\"wp-block-spacer\" aria-hidden=\"true\"><\/div>\n<p class=\"has-text-align-left\"><strong>Contacte<\/strong><\/p>\n<ul>\n<li>Coordinadora: Za\u00efra Tor\u00e1n<\/li>\n<li>Tel\u00e8fon:\u00a0<a href=\"tel:+34628666690\">628 666 690<\/a>\u00a0de dilluns a divendres de 14 h a 16 h.<\/li>\n<li>Per correu electr\u00f2nic:\u00a0<a href=\"mailto:menjadorarnau@doblevia.coop\">menjadorarnau@doblevia.coop<\/a><\/li>\n<\/ul>\n","protected":false},"excerpt":{"rendered":"<p>El menjador i la cantina del centre estan gestionats per la cooperativa Doble Via.<\/p>\n<p>Funcionament del servei<\/p>\n<ul>\n<li>Es pot fer \u00fas del servei tots els dies de la setmana o b\u00e9 per dies alterns.<\/li>\n<li>Si el vostre fill es queda a dinar espor\u00e0dicament, haur\u00e0 de comprar el tiquet&hellip;  <a href=\"https:\/\/agora.xtec.cat\/iesarnaucadell\/serveis\/menjador-escolar\/\" title=\"Read Menjador escolar\">Llegeix m\u00e9s\u00bb<\/a><br \/>\n","protected":false},"author":1,"featured_media":0,"parent":63,"menu_order":20,"comment_status":"closed","ping_status":"closed","template":"page-templates\/side-menu.php","meta":{"_bbp_topic_count":0,"_bbp_reply_count":0,"_bbp_total_topic_count":0,"_bbp_total_reply_count":0,"_bbp_voice_count":0,"_bbp_anonymous_reply_count":0,"_bbp_topic_count_hidden":0,"_bbp_reply_count_hidden":0,"_bbp_forum_subforum_count":0,"footnotes":""},"class_list":["post-69","page","type-page","status-publish","hentry"],"post_mailing_queue_ids":[],"_links":{"self":[{"href":"https:\/\/agora.xtec.cat\/iesarnaucadell\/wp-json\/wp\/v2\/pages\/69","targetHints":{"allow":["GET"]}}],"collection":[{"href":"https:\/\/agora.xtec.cat\/iesarnaucadell\/wp-json\/wp\/v2\/pages"}],"about":[{"href":"https:\/\/agora.xtec.cat\/iesarnaucadell\/wp-json\/wp\/v2\/types\/page"}],"author":[{"embeddable":true,"href":"https:\/\/agora.xtec.cat\/iesarnaucadell\/wp-json\/wp\/v2\/users\/1"}],"replies":[{"embeddable":true,"href":"https:\/\/agora.xtec.cat\/iesarnaucadell\/wp-json\/wp\/v2\/comments?post=69"}],"version-history":[{"count":2,"href":"https:\/\/agora.xtec.cat\/iesarnaucadell\/wp-json\/wp\/v2\/pages\/69\/revisions"}],"predecessor-version":[{"id":2238,"href":"https:\/\/agora.xtec.cat\/iesarnaucadell\/wp-json\/wp\/v2\/pages\/69\/revisions\/2238"}],"up":[{"embeddable":true,"href":"https:\/\/agora.xtec.cat\/iesarnaucadell\/wp-json\/wp\/v2\/pages\/63"}],"wp:attachment":[{"href":"https:\/\/agora.xtec.cat\/iesarnaucadell\/wp-json\/wp\/v2\/media?parent=69"}],"curies":[{"name":"wp","href":"https:\/\/api.w.org\/{rel}","templated":true}]}}