{"id":1196,"date":"2021-09-16T13:46:16","date_gmt":"2021-09-16T11:46:16","guid":{"rendered":"https:\/\/agora.xtec.cat\/iesarnaucadell\/?page_id=1196"},"modified":"2021-09-16T13:52:18","modified_gmt":"2021-09-16T11:52:18","slug":"convalidacions-dansa","status":"publish","type":"page","link":"https:\/\/agora.xtec.cat\/iesarnaucadell\/convalidacions-dansa\/","title":{"rendered":"Convalidacions dansa"},"content":{"rendered":"<div style=\"text-align: justify;\"><span style=\"font-family: arial, sans-serif;\">L\u2019alumnat que cursi estudis de dansa en escoles autoritzades, poden sol\u00b7licitar la convalidaci\u00f3 o el reconeixement de mat\u00e8ries.\u00a0 <\/span><span style=\"font-family: arial, sans-serif;\">Aquesta convalidaci\u00f3 s\u2019ha de demanar presentant la documentaci\u00f3 requerida a la secretaria del centre com a m\u00e0xim el\u00a0<b>13 d&#8217;octubre de 2021.\u00a0<\/b><\/span><\/div>\n<div><\/div>\n<p style=\"text-align: justify;\"><b><span style=\"font-family: arial, sans-serif;\">La documentaci\u00f3 necess\u00e0ria \u00e9s la seg\u00fcent:\u00a0<\/span><\/b><\/p>\n<ul>\n<li style=\"text-align: justify;\"><span style=\"font-family: arial, sans-serif;\">Sol\u00b7licitud de reducci\u00f3 de mat\u00e8ries de l\u2019educaci\u00f3 secund\u00e0ria obligat\u00f2ria (ESO) per als alumnes que cursen estudis de dansa en un conservatori o en un centre professional o en una escola de dansa autoritzada. <a href=\"https:\/\/agora.xtec.cat\/iesarnaucadell\/wp-content\/uploads\/usu2503\/2021\/09\/REDUCCIO-MATERIES-Dansa-ESO.pdf\">EDA1<\/a><\/span><\/li>\n<\/ul>\n<div style=\"text-align: justify;\"><\/div>\n<ul>\n<li>Resoluci\u00f3 per la qual es concedeix la convalidaci\u00f3 de mat\u00e8ries de l\u2019educaci\u00f3 secund\u00e0ria obligat\u00f2ria (ESO) basant-se en estudis de dansa en un centre professional de dansa. <a href=\"https:\/\/agora.xtec.cat\/iesarnaucadell\/wp-content\/uploads\/usu2503\/2021\/09\/CONVALIDACIO-MATERIES-DANSA-ESO.pdf\">EDA2<\/a><\/li>\n<\/ul>\n","protected":false},"excerpt":{"rendered":"<p>L\u2019alumnat que cursi estudis de dansa en escoles autoritzades, poden sol\u00b7licitar la convalidaci\u00f3 o el reconeixement de mat\u00e8ries.\u00a0 Aquesta convalidaci\u00f3 s\u2019ha de demanar presentant la documentaci\u00f3 requerida a la secretaria del centre com a m\u00e0xim el\u00a013 d&#8217;octubre de 2021.\u00a0<\/p>\n<p>La documentaci\u00f3 necess\u00e0ria \u00e9s la seg\u00fcent:\u00a0<\/p>\n<ul>\n<li style=\"text-align:&hellip;  <a href=\"https:\/\/agora.xtec.cat\/iesarnaucadell\/convalidacions-dansa\/\" title=\"Read Convalidacions dansa\">Llegeix m\u00e9s\u00bb<\/a><br \/>\n","protected":false},"author":1,"featured_media":0,"parent":0,"menu_order":0,"comment_status":"closed","ping_status":"closed","template":"","meta":{"_bbp_topic_count":0,"_bbp_reply_count":0,"_bbp_total_topic_count":0,"_bbp_total_reply_count":0,"_bbp_voice_count":0,"_bbp_anonymous_reply_count":0,"_bbp_topic_count_hidden":0,"_bbp_reply_count_hidden":0,"_bbp_forum_subforum_count":0,"footnotes":""},"class_list":["post-1196","page","type-page","status-publish","hentry"],"post_mailing_queue_ids":[],"_links":{"self":[{"href":"https:\/\/agora.xtec.cat\/iesarnaucadell\/wp-json\/wp\/v2\/pages\/1196","targetHints":{"allow":["GET"]}}],"collection":[{"href":"https:\/\/agora.xtec.cat\/iesarnaucadell\/wp-json\/wp\/v2\/pages"}],"about":[{"href":"https:\/\/agora.xtec.cat\/iesarnaucadell\/wp-json\/wp\/v2\/types\/page"}],"author":[{"embeddable":true,"href":"https:\/\/agora.xtec.cat\/iesarnaucadell\/wp-json\/wp\/v2\/users\/1"}],"replies":[{"embeddable":true,"href":"https:\/\/agora.xtec.cat\/iesarnaucadell\/wp-json\/wp\/v2\/comments?post=1196"}],"version-history":[{"count":3,"href":"https:\/\/agora.xtec.cat\/iesarnaucadell\/wp-json\/wp\/v2\/pages\/1196\/revisions"}],"predecessor-version":[{"id":1201,"href":"https:\/\/agora.xtec.cat\/iesarnaucadell\/wp-json\/wp\/v2\/pages\/1196\/revisions\/1201"}],"wp:attachment":[{"href":"https:\/\/agora.xtec.cat\/iesarnaucadell\/wp-json\/wp\/v2\/media?parent=1196"}],"curies":[{"name":"wp","href":"https:\/\/api.w.org\/{rel}","templated":true}]}}