{"id":81,"date":"2014-09-18T10:38:05","date_gmt":"2014-09-18T10:38:05","guid":{"rendered":"http:\/\/agora.xtec.cat\/iesaran\/?page_id=81"},"modified":"2022-03-09T09:38:40","modified_gmt":"2022-03-09T08:38:40","slug":"secretaria","status":"publish","type":"page","link":"https:\/\/agora.xtec.cat\/iesaran\/linstitut\/secretaria\/","title":{"rendered":"Secretaria i Administraci\u00f3"},"content":{"rendered":"<p><strong>Secretaria<\/strong><\/p>\n<p><strong>Ubicacion:<\/strong><\/p>\n<p>Ent\u00e0 informacion e tr\u00e0mits administratius cau anar tara secretaria situada ena\u00a0<strong>Planta 2<\/strong>\u00a0<em>(acc\u00e9s ath cant dera C-28)<\/em>.<\/p>\n<p><strong>Orari:<\/strong><\/p>\n<div>Iu\u00e8rn:\u00a0\u00a0 De deluns a diuendres de 8h00&#8242; t\u00e0s 14h00&#8242;<\/div>\n<div>Ostiu:\u00a0\u00a0 De deluns a diuendres de 8h00&#8242; t\u00e0s 14h00&#8242;<\/div>\n<div><\/div>\n<p><strong>T<\/strong><strong>ramits:<\/strong><\/p>\n<ul>\n<li>Realitzacion des tr\u00e0mits de matricula (nautes, modificacions i baishes).<\/li>\n<li>Emision de certificats, historiaus e expedients academics\u00a0<em>(les cau sollicitar damb un m\u00ednim de 24h d&#8217;antel\u00b7acion)<\/em>.<\/li>\n<li>Emision de certificat d&#8217;acreditacion de Catal\u00e0<\/li>\n<li>Tramitacion de b\u00e8ques.<\/li>\n<li>Eca.<\/li>\n<\/ul>\n<p><strong>Informacions d&#8217;inter\u00e8s:<\/strong><\/p>\n<ul>\n<li><strong>Ajuts i b\u00e8ques ESO:<\/strong><\/li>\n<\/ul>\n<p>\u221a <a href=\"http:\/\/www20.gencat.cat\/portal\/site\/ensenyament\/menuitem.cbdab11d5a3f9031c65d3082b0c0e1a0\/?vgnextoid=590d18630dba8210VgnVCM1000008d0c1e0aRCRD&amp;vgnextchannel=590d18630dba8210VgnVCM1000008d0c1e0aRCRD&amp;vgnextfmt=default\" target=\"_blank\" rel=\"noopener noreferrer\">Ajuts pera adquisicion de libres de t\u00e8xte e materiau didactic complementari e informatic<\/a><\/p>\n<ul>\n<li><strong>Ajuts e b\u00e8ques estudis postobligatoris:<\/strong><\/li>\n<\/ul>\n<div>\u00a0\u00a0 \u221a <a href=\"http:\/\/www20.gencat.cat\/portal\/site\/OVT\/menuitem.8d9f3f7e23c1cd519e629e30b0c0e1a0\/?vgnextoid=117381196e0e3210VgnVCM1000008d0c1e0aRCRD&amp;vgnextchannel=117381196e0e3210VgnVCM1000008d0c1e0aRCRD&amp;vgnextfmt=detall&amp;contentid=d848ba2cd622c110VgnVCM1000008d0c1e0aRCRD\" target=\"_blank\" rel=\"noopener noreferrer\">B\u00e8ques e ajuts ar estudi de caracter generau e de mobilitat<\/a><\/div>\n<div>\u00a0\u00a0 \u221a <a href=\"http:\/\/www20.gencat.cat\/portal\/site\/ensenyament\/menuitem.cbdab11d5a3f9031c65d3082b0c0e1a0\/?vgnextoid=590d18630dba8210VgnVCM1000008d0c1e0aRCRD&amp;vgnextchannel=590d18630dba8210VgnVCM1000008d0c1e0aRCRD&amp;vgnextfmt=default\" target=\"_blank\" rel=\"noopener noreferrer\">B\u00e8ques ar estudi tar alumnat damb bon rendiment escolar ena ESO<\/a><\/div>\n<p>\u221a <a href=\"http:\/\/www20.gencat.cat\/portal\/site\/ensenyament\/menuitem.cbdab11d5a3f9031c65d3082b0c0e1a0\/?vgnextoid=590d18630dba8210VgnVCM1000008d0c1e0aRCRD&amp;vgnextchannel=590d18630dba8210VgnVCM1000008d0c1e0aRCRD&amp;vgnextfmt=default\" target=\"_blank\" rel=\"noopener noreferrer\">B\u00e8ques de despla\u00e7ament e de resid\u00e8ncia tar alumnat que resid\u00eds en comarques damb baisha densitat de poblacion<\/a><\/p>\n<ul>\n<li><span style=\"color: #000000;\"><strong><a style=\"color: #000000;\" href=\"http:\/\/www20.gencat.cat\/portal\/site\/queestudiar\/menuitem.ef1906fb69d36fe8e85c7273b0c0e1a0\/?vgnextoid=06ff5a9d0af2b210VgnVCM2000009b0c1e0aRCRD&amp;appInstanceName=default\" target=\"_blank\" rel=\"noopener noreferrer\">Preinscripcion e matricula:<\/a><\/strong><\/span><\/li>\n<\/ul>\n<ul style=\"list-style-type: circle;\">\n<li>ESO<\/li>\n<li>Bachilierat<\/li>\n<li>CFGM Conduccion activitats fisiques en eth miei naturau (a exitingiur curs 2022-2023)<\/li>\n<li>CFGM Gestion administrativa<\/li>\n<li>CFGM Guia en el medi naturla i de temps de lleure<\/li>\n<li>CFGS Ensenyament i Animacion socioesportiva<\/li>\n<\/ul>\n<p><strong>Consergeria<\/strong><strong><br \/>\n<\/strong><\/p>\n<p>Ent\u00e0 deishar materiau o contactar damb quinssevolh membre deth centre lo cau demanar ena consergeria deth centre,<em>(acc\u00e9s ath cant der arriu Garona) <\/em>\u00a0ena <strong>Planta 0<\/strong><\/p>\n<div><strong>Orari:\u00a0\u00a0\u00a0\u00a0\u00a0\u00a0 <\/strong>Iu\u00e8rn:\u00a0 De deluns a diuendres de 8h00&#8242; t\u00e0s 14h30&#8242;<\/div>\n<div>\u00a0 \u00a0 \u00a0 \u00a0 \u00a0 \u00a0 \u00a0 \u00a0 \u00a0Ostiu:\u00a0 De deluns a diuendres de 8h30&#8242; t\u00e0s 14h00&#8242;<\/div>\n<div id=\"s5_center_area1\">\n<div id=\"s5_center_area2\">\n<div id=\"s5_center_area_inner\" class=\"s5_wrap\">\n<div id=\"s5_columns_wrap\">\n<div id=\"s5_columns_wrap_inner\">\n<div id=\"s5_center_column_wrap\">\n<div id=\"s5_center_column_wrap_inner\">\n<div id=\"s5_component_wrap\">\n<div id=\"s5_component_wrap_inner\">\n<div><\/div>\n<\/div>\n<\/div>\n<\/div>\n<\/div>\n<\/div>\n<\/div>\n<\/div>\n<\/div>\n<\/div>\n","protected":false},"excerpt":{"rendered":"<p>Secretaria<br \/>\nUbicacion:<br \/>\nEnt\u00e0 informacion e tr\u00e0mits administratius cau anar tara secretaria situada ena\u00a0Planta 2\u00a0(acc\u00e9s ath cant dera C-28).<br \/>\nOrari:<br \/>\nIu\u00e8rn:\u00a0\u00a0 De deluns a diuendres de 8h00&#8242; t\u00e0s 14h00&#8242;<br \/>\nOstiu:\u00a0\u00a0 De deluns a diuendres de 8h00&#8242; t\u00e0s 14h00&#8242;<\/p>\n<p>Tramits:<\/p>\n<ul>\n<li>Realitzacion des tr\u00e0mits de matricula (nautes, modificacions i baishes).<\/li>\n<li>Emision de certificats, historiaus e expedients&hellip;  <a href=\"https:\/\/agora.xtec.cat\/iesaran\/linstitut\/secretaria\/\" title=\"Read Secretaria i Administraci\u00f3\">Llegeix m\u00e9s\u00bb<\/a><br \/>\n","protected":false},"author":1,"featured_media":0,"parent":19,"menu_order":0,"comment_status":"closed","ping_status":"closed","template":"page-templates\/side-menu.php","meta":{"_bbp_topic_count":0,"_bbp_reply_count":0,"_bbp_total_topic_count":0,"_bbp_total_reply_count":0,"_bbp_voice_count":0,"_bbp_anonymous_reply_count":0,"_bbp_topic_count_hidden":0,"_bbp_reply_count_hidden":0,"_bbp_forum_subforum_count":0,"footnotes":""},"class_list":["post-81","page","type-page","status-publish","hentry"],"post_mailing_queue_ids":[],"_links":{"self":[{"href":"https:\/\/agora.xtec.cat\/iesaran\/wp-json\/wp\/v2\/pages\/81","targetHints":{"allow":["GET"]}}],"collection":[{"href":"https:\/\/agora.xtec.cat\/iesaran\/wp-json\/wp\/v2\/pages"}],"about":[{"href":"https:\/\/agora.xtec.cat\/iesaran\/wp-json\/wp\/v2\/types\/page"}],"author":[{"embeddable":true,"href":"https:\/\/agora.xtec.cat\/iesaran\/wp-json\/wp\/v2\/users\/1"}],"replies":[{"embeddable":true,"href":"https:\/\/agora.xtec.cat\/iesaran\/wp-json\/wp\/v2\/comments?post=81"}],"version-history":[{"count":4,"href":"https:\/\/agora.xtec.cat\/iesaran\/wp-json\/wp\/v2\/pages\/81\/revisions"}],"predecessor-version":[{"id":16423,"href":"https:\/\/agora.xtec.cat\/iesaran\/wp-json\/wp\/v2\/pages\/81\/revisions\/16423"}],"up":[{"embeddable":true,"href":"https:\/\/agora.xtec.cat\/iesaran\/wp-json\/wp\/v2\/pages\/19"}],"wp:attachment":[{"href":"https:\/\/agora.xtec.cat\/iesaran\/wp-json\/wp\/v2\/media?parent=81"}],"curies":[{"name":"wp","href":"https:\/\/api.w.org\/{rel}","templated":true}]}}