{"id":546,"date":"2018-09-26T13:26:09","date_gmt":"2018-09-26T11:26:09","guid":{"rendered":"http:\/\/agora.xtec.cat\/iesaran\/?page_id=546"},"modified":"2023-10-23T13:12:18","modified_gmt":"2023-10-23T11:12:18","slug":"proj-linguistic","status":"publish","type":"page","link":"https:\/\/agora.xtec.cat\/iesaran\/proj-linguistic\/","title":{"rendered":"Projecte Ling\u00fc\u00edstic"},"content":{"rendered":"<p>Projecte Ling\u00fc\u00edstic &#8211;<a href=\"https:\/\/agora.xtec.cat\/iesaran\/wp-content\/uploads\/usu1107\/2023\/10\/PLC_01-1.pdf\">PLC_01<\/a><\/p>\n","protected":false},"excerpt":{"rendered":"<p>Projecte Ling\u00fc\u00edstic &#8211;<a href=\"https:\/\/agora.xtec.cat\/iesaran\/wp-content\/uploads\/usu1107\/2023\/10\/PLC_01-1.pdf\">PLC_01<\/a><\/p>\n","protected":false},"author":1,"featured_media":0,"parent":0,"menu_order":0,"comment_status":"closed","ping_status":"closed","template":"","meta":{"_bbp_topic_count":0,"_bbp_reply_count":0,"_bbp_total_topic_count":0,"_bbp_total_reply_count":0,"_bbp_voice_count":0,"_bbp_anonymous_reply_count":0,"_bbp_topic_count_hidden":0,"_bbp_reply_count_hidden":0,"_bbp_forum_subforum_count":0,"footnotes":""},"class_list":["post-546","page","type-page","status-publish","hentry"],"post_mailing_queue_ids":[],"_links":{"self":[{"href":"https:\/\/agora.xtec.cat\/iesaran\/wp-json\/wp\/v2\/pages\/546","targetHints":{"allow":["GET"]}}],"collection":[{"href":"https:\/\/agora.xtec.cat\/iesaran\/wp-json\/wp\/v2\/pages"}],"about":[{"href":"https:\/\/agora.xtec.cat\/iesaran\/wp-json\/wp\/v2\/types\/page"}],"author":[{"embeddable":true,"href":"https:\/\/agora.xtec.cat\/iesaran\/wp-json\/wp\/v2\/users\/1"}],"replies":[{"embeddable":true,"href":"https:\/\/agora.xtec.cat\/iesaran\/wp-json\/wp\/v2\/comments?post=546"}],"version-history":[{"count":4,"href":"https:\/\/agora.xtec.cat\/iesaran\/wp-json\/wp\/v2\/pages\/546\/revisions"}],"predecessor-version":[{"id":16728,"href":"https:\/\/agora.xtec.cat\/iesaran\/wp-json\/wp\/v2\/pages\/546\/revisions\/16728"}],"wp:attachment":[{"href":"https:\/\/agora.xtec.cat\/iesaran\/wp-json\/wp\/v2\/media?parent=546"}],"curies":[{"name":"wp","href":"https:\/\/api.w.org\/{rel}","templated":true}]}}