{"id":13742,"date":"2019-01-11T09:43:04","date_gmt":"2019-01-11T08:43:04","guid":{"rendered":"http:\/\/agora.xtec.cat\/iesaran\/?page_id=13742"},"modified":"2026-03-22T18:21:40","modified_gmt":"2026-03-22T17:21:40","slug":"cf-esports","status":"publish","type":"page","link":"https:\/\/agora.xtec.cat\/iesaran\/estudis\/cf-esports\/","title":{"rendered":"CFPS Ensenyament i animaci\u00f3 socioesportiva  AEA0 (LOE)"},"content":{"rendered":"<p><b>T\u00c8CNIC SUPERIOR D\u00b4ENSENYAN\u00c7A I ANIMACI\u00d3 SOCIOESPORTIVA<\/b><\/p>\n<p><strong style=\"font-family: inherit; font-size: 1em;\">Compet\u00e8ncia General<\/strong><\/p>\n<p>La compet\u00e8ncia general d&#8217;aquest t\u00edtol consisteix en elaborar, gestionar i avaluar projectes d&#8217;animaci\u00f3 f\u00edsic-esportius recreatius per a tot tipus d&#8217;usuaris, programant i dirigint les activitats d&#8217;ensenyament, d&#8217;inclusi\u00f3 socioesportiva i de temps de lleure, coordinant les actuacions dels professionals implicats, garantint la seguretat, respectant el medi ambient i aconseguint la satisfacci\u00f3 dels usuaris, en els l\u00edmits de cost previstos.<\/p>\n<ol>\n<li><strong> ORGANITZACI\u00d3 DEL CURR\u00cdCULUM\u00a0<\/strong><\/li>\n<\/ol>\n<p><a href=\"https:\/\/agora.xtec.cat\/iesaran\/wp-content\/uploads\/usu1107\/2026\/03\/tesas0.jpg\"><img loading=\"lazy\" decoding=\"async\" class=\"alignnone size-full wp-image-17354\" src=\"https:\/\/agora.xtec.cat\/iesaran\/wp-content\/uploads\/usu1107\/2026\/03\/tesas0.jpg\" alt=\"\" width=\"772\" height=\"992\" srcset=\"https:\/\/agora.xtec.cat\/iesaran\/wp-content\/uploads\/usu1107\/2026\/03\/tesas0.jpg 772w, https:\/\/agora.xtec.cat\/iesaran\/wp-content\/uploads\/usu1107\/2026\/03\/tesas0-233x300.jpg 233w, https:\/\/agora.xtec.cat\/iesaran\/wp-content\/uploads\/usu1107\/2026\/03\/tesas0-768x987.jpg 768w\" sizes=\"auto, (max-width: 772px) 100vw, 772px\" \/><\/a><\/p>\n<p><a href=\"https:\/\/agora.xtec.cat\/iesaran\/wp-content\/uploads\/usu1107\/2026\/03\/tesas2.jpg\"><img loading=\"lazy\" decoding=\"async\" class=\"alignnone size-full wp-image-17351\" src=\"https:\/\/agora.xtec.cat\/iesaran\/wp-content\/uploads\/usu1107\/2026\/03\/tesas2.jpg\" alt=\"\" width=\"767\" height=\"686\" srcset=\"https:\/\/agora.xtec.cat\/iesaran\/wp-content\/uploads\/usu1107\/2026\/03\/tesas2.jpg 767w, https:\/\/agora.xtec.cat\/iesaran\/wp-content\/uploads\/usu1107\/2026\/03\/tesas2-300x268.jpg 300w\" sizes=\"auto, (max-width: 767px) 100vw, 767px\" \/><\/a><\/p>\n<p>&nbsp;<\/p>\n","protected":false},"excerpt":{"rendered":"<p>T\u00c8CNIC SUPERIOR D\u00b4ENSENYAN\u00c7A I ANIMACI\u00d3 SOCIOESPORTIVA<br \/>\nCompet\u00e8ncia General<br \/>\nLa compet\u00e8ncia general d&#8217;aquest t\u00edtol consisteix en elaborar, gestionar i avaluar projectes d&#8217;animaci\u00f3 f\u00edsic-esportius recreatius per a tot tipus d&#8217;usuaris, programant i dirigint les activitats d&#8217;ensenyament, d&#8217;inclusi\u00f3 socioesportiva i de temps de lleure, coordinant les actuacions dels professionals implicats,&hellip;  <a href=\"https:\/\/agora.xtec.cat\/iesaran\/estudis\/cf-esports\/\" title=\"Read CFPS Ensenyament i animaci\u00f3 socioesportiva  AEA0 (LOE)\">Llegeix m\u00e9s\u00bb<\/a><\/p>\n","protected":false},"author":5,"featured_media":0,"parent":195,"menu_order":1,"comment_status":"closed","ping_status":"closed","template":"","meta":{"_bbp_topic_count":0,"_bbp_reply_count":0,"_bbp_total_topic_count":0,"_bbp_total_reply_count":0,"_bbp_voice_count":0,"_bbp_anonymous_reply_count":0,"_bbp_topic_count_hidden":0,"_bbp_reply_count_hidden":0,"_bbp_forum_subforum_count":0,"footnotes":""},"class_list":["post-13742","page","type-page","status-publish","hentry"],"post_mailing_queue_ids":[],"_links":{"self":[{"href":"https:\/\/agora.xtec.cat\/iesaran\/wp-json\/wp\/v2\/pages\/13742","targetHints":{"allow":["GET"]}}],"collection":[{"href":"https:\/\/agora.xtec.cat\/iesaran\/wp-json\/wp\/v2\/pages"}],"about":[{"href":"https:\/\/agora.xtec.cat\/iesaran\/wp-json\/wp\/v2\/types\/page"}],"author":[{"embeddable":true,"href":"https:\/\/agora.xtec.cat\/iesaran\/wp-json\/wp\/v2\/users\/5"}],"replies":[{"embeddable":true,"href":"https:\/\/agora.xtec.cat\/iesaran\/wp-json\/wp\/v2\/comments?post=13742"}],"version-history":[{"count":6,"href":"https:\/\/agora.xtec.cat\/iesaran\/wp-json\/wp\/v2\/pages\/13742\/revisions"}],"predecessor-version":[{"id":17359,"href":"https:\/\/agora.xtec.cat\/iesaran\/wp-json\/wp\/v2\/pages\/13742\/revisions\/17359"}],"up":[{"embeddable":true,"href":"https:\/\/agora.xtec.cat\/iesaran\/wp-json\/wp\/v2\/pages\/195"}],"wp:attachment":[{"href":"https:\/\/agora.xtec.cat\/iesaran\/wp-json\/wp\/v2\/media?parent=13742"}],"curies":[{"name":"wp","href":"https:\/\/api.w.org\/{rel}","templated":true}]}}