{"id":49,"date":"2014-09-17T16:55:55","date_gmt":"2014-09-17T16:55:55","guid":{"rendered":"http:\/\/agora.xtec.cat\/iesantpol\/?page_id=49"},"modified":"2025-10-16T19:14:13","modified_gmt":"2025-10-16T17:14:13","slug":"normes-dorganitzacio-i-funcionament","status":"publish","type":"page","link":"https:\/\/agora.xtec.cat\/iesantpol\/linstitut\/normes-dorganitzacio-i-funcionament\/","title":{"rendered":"Normes i funcionament"},"content":{"rendered":"\n<p class=\"has-light-green-cyan-background-color has-background\">Les normes d&#8217;organitzaci\u00f3 i funcionament del centre (NOFC) <strong>estan en proc\u00e9s d&#8217;elaboraci\u00f3<\/strong>.<\/p>\n\n\n\n<p>Actualment, apliquem les <a href=\"https:\/\/agora.xtec.cat\/institutsantpol\/documents-de-centre\/nofc\/\" data-type=\"link\" data-id=\"https:\/\/agora.xtec.cat\/institutsantpol\/documents-de-centre\/nofc\/\" target=\"_blank\" rel=\"noreferrer noopener\">NOFC de l&#8217;Institut de Sant Pol de Mar<\/a> i les <a href=\"https:\/\/agora.xtec.cat\/escolasantpau\/projecte-educatiu-de-centre-pec\/normativa-de-funcionament\/\" data-type=\"link\" data-id=\"https:\/\/agora.xtec.cat\/escolasantpau\/projecte-educatiu-de-centre-pec\/normativa-de-funcionament\/\" target=\"_blank\" rel=\"noreferrer noopener\">NOFC de l&#8217;Escola Sant Pau<\/a><\/p>\n\n\n\n<h3 class=\"wp-block-heading\">NOFC de l&#8217;Institut de Sant Pol de Mar<\/h3>\n\n\n\n<div data-wp-interactive=\"core\/file\" class=\"wp-block-file\"><object data-wp-bind--hidden=\"!state.hasPdfPreview\" hidden class=\"wp-block-file__embed\" data=\"https:\/\/agora.xtec.cat\/iesantpol\/wp-content\/uploads\/usu3599\/2025\/10\/NOFC-INS-SPdM.pdf\" type=\"application\/pdf\" style=\"width:100%;height:585px\" aria-label=\"Incrustaci\u00f3 del fitxer NOFC INS SPdM.\"><\/object><a id=\"wp-block-file--media-3b5d92d4-f030-4cde-be5f-e53c65f373b6\" href=\"https:\/\/agora.xtec.cat\/iesantpol\/wp-content\/uploads\/usu3599\/2025\/10\/NOFC-INS-SPdM.pdf\" target=\"_blank\" rel=\"noreferrer noopener\">NOFC INS SPdM<\/a><a href=\"https:\/\/agora.xtec.cat\/iesantpol\/wp-content\/uploads\/usu3599\/2025\/10\/NOFC-INS-SPdM.pdf\" class=\"wp-block-file__button wp-element-button\" download aria-describedby=\"wp-block-file--media-3b5d92d4-f030-4cde-be5f-e53c65f373b6\">Baixa<\/a><\/div>\n\n\n\n<h3 class=\"wp-block-heading\">NOFC de l&#8217;Escola Sant Pau<\/h3>\n\n\n\n<div data-wp-interactive=\"core\/file\" class=\"wp-block-file\"><object data-wp-bind--hidden=\"!state.hasPdfPreview\" hidden class=\"wp-block-file__embed\" data=\"https:\/\/agora.xtec.cat\/iesantpol\/wp-content\/uploads\/usu3599\/2025\/10\/NOFC-Escola-Sant-Pau.pdf\" type=\"application\/pdf\" style=\"width:100%;height:600px\" aria-label=\"Incrustaci\u00f3 del fitxer NOFC Escola Sant Pau.\"><\/object><a id=\"wp-block-file--media-e1a36314-eb3d-43d0-8038-a57be1a86788\" href=\"https:\/\/agora.xtec.cat\/iesantpol\/wp-content\/uploads\/usu3599\/2025\/10\/NOFC-Escola-Sant-Pau.pdf\">NOFC Escola Sant Pau<\/a><a href=\"https:\/\/agora.xtec.cat\/iesantpol\/wp-content\/uploads\/usu3599\/2025\/10\/NOFC-Escola-Sant-Pau.pdf\" class=\"wp-block-file__button wp-element-button\" download aria-describedby=\"wp-block-file--media-e1a36314-eb3d-43d0-8038-a57be1a86788\">Baixa<\/a><\/div>\n\n\n\n<p><strong>Actualitzacions de les NOFC de l&#8217;Escola Sant Pau<\/strong><\/p>\n\n\n\n<ol class=\"wp-block-list\">\n<li><a href=\"https:\/\/drive.google.com\/open?id=12ODIJJNRB3N78mETLku2ktbLIJK1RVqw\" target=\"_blank\" rel=\"noreferrer noopener\">Tractament de la informaci\u00f3<\/a>&nbsp;(Aprovat en Consell Escolar en data 21 de febrer de 2017)<\/li>\n\n\n\n<li><a href=\"https:\/\/drive.google.com\/open?id=1YxU3my-LUibEVKKeBK9zBrIqKoXhMe3f\" target=\"_blank\" rel=\"noreferrer noopener\">Sup\u00f2sit de retard en la recollida de l\u2019alumnat a la recollida del centre<\/a>&nbsp;(Aprovat en Consell Escolar en data 21 de febrer de 2017)<\/li>\n\n\n\n<li><a href=\"https:\/\/drive.google.com\/open?id=15hPCjtf8vXXYFxJB4cFTluO5e-lhUKbJ\" target=\"_blank\" rel=\"noreferrer noopener\">Suport escolar personalitzat (SEP)&nbsp;<\/a>(Aprovat en Consell Escolar en data 21 de febrer de 2017)<\/li>\n\n\n\n<li><a href=\"https:\/\/drive.google.com\/open?id=11G5EybuYq5uZHzV2gdwhAZyXKAVBnOBU\" target=\"_blank\" rel=\"noreferrer noopener\">\u00das dels tel\u00e8fons m\u00f2bils i altres aparells<\/a>&nbsp;(Aprovat en Consell Escolar en data 21 de febrer de 2017)<\/li>\n\n\n\n<li><a href=\"https:\/\/drive.google.com\/open?id=1vZ3QKTIX0lqrt2YueR3eY1gcZ_-73UIL\" target=\"_blank\" rel=\"noreferrer noopener\">El recinte escolar<\/a>&nbsp;(Aprovat en Consell Escolar en data 21 de febrer de 2017)<\/li>\n\n\n\n<li><a href=\"https:\/\/drive.google.com\/open?id=1ryZxqPqNMSINNCztPHadhUg0DkHVmq8s\" target=\"_blank\" rel=\"noreferrer noopener\">Horaris del centre<\/a>&nbsp;(Aprovat en Consell Escolar en data 21 de febrer de 2017)<\/li>\n\n\n\n<li><a href=\"https:\/\/drive.google.com\/open?id=1gMsQi7awbE8Ds1x46YD96G78Aurc7Wcr\" target=\"_blank\" rel=\"noreferrer noopener\">Entrades i sortides del centre<\/a>&nbsp;(Aprovat en Consell Escolar en data 21 de febrer de 2017)<\/li>\n\n\n\n<li><a href=\"https:\/\/drive.google.com\/open?id=1TP8XtlMb9R5uXxm6UnsUdEDhdj9NoPsD\" target=\"_blank\" rel=\"noreferrer noopener\">Protocol de promoci\u00f3-retenci\u00f3 de l\u2019alumnat<\/a>&nbsp;(Aprovat en Consell Escolar en data 21 de febrer de 2017)<\/li>\n\n\n\n<li><a href=\"https:\/\/drive.google.com\/open?id=1QcKTMlljG_Tq7CJuiJ-QdDbMB1CrNpjL\" target=\"_blank\" rel=\"noreferrer noopener\">Alumnes malalts i accidents<\/a>&nbsp;(Aprovat en Consell Escolar en data 21 de febrer de 2017)<\/li>\n\n\n\n<li><a href=\"https:\/\/drive.google.com\/open?id=1CRq0CbmxBMYpxXgmHthh_16tEgLqmNt8\" target=\"_blank\" rel=\"noreferrer noopener\">Activitats complement\u00e0ries i extraescolars<\/a>&nbsp;(Aprovat en Consell Escolar en data 21 de febrer de 2017)<\/li>\n\n\n\n<li><a href=\"https:\/\/drive.google.com\/open?id=1OcYgA3SAz-03ez_WBjHmohPOOQv07m34\" target=\"_blank\" rel=\"noreferrer noopener\">Gesti\u00f3 d\u2019abs\u00e8ncies<\/a>&nbsp;(Aprovat en Consell Escolar en data 21 de febrer de 2017)<\/li>\n\n\n\n<li><a href=\"https:\/\/drive.google.com\/open?id=12MPlIJI3CVx0KpcQJMHFB8b885L8EOop\" target=\"_blank\" rel=\"noreferrer noopener\">Reclamacions envers la prestaci\u00f3 de serveis del centre<\/a>&nbsp;(Aprovat en Consell Escolar en data 21 de febrer de 2017)<\/li>\n\n\n\n<li><a href=\"https:\/\/drive.google.com\/open?id=1GB1Bzh_ZESQo71LYnZtt1Pv3CmbxsdKV\" target=\"_blank\" rel=\"noreferrer noopener\">Entrevistes-reunions amb les fam\u00edlies<\/a>&nbsp;(Aprovat en Consell Escolar en data 21 de febrer de 2017)<\/li>\n\n\n\n<li><a href=\"https:\/\/drive.google.com\/open?id=1JybbuvPPbnAWBIZh6qUo-pDihwYk_lXS\" target=\"_blank\" rel=\"noreferrer noopener\">Actuacions en el sup\u00f2sit d\u2019absentisme de l\u2019alumnat<\/a>&nbsp;(Aprovat en Consell Escolar en data 21 de febrer de 2017)<\/li>\n<\/ol>\n","protected":false},"excerpt":{"rendered":"<p>Les normes d&#8217;organitzaci\u00f3 i funcionament del centre (NOFC) estan en proc\u00e9s d&#8217;elaboraci\u00f3. Actualment, apliquem les NOFC de l&#8217;Institut de Sant Pol de Mar i les NOFC de l&#8217;Escola Sant Pau NOFC de l&#8217;Institut de Sant Pol de Mar NOFC de l&#8217;Escola Sant Pau Actualitzacions de les NOFC de l&#8217;Escola Sant Pau<\/p>\n","protected":false},"author":1,"featured_media":0,"parent":19,"menu_order":60,"comment_status":"closed","ping_status":"closed","template":"","meta":{"site-sidebar-layout":"default","site-content-layout":"","ast-site-content-layout":"default","site-content-style":"default","site-sidebar-style":"default","ast-global-header-display":"","ast-banner-title-visibility":"","ast-main-header-display":"","ast-hfb-above-header-display":"","ast-hfb-below-header-display":"","ast-hfb-mobile-header-display":"","site-post-title":"","ast-breadcrumbs-content":"","ast-featured-img":"","footer-sml-layout":"","theme-transparent-header-meta":"","adv-header-id-meta":"","stick-header-meta":"","header-above-stick-meta":"","header-main-stick-meta":"","header-below-stick-meta":"","astra-migrate-meta-layouts":"set","ast-page-background-enabled":"default","ast-page-background-meta":{"desktop":{"background-color":"var(--ast-global-color-4)","background-image":"","background-repeat":"repeat","background-position":"center center","background-size":"auto","background-attachment":"scroll","background-type":"","background-media":"","overlay-type":"","overlay-color":"","overlay-opacity":"","overlay-gradient":""},"tablet":{"background-color":"","background-image":"","background-repeat":"repeat","background-position":"center center","background-size":"auto","background-attachment":"scroll","background-type":"","background-media":"","overlay-type":"","overlay-color":"","overlay-opacity":"","overlay-gradient":""},"mobile":{"background-color":"","background-image":"","background-repeat":"repeat","background-position":"center center","background-size":"auto","background-attachment":"scroll","background-type":"","background-media":"","overlay-type":"","overlay-color":"","overlay-opacity":"","overlay-gradient":""}},"ast-content-background-meta":{"desktop":{"background-color":"var(--ast-global-color-5)","background-image":"","background-repeat":"repeat","background-position":"center center","background-size":"auto","background-attachment":"scroll","background-type":"","background-media":"","overlay-type":"","overlay-color":"","overlay-opacity":"","overlay-gradient":""},"tablet":{"background-color":"var(--ast-global-color-5)","background-image":"","background-repeat":"repeat","background-position":"center center","background-size":"auto","background-attachment":"scroll","background-type":"","background-media":"","overlay-type":"","overlay-color":"","overlay-opacity":"","overlay-gradient":""},"mobile":{"background-color":"var(--ast-global-color-5)","background-image":"","background-repeat":"repeat","background-position":"center center","background-size":"auto","background-attachment":"scroll","background-type":"","background-media":"","overlay-type":"","overlay-color":"","overlay-opacity":"","overlay-gradient":""}},"footnotes":""},"class_list":["post-49","page","type-page","status-publish","hentry"],"post_mailing_queue_ids":[],"_links":{"self":[{"href":"https:\/\/agora.xtec.cat\/iesantpol\/wp-json\/wp\/v2\/pages\/49","targetHints":{"allow":["GET"]}}],"collection":[{"href":"https:\/\/agora.xtec.cat\/iesantpol\/wp-json\/wp\/v2\/pages"}],"about":[{"href":"https:\/\/agora.xtec.cat\/iesantpol\/wp-json\/wp\/v2\/types\/page"}],"author":[{"embeddable":true,"href":"https:\/\/agora.xtec.cat\/iesantpol\/wp-json\/wp\/v2\/users\/1"}],"replies":[{"embeddable":true,"href":"https:\/\/agora.xtec.cat\/iesantpol\/wp-json\/wp\/v2\/comments?post=49"}],"version-history":[{"count":6,"href":"https:\/\/agora.xtec.cat\/iesantpol\/wp-json\/wp\/v2\/pages\/49\/revisions"}],"predecessor-version":[{"id":21195,"href":"https:\/\/agora.xtec.cat\/iesantpol\/wp-json\/wp\/v2\/pages\/49\/revisions\/21195"}],"up":[{"embeddable":true,"href":"https:\/\/agora.xtec.cat\/iesantpol\/wp-json\/wp\/v2\/pages\/19"}],"wp:attachment":[{"href":"https:\/\/agora.xtec.cat\/iesantpol\/wp-json\/wp\/v2\/media?parent=49"}],"curies":[{"name":"wp","href":"https:\/\/api.w.org\/{rel}","templated":true}]}}

<p class="has-light-green-cyan-background-color has-background">Les normes d&#8217;organització i funcionament del centre (NOFC) <strong>estan en procés d&#8217;elaboració</strong>.</p>



<p>Actualment, apliquem les <a href="https://agora.xtec.cat/institutsantpol/documents-de-centre/nofc/" data-type="link" data-id="https://agora.xtec.cat/institutsantpol/documents-de-centre/nofc/" target="_blank" rel="noreferrer noopener">NOFC de l&#8217;Institut de Sant Pol de Mar</a> i les <a href="https://agora.xtec.cat/escolasantpau/projecte-educatiu-de-centre-pec/normativa-de-funcionament/" data-type="link" data-id="https://agora.xtec.cat/escolasantpau/projecte-educatiu-de-centre-pec/normativa-de-funcionament/" target="_blank" rel="noreferrer noopener">NOFC de l&#8217;Escola Sant Pau</a></p>



<h3 class="wp-block-heading">NOFC de l&#8217;Institut de Sant Pol de Mar</h3>



<div data-wp-interactive="core/file" class="wp-block-file"><object data-wp-bind--hidden="!state.hasPdfPreview" hidden class="wp-block-file__embed" data="https://agora.xtec.cat/iesantpol/wp-content/uploads/usu3599/2025/10/NOFC-INS-SPdM.pdf" type="application/pdf" style="width:100%;height:585px" aria-label="Incrustació del fitxer NOFC INS SPdM."></object><a id="wp-block-file--media-3b5d92d4-f030-4cde-be5f-e53c65f373b6" href="https://agora.xtec.cat/iesantpol/wp-content/uploads/usu3599/2025/10/NOFC-INS-SPdM.pdf" target="_blank" rel="noreferrer noopener">NOFC INS SPdM</a><a href="https://agora.xtec.cat/iesantpol/wp-content/uploads/usu3599/2025/10/NOFC-INS-SPdM.pdf" class="wp-block-file__button wp-element-button" download aria-describedby="wp-block-file--media-3b5d92d4-f030-4cde-be5f-e53c65f373b6">Baixa</a></div>



<h3 class="wp-block-heading">NOFC de l&#8217;Escola Sant Pau</h3>



<div data-wp-interactive="core/file" class="wp-block-file"><object data-wp-bind--hidden="!state.hasPdfPreview" hidden class="wp-block-file__embed" data="https://agora.xtec.cat/iesantpol/wp-content/uploads/usu3599/2025/10/NOFC-Escola-Sant-Pau.pdf" type="application/pdf" style="width:100%;height:600px" aria-label="Incrustació del fitxer NOFC Escola Sant Pau."></object><a id="wp-block-file--media-e1a36314-eb3d-43d0-8038-a57be1a86788" href="https://agora.xtec.cat/iesantpol/wp-content/uploads/usu3599/2025/10/NOFC-Escola-Sant-Pau.pdf">NOFC Escola Sant Pau</a><a href="https://agora.xtec.cat/iesantpol/wp-content/uploads/usu3599/2025/10/NOFC-Escola-Sant-Pau.pdf" class="wp-block-file__button wp-element-button" download aria-describedby="wp-block-file--media-e1a36314-eb3d-43d0-8038-a57be1a86788">Baixa</a></div>



<p><strong>Actualitzacions de les NOFC de l&#8217;Escola Sant Pau</strong></p>



<ol class="wp-block-list">
<li><a href="https://drive.google.com/open?id=12ODIJJNRB3N78mETLku2ktbLIJK1RVqw" target="_blank" rel="noreferrer noopener">Tractament de la informació</a>&nbsp;(Aprovat en Consell Escolar en data 21 de febrer de 2017)</li>



<li><a href="https://drive.google.com/open?id=1YxU3my-LUibEVKKeBK9zBrIqKoXhMe3f" target="_blank" rel="noreferrer noopener">Supòsit de retard en la recollida de l’alumnat a la recollida del centre</a>&nbsp;(Aprovat en Consell Escolar en data 21 de febrer de 2017)</li>



<li><a href="https://drive.google.com/open?id=15hPCjtf8vXXYFxJB4cFTluO5e-lhUKbJ" target="_blank" rel="noreferrer noopener">Suport escolar personalitzat (SEP)&nbsp;</a>(Aprovat en Consell Escolar en data 21 de febrer de 2017)</li>



<li><a href="https://drive.google.com/open?id=11G5EybuYq5uZHzV2gdwhAZyXKAVBnOBU" target="_blank" rel="noreferrer noopener">Ús dels telèfons mòbils i altres aparells</a>&nbsp;(Aprovat en Consell Escolar en data 21 de febrer de 2017)</li>



<li><a href="https://drive.google.com/open?id=1vZ3QKTIX0lqrt2YueR3eY1gcZ_-73UIL" target="_blank" rel="noreferrer noopener">El recinte escolar</a>&nbsp;(Aprovat en Consell Escolar en data 21 de febrer de 2017)</li>



<li><a href="https://drive.google.com/open?id=1ryZxqPqNMSINNCztPHadhUg0DkHVmq8s" target="_blank" rel="noreferrer noopener">Horaris del centre</a>&nbsp;(Aprovat en Consell Escolar en data 21 de febrer de 2017)</li>



<li><a href="https://drive.google.com/open?id=1gMsQi7awbE8Ds1x46YD96G78Aurc7Wcr" target="_blank" rel="noreferrer noopener">Entrades i sortides del centre</a>&nbsp;(Aprovat en Consell Escolar en data 21 de febrer de 2017)</li>



<li><a href="https://drive.google.com/open?id=1TP8XtlMb9R5uXxm6UnsUdEDhdj9NoPsD" target="_blank" rel="noreferrer noopener">Protocol de promoció-retenció de l’alumnat</a>&nbsp;(Aprovat en Consell Escolar en data 21 de febrer de 2017)</li>



<li><a href="https://drive.google.com/open?id=1QcKTMlljG_Tq7CJuiJ-QdDbMB1CrNpjL" target="_blank" rel="noreferrer noopener">Alumnes malalts i accidents</a>&nbsp;(Aprovat en Consell Escolar en data 21 de febrer de 2017)</li>



<li><a href="https://drive.google.com/open?id=1CRq0CbmxBMYpxXgmHthh_16tEgLqmNt8" target="_blank" rel="noreferrer noopener">Activitats complementàries i extraescolars</a>&nbsp;(Aprovat en Consell Escolar en data 21 de febrer de 2017)</li>



<li><a href="https://drive.google.com/open?id=1OcYgA3SAz-03ez_WBjHmohPOOQv07m34" target="_blank" rel="noreferrer noopener">Gestió d’absències</a>&nbsp;(Aprovat en Consell Escolar en data 21 de febrer de 2017)</li>



<li><a href="https://drive.google.com/open?id=12MPlIJI3CVx0KpcQJMHFB8b885L8EOop" target="_blank" rel="noreferrer noopener">Reclamacions envers la prestació de serveis del centre</a>&nbsp;(Aprovat en Consell Escolar en data 21 de febrer de 2017)</li>



<li><a href="https://drive.google.com/open?id=1GB1Bzh_ZESQo71LYnZtt1Pv3CmbxsdKV" target="_blank" rel="noreferrer noopener">Entrevistes-reunions amb les famílies</a>&nbsp;(Aprovat en Consell Escolar en data 21 de febrer de 2017)</li>



<li><a href="https://drive.google.com/open?id=1JybbuvPPbnAWBIZh6qUo-pDihwYk_lXS" target="_blank" rel="noreferrer noopener">Actuacions en el supòsit d’absentisme de l’alumnat</a>&nbsp;(Aprovat en Consell Escolar en data 21 de febrer de 2017)</li>
</ol>

<p>Les normes d&#8217;organització i funcionament del centre (NOFC) estan en procés d&#8217;elaboració. Actualment, apliquem les NOFC de l&#8217;Institut de Sant Pol de Mar i les NOFC de l&#8217;Escola Sant Pau NOFC de l&#8217;Institut de Sant Pol de Mar NOFC de l&#8217;Escola Sant Pau Actualitzacions de les NOFC de l&#8217;Escola Sant Pau</p>
