{"id":652,"date":"2022-03-28T23:03:49","date_gmt":"2022-03-28T21:03:49","guid":{"rendered":"https:\/\/agora.xtec.cat\/iesantonitorroja\/?page_id=652"},"modified":"2022-03-28T23:03:49","modified_gmt":"2022-03-28T21:03:49","slug":"solidaris-en-campanya","status":"publish","type":"page","link":"https:\/\/agora.xtec.cat\/iesantonitorroja\/projectes\/serveis-comunitaris\/solidaris-en-campanya\/","title":{"rendered":"Solidaris en campanya"},"content":{"rendered":"<p>El projecte consisteix a col\u00b7laborar en una gran campanya solid\u00e0ria i, a partir de formar-se en la causa, crear diferents campanyes d\u2019aplicaci\u00f3 real.<\/p>\n<p>Des de l\u2019institut oferim la nostra col\u00b7laboraci\u00f3 al Gran recapte que es duu a terme a Cervera a finals de novembre. Des de C\u00e0ritas veuen una proposta positiva per implicar als joves en causes solid\u00e0ries.<\/p>\n<h3>Objectius d\u2019aprenentatge<\/h3>\n<ul>\n<li>Con\u00e8ixer i tenir en compte algunes de les necessitats de la poblaci\u00f3.<\/li>\n<li>Treballar valors c\u00edvics: respecte, solidaritat i comprom\u00eds.<\/li>\n<li>Desenvolupar l\u2019empatia en les relacions intrapersonals.<\/li>\n<li>Sensibilitzar-se per tem\u00e0tiques socials.<\/li>\n<li>Valorar la import\u00e0ncia i necessitat del treball voluntari en la nostra societat i entorns m\u00e9s propers.<\/li>\n<li>Comprometre\u2019s i participar activament durant tot el proc\u00e9s.<\/li>\n<li>Millorar les habilitats i capacitats individuals posant-les al servei dels altres.<\/li>\n<li>Aprendre a treballar en equip.<\/li>\n<\/ul>\n<h3>Objectius del servei<\/h3>\n<ul>\n<li>Impulsar les relacions socials entre joves i gent necessitada.<\/li>\n<li>Promoure un comprom\u00eds actiu.<\/li>\n<li>Obrir el centre a l\u2019entorn.<\/li>\n<\/ul>\n<h3>Activitats d\u2019aprenentatge<\/h3>\n<ul>\n<li>Estudi i recerca d\u2019informaci\u00f3 sobre la solidaritat i les diferents campanyes que es duen a terme.<\/li>\n<li>Disseny campanyes solid\u00e0ries.<\/li>\n<li>Elaboraci\u00f3 d\u2019un recull de possibles campanyes reals.<\/li>\n<li>Promoci\u00f3 de campanyes de nova creaci\u00f3.<\/li>\n<li>Disseny i recerca de material espec\u00edfic.<\/li>\n<li>Realitzaci\u00f3 de\u00a0<em>PowerPoint<\/em>\u00a0o\u00a0<em>Prezi<\/em>\u00a0per a l\u2019exposici\u00f3 oral.<\/li>\n<li>Exposici\u00f3 oral.<\/li>\n<\/ul>\n<h3>Activitats de servei<\/h3>\n<ul>\n<li>Implementaci\u00f3 i dinamitzaci\u00f3 en la recollida en el Gran recapte.<\/li>\n<li>Cooperar amb els companys en la realitzaci\u00f3 de creaci\u00f3 de campanyes.<\/li>\n<li>Valoraci\u00f3 de les diferents activitats.<\/li>\n<\/ul>\n<h2>Materials i recursos<\/h2>\n<ul>\n<li>Material propi de la campanya.<\/li>\n<li>Ordinadors amb connexi\u00f3 a internet.<\/li>\n<li>Fitxes d\u2019activitat, dissenyades pr\u00e8viament pels alumnes. P\u00f2sters.<\/li>\n<li>Programari per a la realitzaci\u00f3 de presentacions (P<em>rezi<\/em>, P<em>ower<\/em>P<em>oint<\/em>\u2026).<\/li>\n<\/ul>\n<h3>Temporitzaci\u00f3<\/h3>\n<ul>\n<li>Les activitats d\u2019aprenentatge es duran a terme en l\u2019horari previst per a l\u2019assignatura alternativa a la religi\u00f3 a ra\u00f3 d\u2019una hora setmanal. Durant el primer trimestre es realitzar\u00e0 la tramesa d\u2019informaci\u00f3, creaci\u00f3 de campanya pr\u00f2pia i voluntariat al Gran Recapte.<\/li>\n<\/ul>\n<h3>Activitats d\u2019avaluaci\u00f3<\/h3>\n<ul>\n<li>Per a les activitats d\u2019aprenentatge es valorar\u00e0 la presentaci\u00f3 oral.<\/li>\n<li>Per a les activitats de servei es realitzar\u00e0 una valoraci\u00f3 conjunta amb l\u2019actitud en la recollida.<\/li>\n<li>Es valorar\u00e0 tamb\u00e9 el recull de fitxes i tasques de l\u2019activitat realitzada pels alumnes.<\/li>\n<\/ul>\n<h3>Activitats de reconeixement<\/h3>\n<ul>\n<li>El reconeixement p\u00fablic en l\u2019acte de final de curs a tots aquells alumnes que han participat en les diferents ApS i se\u2019ls repartir\u00e0 un diploma.<\/li>\n<\/ul>\n<h3>Difusi\u00f3 del projecte<\/h3>\n<ul>\n<li>Difondrem les activitats que realitzen els alumnes publicant fotografies a les xarxes socials i a la revista del centre, aix\u00ed com altres vies que puguin sorgir d\u2019idees de la creaci\u00f3 de campanyes pr\u00f2pies.<\/li>\n<\/ul>\n","protected":false},"excerpt":{"rendered":"<p>El projecte consisteix a col\u00b7laborar en una gran campanya solid\u00e0ria i, a partir de formar-se en la causa, crear diferents campanyes d\u2019aplicaci\u00f3 real. Des de l\u2019institut oferim la nostra col\u00b7laboraci\u00f3 al Gran recapte que es duu a terme a Cervera a finals de novembre. Des de C\u00e0ritas veuen una proposta positiva per implicar als joves [&hellip;]<\/p>\n","protected":false},"author":1,"featured_media":0,"parent":601,"menu_order":0,"comment_status":"closed","ping_status":"closed","template":"page-templates\/side-menu.php","meta":{"_bbp_topic_count":0,"_bbp_reply_count":0,"_bbp_total_topic_count":0,"_bbp_total_reply_count":0,"_bbp_voice_count":0,"_bbp_anonymous_reply_count":0,"_bbp_topic_count_hidden":0,"_bbp_reply_count_hidden":0,"_bbp_forum_subforum_count":0,"site-sidebar-layout":"default","site-content-layout":"","ast-site-content-layout":"","site-content-style":"default","site-sidebar-style":"default","ast-global-header-display":"","ast-banner-title-visibility":"","ast-main-header-display":"","ast-hfb-above-header-display":"","ast-hfb-below-header-display":"","ast-hfb-mobile-header-display":"","site-post-title":"","ast-breadcrumbs-content":"","ast-featured-img":"","footer-sml-layout":"","theme-transparent-header-meta":"","adv-header-id-meta":"","stick-header-meta":"","header-above-stick-meta":"","header-main-stick-meta":"","header-below-stick-meta":"","astra-migrate-meta-layouts":"default","ast-page-background-enabled":"default","ast-page-background-meta":{"desktop":{"background-color":"var(--ast-global-color-4)","background-image":"","background-repeat":"repeat","background-position":"center center","background-size":"auto","background-attachment":"scroll","background-type":"","background-media":"","overlay-type":"","overlay-color":"","overlay-opacity":"","overlay-gradient":""},"tablet":{"background-color":"","background-image":"","background-repeat":"repeat","background-position":"center center","background-size":"auto","background-attachment":"scroll","background-type":"","background-media":"","overlay-type":"","overlay-color":"","overlay-opacity":"","overlay-gradient":""},"mobile":{"background-color":"","background-image":"","background-repeat":"repeat","background-position":"center center","background-size":"auto","background-attachment":"scroll","background-type":"","background-media":"","overlay-type":"","overlay-color":"","overlay-opacity":"","overlay-gradient":""}},"ast-content-background-meta":{"desktop":{"background-color":"var(--ast-global-color-5)","background-image":"","background-repeat":"repeat","background-position":"center center","background-size":"auto","background-attachment":"scroll","background-type":"","background-media":"","overlay-type":"","overlay-color":"","overlay-opacity":"","overlay-gradient":""},"tablet":{"background-color":"var(--ast-global-color-5)","background-image":"","background-repeat":"repeat","background-position":"center center","background-size":"auto","background-attachment":"scroll","background-type":"","background-media":"","overlay-type":"","overlay-color":"","overlay-opacity":"","overlay-gradient":""},"mobile":{"background-color":"var(--ast-global-color-5)","background-image":"","background-repeat":"repeat","background-position":"center center","background-size":"auto","background-attachment":"scroll","background-type":"","background-media":"","overlay-type":"","overlay-color":"","overlay-opacity":"","overlay-gradient":""}},"footnotes":""},"class_list":["post-652","page","type-page","status-publish","hentry"],"post_mailing_queue_ids":[],"_links":{"self":[{"href":"https:\/\/agora.xtec.cat\/iesantonitorroja\/wp-json\/wp\/v2\/pages\/652","targetHints":{"allow":["GET"]}}],"collection":[{"href":"https:\/\/agora.xtec.cat\/iesantonitorroja\/wp-json\/wp\/v2\/pages"}],"about":[{"href":"https:\/\/agora.xtec.cat\/iesantonitorroja\/wp-json\/wp\/v2\/types\/page"}],"author":[{"embeddable":true,"href":"https:\/\/agora.xtec.cat\/iesantonitorroja\/wp-json\/wp\/v2\/users\/1"}],"replies":[{"embeddable":true,"href":"https:\/\/agora.xtec.cat\/iesantonitorroja\/wp-json\/wp\/v2\/comments?post=652"}],"version-history":[{"count":1,"href":"https:\/\/agora.xtec.cat\/iesantonitorroja\/wp-json\/wp\/v2\/pages\/652\/revisions"}],"predecessor-version":[{"id":653,"href":"https:\/\/agora.xtec.cat\/iesantonitorroja\/wp-json\/wp\/v2\/pages\/652\/revisions\/653"}],"up":[{"embeddable":true,"href":"https:\/\/agora.xtec.cat\/iesantonitorroja\/wp-json\/wp\/v2\/pages\/601"}],"wp:attachment":[{"href":"https:\/\/agora.xtec.cat\/iesantonitorroja\/wp-json\/wp\/v2\/media?parent=652"}],"curies":[{"name":"wp","href":"https:\/\/api.w.org\/{rel}","templated":true}]}}