{"id":16209,"date":"2025-02-27T19:30:36","date_gmt":"2025-02-27T18:30:36","guid":{"rendered":"https:\/\/agora.xtec.cat\/iesantjoan\/?page_id=16209"},"modified":"2025-02-27T19:30:37","modified_gmt":"2025-02-27T18:30:37","slug":"projectes-4","status":"publish","type":"page","link":"https:\/\/agora.xtec.cat\/iesantjoan\/projectes-4\/","title":{"rendered":"Projectes"},"content":{"rendered":"\n        <div class=\"wp-block-getwid-post-carousel custom-post-type-post has-slides-gap-small is-carousel has-arrows-inside has-dots-outside\">\n            <div data-slider-option=\"{&quot;sliderSlidesToShowDesktop&quot;:&quot;3&quot;,&quot;getwid_slidesToShowLaptop&quot;:&quot;1&quot;,&quot;getwid_slidesToShowTablet&quot;:&quot;1&quot;,&quot;getwid_slidesToShowMobile&quot;:&quot;1&quot;,&quot;getwid_autoplay_speed&quot;:6000,&quot;getwid_animation_speed&quot;:800,&quot;getwid_slidesToScroll&quot;:&quot;1&quot;,&quot;getwid_autoplay&quot;:false,&quot;getwid_pause_on_hover&quot;:false,&quot;getwid_infinite&quot;:true,&quot;getwid_center_mode&quot;:false,&quot;getwid_arrows&quot;:&quot;inside&quot;,&quot;getwid_dots&quot;:&quot;outside&quot;}\" class=\"wp-block-getwid-post-carousel__wrapper\">\n                \t\t\t\t\t\t\t<div class=\"wp-block-getwid-post-carousel__slide\">\n\t\t\t\t\t\t\t\t\n<div class=\"wp-block-getwid-post-carousel__post\">\n            <div class=\"wp-block-getwid-post-carousel__post-thumbnail\">\n            <a href=\"https:\/\/agora.xtec.cat\/iesantjoan\/eso\/avui-al-moli-petit-tecnologia-biologia-i-natura-en-accio-%f0%9f%8c%bf\/\"><img loading=\"lazy\" decoding=\"async\" width=\"1200\" height=\"1600\" src=\"https:\/\/agora.xtec.cat\/iesantjoan\/wp-content\/uploads\/usu382\/2025\/06\/WhatsApp-Image-2025-06-18-at-15.38.54-1.jpeg\" class=\"attachment-post-thumbnail size-post-thumbnail wp-post-image\" alt=\"\" srcset=\"https:\/\/agora.xtec.cat\/iesantjoan\/wp-content\/uploads\/usu382\/2025\/06\/WhatsApp-Image-2025-06-18-at-15.38.54-1.jpeg 1200w, https:\/\/agora.xtec.cat\/iesantjoan\/wp-content\/uploads\/usu382\/2025\/06\/WhatsApp-Image-2025-06-18-at-15.38.54-1-225x300.jpeg 225w, https:\/\/agora.xtec.cat\/iesantjoan\/wp-content\/uploads\/usu382\/2025\/06\/WhatsApp-Image-2025-06-18-at-15.38.54-1-768x1024.jpeg 768w, https:\/\/agora.xtec.cat\/iesantjoan\/wp-content\/uploads\/usu382\/2025\/06\/WhatsApp-Image-2025-06-18-at-15.38.54-1-1152x1536.jpeg 1152w\" sizes=\"auto, (max-width: 1200px) 100vw, 1200px\" \/><\/a>\n        <\/div>\n        <div class=\"wp-block-getwid-post-carousel__post-content-wrapper\">\n        <div class=\"wp-block-getwid-post-carousel__post-header\">\n            <h3 class=\"wp-block-getwid-post-carousel__post-title\"><a href=\"https:\/\/agora.xtec.cat\/iesantjoan\/eso\/avui-al-moli-petit-tecnologia-biologia-i-natura-en-accio-%f0%9f%8c%bf\/\">Avui al Mol\u00ed\u202fPetit: tecnologia, biologia i natura en acci\u00f3! \ud83c\udf3f<\/a><\/h3>        <\/div>\n        <div class=\"wp-block-getwid-post-carousel__post-excerpt\"><p>L\u2019alumnat de 1r d\u2019ESO ha viscut una jornada excepcional: despr\u00e9s de dissenyar i construir caixes niu al taller de tecnologia [&hellip;]<\/p>\n<\/div>\n    <\/div>\n<\/div>\n\n\t\t\t\t\t\t\t<\/div>\n\t\t\t\t\t\t\t\t\t\t\t\t\t<div class=\"wp-block-getwid-post-carousel__slide\">\n\t\t\t\t\t\t\t\t\n<div class=\"wp-block-getwid-post-carousel__post\">\n            <div class=\"wp-block-getwid-post-carousel__post-thumbnail\">\n            <a href=\"https:\/\/agora.xtec.cat\/iesantjoan\/eso\/%f0%9f%8e%b6-el-tubofon-tecnologia-musica-i-creativitat-en-harmonia\/\"><img loading=\"lazy\" decoding=\"async\" width=\"2048\" height=\"1536\" src=\"https:\/\/agora.xtec.cat\/iesantjoan\/wp-content\/uploads\/usu382\/2025\/06\/WhatsApp-Image-2025-06-18-at-15.23.53.jpeg\" class=\"attachment-post-thumbnail size-post-thumbnail wp-post-image\" alt=\"\" srcset=\"https:\/\/agora.xtec.cat\/iesantjoan\/wp-content\/uploads\/usu382\/2025\/06\/WhatsApp-Image-2025-06-18-at-15.23.53.jpeg 2048w, https:\/\/agora.xtec.cat\/iesantjoan\/wp-content\/uploads\/usu382\/2025\/06\/WhatsApp-Image-2025-06-18-at-15.23.53-300x225.jpeg 300w, https:\/\/agora.xtec.cat\/iesantjoan\/wp-content\/uploads\/usu382\/2025\/06\/WhatsApp-Image-2025-06-18-at-15.23.53-1024x768.jpeg 1024w, https:\/\/agora.xtec.cat\/iesantjoan\/wp-content\/uploads\/usu382\/2025\/06\/WhatsApp-Image-2025-06-18-at-15.23.53-768x576.jpeg 768w, https:\/\/agora.xtec.cat\/iesantjoan\/wp-content\/uploads\/usu382\/2025\/06\/WhatsApp-Image-2025-06-18-at-15.23.53-1536x1152.jpeg 1536w\" sizes=\"auto, (max-width: 2048px) 100vw, 2048px\" \/><\/a>\n        <\/div>\n        <div class=\"wp-block-getwid-post-carousel__post-content-wrapper\">\n        <div class=\"wp-block-getwid-post-carousel__post-header\">\n            <h3 class=\"wp-block-getwid-post-carousel__post-title\"><a href=\"https:\/\/agora.xtec.cat\/iesantjoan\/eso\/%f0%9f%8e%b6-el-tubofon-tecnologia-musica-i-creativitat-en-harmonia\/\">\ud83c\udfb6 El tub\u00f2fon: tecnologia, m\u00fasica i creativitat en harmonia<\/a><\/h3>        <\/div>\n        <div class=\"wp-block-getwid-post-carousel__post-excerpt\"><p>L&#8217;alumnat de 1r d&#8217;ESO ha viscut una experi\u00e8ncia educativa \u00fanica que ha combinat enginy, treball en equip i expressi\u00f3 art\u00edstica. [&hellip;]<\/p>\n<\/div>\n    <\/div>\n<\/div>\n\n\t\t\t\t\t\t\t<\/div>\n\t\t\t\t\t\t\t\t\t\t\t\t\t<div class=\"wp-block-getwid-post-carousel__slide\">\n\t\t\t\t\t\t\t\t\n<div class=\"wp-block-getwid-post-carousel__post\">\n            <div class=\"wp-block-getwid-post-carousel__post-thumbnail\">\n            <a href=\"https:\/\/agora.xtec.cat\/iesantjoan\/eso\/%f0%9f%8e%88-el-nostre-alumnat-de-2n-deso-fa-volar-la-ciencia-%f0%9f%a7%aa%f0%9f%9b%a0%ef%b8%8f\/\"><img loading=\"lazy\" decoding=\"async\" width=\"920\" height=\"1992\" src=\"https:\/\/agora.xtec.cat\/iesantjoan\/wp-content\/uploads\/usu382\/2025\/06\/WhatsApp-Image-2025-06-05-at-22.40.21-1.jpeg\" class=\"attachment-post-thumbnail size-post-thumbnail wp-post-image\" alt=\"\" srcset=\"https:\/\/agora.xtec.cat\/iesantjoan\/wp-content\/uploads\/usu382\/2025\/06\/WhatsApp-Image-2025-06-05-at-22.40.21-1.jpeg 920w, https:\/\/agora.xtec.cat\/iesantjoan\/wp-content\/uploads\/usu382\/2025\/06\/WhatsApp-Image-2025-06-05-at-22.40.21-1-139x300.jpeg 139w, https:\/\/agora.xtec.cat\/iesantjoan\/wp-content\/uploads\/usu382\/2025\/06\/WhatsApp-Image-2025-06-05-at-22.40.21-1-473x1024.jpeg 473w, https:\/\/agora.xtec.cat\/iesantjoan\/wp-content\/uploads\/usu382\/2025\/06\/WhatsApp-Image-2025-06-05-at-22.40.21-1-768x1663.jpeg 768w, https:\/\/agora.xtec.cat\/iesantjoan\/wp-content\/uploads\/usu382\/2025\/06\/WhatsApp-Image-2025-06-05-at-22.40.21-1-709x1536.jpeg 709w\" sizes=\"auto, (max-width: 920px) 100vw, 920px\" \/><\/a>\n        <\/div>\n        <div class=\"wp-block-getwid-post-carousel__post-content-wrapper\">\n        <div class=\"wp-block-getwid-post-carousel__post-header\">\n            <h3 class=\"wp-block-getwid-post-carousel__post-title\"><a href=\"https:\/\/agora.xtec.cat\/iesantjoan\/eso\/%f0%9f%8e%88-el-nostre-alumnat-de-2n-deso-fa-volar-la-ciencia-%f0%9f%a7%aa%f0%9f%9b%a0%ef%b8%8f\/\">\ud83c\udf88 El nostre alumnat de 2n d\u2019ESO fa volar la ci\u00e8ncia! \ud83e\uddea\ud83d\udee0\ufe0f<\/a><\/h3>        <\/div>\n        <div class=\"wp-block-getwid-post-carousel__post-excerpt\"><p>Aquest trimestre, a les mat\u00e8ries de Tecnologia i F\u00edsica i Qu\u00edmica, hem dut a terme un projecte interdisciplinari molt especial: [&hellip;]<\/p>\n<\/div>\n    <\/div>\n<\/div>\n\n\t\t\t\t\t\t\t<\/div>\n\t\t\t\t\t\t\t\t\t\t\t\t\t<div class=\"wp-block-getwid-post-carousel__slide\">\n\t\t\t\t\t\t\t\t\n<div class=\"wp-block-getwid-post-carousel__post\">\n            <div class=\"wp-block-getwid-post-carousel__post-thumbnail\">\n            <a href=\"https:\/\/agora.xtec.cat\/iesantjoan\/eso\/mines-i-trens\/\"><img loading=\"lazy\" decoding=\"async\" width=\"2000\" height=\"1500\" src=\"https:\/\/agora.xtec.cat\/iesantjoan\/wp-content\/uploads\/usu382\/2025\/05\/WhatsApp-Image-2025-05-23-at-17.13.25.jpeg\" class=\"attachment-post-thumbnail size-post-thumbnail wp-post-image\" alt=\"\" srcset=\"https:\/\/agora.xtec.cat\/iesantjoan\/wp-content\/uploads\/usu382\/2025\/05\/WhatsApp-Image-2025-05-23-at-17.13.25.jpeg 2000w, https:\/\/agora.xtec.cat\/iesantjoan\/wp-content\/uploads\/usu382\/2025\/05\/WhatsApp-Image-2025-05-23-at-17.13.25-300x225.jpeg 300w, https:\/\/agora.xtec.cat\/iesantjoan\/wp-content\/uploads\/usu382\/2025\/05\/WhatsApp-Image-2025-05-23-at-17.13.25-1024x768.jpeg 1024w, https:\/\/agora.xtec.cat\/iesantjoan\/wp-content\/uploads\/usu382\/2025\/05\/WhatsApp-Image-2025-05-23-at-17.13.25-768x576.jpeg 768w, https:\/\/agora.xtec.cat\/iesantjoan\/wp-content\/uploads\/usu382\/2025\/05\/WhatsApp-Image-2025-05-23-at-17.13.25-1536x1152.jpeg 1536w\" sizes=\"auto, (max-width: 2000px) 100vw, 2000px\" \/><\/a>\n        <\/div>\n        <div class=\"wp-block-getwid-post-carousel__post-content-wrapper\">\n        <div class=\"wp-block-getwid-post-carousel__post-header\">\n            <h3 class=\"wp-block-getwid-post-carousel__post-title\"><a href=\"https:\/\/agora.xtec.cat\/iesantjoan\/eso\/mines-i-trens\/\">Mines i trens<\/a><\/h3>        <\/div>\n        <div class=\"wp-block-getwid-post-carousel__post-excerpt\"><p>La setmana passada, en Llu\u00eds Garcia Rif\u00e0, gran coneixedor de la l\u00ednia de tren de la comarca, ha ofert als [&hellip;]<\/p>\n<\/div>\n    <\/div>\n<\/div>\n\n\t\t\t\t\t\t\t<\/div>\n\t\t\t\t\t\t\t\t\t\t\t\t\t<div class=\"wp-block-getwid-post-carousel__slide\">\n\t\t\t\t\t\t\t\t\n<div class=\"wp-block-getwid-post-carousel__post\">\n            <div class=\"wp-block-getwid-post-carousel__post-thumbnail\">\n            <a href=\"https:\/\/agora.xtec.cat\/iesantjoan\/general-ie\/english-together\/\"><img loading=\"lazy\" decoding=\"async\" width=\"747\" height=\"1600\" src=\"https:\/\/agora.xtec.cat\/iesantjoan\/wp-content\/uploads\/usu382\/2025\/05\/IMG-20250512-WA0041.jpg\" class=\"attachment-post-thumbnail size-post-thumbnail wp-post-image\" alt=\"\" srcset=\"https:\/\/agora.xtec.cat\/iesantjoan\/wp-content\/uploads\/usu382\/2025\/05\/IMG-20250512-WA0041.jpg 747w, https:\/\/agora.xtec.cat\/iesantjoan\/wp-content\/uploads\/usu382\/2025\/05\/IMG-20250512-WA0041-140x300.jpg 140w, https:\/\/agora.xtec.cat\/iesantjoan\/wp-content\/uploads\/usu382\/2025\/05\/IMG-20250512-WA0041-478x1024.jpg 478w, https:\/\/agora.xtec.cat\/iesantjoan\/wp-content\/uploads\/usu382\/2025\/05\/IMG-20250512-WA0041-717x1536.jpg 717w\" sizes=\"auto, (max-width: 747px) 100vw, 747px\" \/><\/a>\n        <\/div>\n        <div class=\"wp-block-getwid-post-carousel__post-content-wrapper\">\n        <div class=\"wp-block-getwid-post-carousel__post-header\">\n            <h3 class=\"wp-block-getwid-post-carousel__post-title\"><a href=\"https:\/\/agora.xtec.cat\/iesantjoan\/general-ie\/english-together\/\">English together!<\/a><\/h3>        <\/div>\n        <div class=\"wp-block-getwid-post-carousel__post-excerpt\"><p>Small Talk, Big Fun! English vibes only! Last week our 3rd and 4th ESO students teamed up with Medium Cicle [&hellip;]<\/p>\n<\/div>\n    <\/div>\n<\/div>\n\n\t\t\t\t\t\t\t<\/div>\n\t\t\t\t\t\t            <\/div>\n        <\/div>\n        ","protected":false},"excerpt":{"rendered":"","protected":false},"author":4,"featured_media":0,"parent":0,"menu_order":0,"comment_status":"closed","ping_status":"close","template":"","meta":{"_bbp_topic_count":0,"_bbp_reply_count":0,"_bbp_total_topic_count":0,"_bbp_total_reply_count":0,"_bbp_voice_count":0,"_bbp_anonymous_reply_count":0,"_bbp_topic_count_hidden":0,"_bbp_reply_count_hidden":0,"_bbp_forum_subforum_count":0,"site-sidebar-layout":"default","site-content-layout":"","ast-site-content-layout":"default","site-content-style":"default","site-sidebar-style":"default","ast-global-header-display":"","ast-banner-title-visibility":"","ast-main-header-display":"","ast-hfb-above-header-display":"","ast-hfb-below-header-display":"","ast-hfb-mobile-header-display":"","site-post-title":"","ast-breadcrumbs-content":"","ast-featured-img":"","footer-sml-layout":"","theme-transparent-header-meta":"","adv-header-id-meta":"","stick-header-meta":"","header-above-stick-meta":"","header-main-stick-meta":"","header-below-stick-meta":"","astra-migrate-meta-layouts":"set","ast-page-background-enabled":"default","ast-page-background-meta":{"desktop":{"background-color":"var(--ast-global-color-4)","background-image":"","background-repeat":"repeat","background-position":"center center","background-size":"auto","background-attachment":"scroll","background-type":"","background-media":"","overlay-type":"","overlay-color":"","overlay-opacity":"","overlay-gradient":""},"tablet":{"background-color":"","background-image":"","background-repeat":"repeat","background-position":"center center","background-size":"auto","background-attachment":"scroll","background-type":"","background-media":"","overlay-type":"","overlay-color":"","overlay-opacity":"","overlay-gradient":""},"mobile":{"background-color":"","background-image":"","background-repeat":"repeat","background-position":"center center","background-size":"auto","background-attachment":"scroll","background-type":"","background-media":"","overlay-type":"","overlay-color":"","overlay-opacity":"","overlay-gradient":""}},"ast-content-background-meta":{"desktop":{"background-color":"var(--ast-global-color-5)","background-image":"","background-repeat":"repeat","background-position":"center center","background-size":"auto","background-attachment":"scroll","background-type":"","background-media":"","overlay-type":"","overlay-color":"","overlay-opacity":"","overlay-gradient":""},"tablet":{"background-color":"var(--ast-global-color-5)","background-image":"","background-repeat":"repeat","background-position":"center center","background-size":"auto","background-attachment":"scroll","background-type":"","background-media":"","overlay-type":"","overlay-color":"","overlay-opacity":"","overlay-gradient":""},"mobile":{"background-color":"var(--ast-global-color-5)","background-image":"","background-repeat":"repeat","background-position":"center center","background-size":"auto","background-attachment":"scroll","background-type":"","background-media":"","overlay-type":"","overlay-color":"","overlay-opacity":"","overlay-gradient":""}},"footnotes":""},"class_list":["post-16209","page","type-page","status-publish","hentry"],"post_mailing_queue_ids":[],"_links":{"self":[{"href":"https:\/\/agora.xtec.cat\/iesantjoan\/wp-json\/wp\/v2\/pages\/16209","targetHints":{"allow":["GET"]}}],"collection":[{"href":"https:\/\/agora.xtec.cat\/iesantjoan\/wp-json\/wp\/v2\/pages"}],"about":[{"href":"https:\/\/agora.xtec.cat\/iesantjoan\/wp-json\/wp\/v2\/types\/page"}],"author":[{"embeddable":true,"href":"https:\/\/agora.xtec.cat\/iesantjoan\/wp-json\/wp\/v2\/users\/4"}],"replies":[{"embeddable":true,"href":"https:\/\/agora.xtec.cat\/iesantjoan\/wp-json\/wp\/v2\/comments?post=16209"}],"version-history":[{"count":1,"href":"https:\/\/agora.xtec.cat\/iesantjoan\/wp-json\/wp\/v2\/pages\/16209\/revisions"}],"predecessor-version":[{"id":16210,"href":"https:\/\/agora.xtec.cat\/iesantjoan\/wp-json\/wp\/v2\/pages\/16209\/revisions\/16210"}],"wp:attachment":[{"href":"https:\/\/agora.xtec.cat\/iesantjoan\/wp-json\/wp\/v2\/media?parent=16209"}],"curies":[{"name":"wp","href":"https:\/\/api.w.org\/{rel}","templated":true}]}}