{"id":12980,"date":"2022-04-26T19:54:03","date_gmt":"2022-04-26T17:54:03","guid":{"rendered":"https:\/\/agora.xtec.cat\/iesantjoan\/?page_id=12980"},"modified":"2025-04-11T12:00:30","modified_gmt":"2025-04-11T10:00:30","slug":"pla-tac-edc","status":"publish","type":"page","link":"https:\/\/agora.xtec.cat\/iesantjoan\/projecte-educatiu\/pla-tac-edc\/","title":{"rendered":"EDC"},"content":{"rendered":"\n<p>L\u2019<a href=\"https:\/\/sites.google.com\/xtec.cat\/edc-ie-mestre-andreu\/p%C3%A0gina-principal\">Estrat\u00e8gia Digital de Centre<\/a> (EDC) \u00e9s un document que recull totes les accions que es realitzen en un centre, i les que es realitzaran a mitj\u00e0 termini, per<strong>\u00a0aconseguir la m\u00e0xima compet\u00e8ncia digital de l\u2019alumnat, del professorat i del centre educatiu<\/strong>. T\u00e9 com a referent el Pla d\u2019educaci\u00f3 digital de Catalunya (PEDC), on s\u2019indica la necessitat d\u2019assolir la fita d\u2019una societat digitalment competent, fent \u00e8mfasi en l\u2019equitat i tenint en compte l\u2019evoluci\u00f3 del context social i tecnol\u00f2gic.\u00a0<\/p>\n\n\n\n<p>Aquesta EDC substitueix el darrer pla TAC, elaborat el curs 2019\/20, que va quedar r\u00e0pidament superat pel Projecte d&#8217;Acceleraci\u00f3 Digital inicial el juny de 2020 pel Departament d&#8217;Educaci\u00f3. Els canvis propiciats per la pand\u00e8mia del Covid-19 i les innovacions tecnol\u00f2giques a tots nivells en la societat actual i que afecten tamb\u00e9 el m\u00f3n educatiu, van fer imprescindible disposar d&#8217;un document que exposi la filosofia del centre en l&#8217;\u00e0mbit digital i que aglutini de forma organitzada tot all\u00f2 que en faci refer\u00e8ncia. L&#8217;IE Mestre Andreu, com es pot veure  reflectit en el seu PEC ,\u00a0\u00a0fa anys que ha fet una clara aposta per la digitalitzaci\u00f3 del centre. Els continus canvis en l&#8217;\u00e0mbit digital necessiten que aquest sigui un document viu, que integri les innovacions t\u00e8cniques, pedag\u00f2giques i de caire organitzatiu.<\/p>\n\n\n\n<ul class=\"wp-block-list\"><\/ul>\n\n\n\n<p><\/p>\n\n\n\n<p><\/p>\n\n\n\n<div class=\"wp-block-getwid-section alignfull alignfull getwid-section-content-custom-width\"><div class=\"wp-block-getwid-section__wrapper getwid-padding-top-large getwid-padding-bottom-large getwid-padding-left-medium getwid-padding-right-medium\"><div class=\"wp-block-getwid-section__inner-wrapper\" style=\"max-width:1140px\"><div class=\"wp-block-getwid-section__background-holder\"><div class=\"wp-block-getwid-section__background\"><\/div><div class=\"wp-block-getwid-section__foreground\"><\/div><\/div><div class=\"wp-block-getwid-section__content\"><div class=\"wp-block-getwid-section__inner-content\">\n<div class=\"wp-block-columns has-4-columns is-layout-flex wp-container-core-columns-is-layout-1 wp-block-columns-is-layout-flex\">\n<div class=\"wp-block-column is-layout-flow wp-block-column-is-layout-flow\">\n<div class=\"wp-block-getwid-person is-image-cropped\"><div class=\"wp-block-getwid-person__image\"><img loading=\"lazy\" decoding=\"async\" width=\"300\" height=\"256\" src=\"https:\/\/agora.xtec.cat\/iesantjoan\/wp-content\/uploads\/usu382\/2025\/04\/parella-llegint-300x256.png\" class=\"wp-image-16383\" srcset=\"https:\/\/agora.xtec.cat\/iesantjoan\/wp-content\/uploads\/usu382\/2025\/04\/parella-llegint-300x256.png 300w, https:\/\/agora.xtec.cat\/iesantjoan\/wp-content\/uploads\/usu382\/2025\/04\/parella-llegint-768x655.png 768w, https:\/\/agora.xtec.cat\/iesantjoan\/wp-content\/uploads\/usu382\/2025\/04\/parella-llegint.png 1024w\" sizes=\"auto, (max-width: 300px) 100vw, 300px\" \/><\/div><div class=\"wp-block-getwid-person__content-wrapper\"><span class=\"wp-block-getwid-person__title\"><a href=\"https:\/\/sites.google.com\/xtec.cat\/edc-ie-mestre-andreu\/p%C3%A0gina-principal\">P\u00e0gina principal <br>EDC<\/a><\/span><\/div><\/div>\n<\/div>\n\n\n\n<div class=\"wp-block-column is-layout-flow wp-block-column-is-layout-flow\">\n<div class=\"wp-block-getwid-person is-image-cropped\"><div class=\"wp-block-getwid-person__image\"><img loading=\"lazy\" decoding=\"async\" width=\"275\" height=\"183\" src=\"https:\/\/agora.xtec.cat\/iesantjoan\/wp-content\/uploads\/usu382\/2025\/04\/images.jpg\" class=\"wp-image-16389\"\/><\/div><div class=\"wp-block-getwid-person__content-wrapper\"><span class=\"wp-block-getwid-person__title\">Acolliment digital<\/span><span class=\"wp-block-getwid-person__subtitle\"><a href=\"https:\/\/sites.google.com\/xtec.cat\/edc-ie-mestre-andreu\/p%C3%A0gina-principal\/cultura-digital\/fam%C3%ADlies\" data-type=\"link\" data-id=\"https:\/\/sites.google.com\/xtec.cat\/edc-ie-mestre-andreu\/p%C3%A0gina-principal\/cultura-digital\/fam%C3%ADlies\">a les FAM\u00cdLIES<\/a><\/span><\/div><\/div>\n<\/div>\n\n\n\n<div class=\"wp-block-column is-layout-flow wp-block-column-is-layout-flow\">\n<div class=\"wp-block-getwid-person is-image-cropped\"><div class=\"wp-block-getwid-person__image\"><img loading=\"lazy\" decoding=\"async\" width=\"300\" height=\"196\" src=\"https:\/\/agora.xtec.cat\/iesantjoan\/wp-content\/uploads\/usu382\/2025\/04\/classe-3-300x196.png\" class=\"wp-image-16387\" srcset=\"https:\/\/agora.xtec.cat\/iesantjoan\/wp-content\/uploads\/usu382\/2025\/04\/classe-3-300x196.png 300w, https:\/\/agora.xtec.cat\/iesantjoan\/wp-content\/uploads\/usu382\/2025\/04\/classe-3-768x503.png 768w, https:\/\/agora.xtec.cat\/iesantjoan\/wp-content\/uploads\/usu382\/2025\/04\/classe-3.png 1022w\" sizes=\"auto, (max-width: 300px) 100vw, 300px\" \/><\/div><div class=\"wp-block-getwid-person__content-wrapper\"><span class=\"wp-block-getwid-person__title\">Acolliment digital<\/span><span class=\"wp-block-getwid-person__subtitle\"><a href=\"https:\/\/sites.google.com\/xtec.cat\/edc-ie-mestre-andreu\/p%C3%A0gina-principal\/cultura-digital\/alumnes\" data-type=\"link\" data-id=\"https:\/\/sites.google.com\/xtec.cat\/edc-ie-mestre-andreu\/p%C3%A0gina-principal\/cultura-digital\/alumnes\">ALUMNAT<\/a><\/span><\/div><\/div>\n<\/div>\n\n\n\n<div class=\"wp-block-column is-layout-flow wp-block-column-is-layout-flow\">\n<div class=\"wp-block-getwid-person is-image-cropped\"><div class=\"wp-block-getwid-person__image\"><img loading=\"lazy\" decoding=\"async\" width=\"1024\" height=\"630\" src=\"https:\/\/agora.xtec.cat\/iesantjoan\/wp-content\/uploads\/usu382\/2025\/04\/f4fffe7c-75de-4f85-969c-ee8ce6cba8c5-e1726643874965-1024x630-1.jpg\" class=\"wp-image-16388\" srcset=\"https:\/\/agora.xtec.cat\/iesantjoan\/wp-content\/uploads\/usu382\/2025\/04\/f4fffe7c-75de-4f85-969c-ee8ce6cba8c5-e1726643874965-1024x630-1.jpg 1024w, https:\/\/agora.xtec.cat\/iesantjoan\/wp-content\/uploads\/usu382\/2025\/04\/f4fffe7c-75de-4f85-969c-ee8ce6cba8c5-e1726643874965-1024x630-1-300x185.jpg 300w, https:\/\/agora.xtec.cat\/iesantjoan\/wp-content\/uploads\/usu382\/2025\/04\/f4fffe7c-75de-4f85-969c-ee8ce6cba8c5-e1726643874965-1024x630-1-768x473.jpg 768w\" sizes=\"auto, (max-width: 1024px) 100vw, 1024px\" \/><\/div><div class=\"wp-block-getwid-person__content-wrapper\"><span class=\"wp-block-getwid-person__title\">Acolliment digital<\/span><span class=\"wp-block-getwid-person__subtitle\"><a href=\"https:\/\/sites.google.com\/xtec.cat\/edc-ie-mestre-andreu\/p%C3%A0gina-principal\/cultura-digital\/docents\" data-type=\"link\" data-id=\"https:\/\/sites.google.com\/xtec.cat\/edc-ie-mestre-andreu\/p%C3%A0gina-principal\/cultura-digital\/docents\">DOCENTS<\/a><\/span><\/div><\/div>\n<\/div>\n<\/div>\n<\/div><\/div><\/div><\/div><\/div>\n","protected":false},"excerpt":{"rendered":"<p>L\u2019Estrat\u00e8gia Digital de Centre (EDC) \u00e9s un document que recull totes les accions que es realitzen en un centre, i [&hellip;]<\/p>\n","protected":false},"author":4,"featured_media":0,"parent":57,"menu_order":0,"comment_status":"closed","ping_status":"closed","template":"","meta":{"_bbp_topic_count":0,"_bbp_reply_count":0,"_bbp_total_topic_count":0,"_bbp_total_reply_count":0,"_bbp_voice_count":0,"_bbp_anonymous_reply_count":0,"_bbp_topic_count_hidden":0,"_bbp_reply_count_hidden":0,"_bbp_forum_subforum_count":0,"site-sidebar-layout":"default","site-content-layout":"","ast-site-content-layout":"default","site-content-style":"default","site-sidebar-style":"default","ast-global-header-display":"","ast-banner-title-visibility":"","ast-main-header-display":"","ast-hfb-above-header-display":"","ast-hfb-below-header-display":"","ast-hfb-mobile-header-display":"","site-post-title":"","ast-breadcrumbs-content":"","ast-featured-img":"","footer-sml-layout":"","theme-transparent-header-meta":"","adv-header-id-meta":"","stick-header-meta":"","header-above-stick-meta":"","header-main-stick-meta":"","header-below-stick-meta":"","astra-migrate-meta-layouts":"set","ast-page-background-enabled":"default","ast-page-background-meta":{"desktop":{"background-color":"var(--ast-global-color-4)","background-image":"","background-repeat":"repeat","background-position":"center center","background-size":"auto","background-attachment":"scroll","background-type":"","background-media":"","overlay-type":"","overlay-color":"","overlay-opacity":"","overlay-gradient":""},"tablet":{"background-color":"","background-image":"","background-repeat":"repeat","background-position":"center center","background-size":"auto","background-attachment":"scroll","background-type":"","background-media":"","overlay-type":"","overlay-color":"","overlay-opacity":"","overlay-gradient":""},"mobile":{"background-color":"","background-image":"","background-repeat":"repeat","background-position":"center center","background-size":"auto","background-attachment":"scroll","background-type":"","background-media":"","overlay-type":"","overlay-color":"","overlay-opacity":"","overlay-gradient":""}},"ast-content-background-meta":{"desktop":{"background-color":"var(--ast-global-color-5)","background-image":"","background-repeat":"repeat","background-position":"center center","background-size":"auto","background-attachment":"scroll","background-type":"","background-media":"","overlay-type":"","overlay-color":"","overlay-opacity":"","overlay-gradient":""},"tablet":{"background-color":"var(--ast-global-color-5)","background-image":"","background-repeat":"repeat","background-position":"center center","background-size":"auto","background-attachment":"scroll","background-type":"","background-media":"","overlay-type":"","overlay-color":"","overlay-opacity":"","overlay-gradient":""},"mobile":{"background-color":"var(--ast-global-color-5)","background-image":"","background-repeat":"repeat","background-position":"center center","background-size":"auto","background-attachment":"scroll","background-type":"","background-media":"","overlay-type":"","overlay-color":"","overlay-opacity":"","overlay-gradient":""}},"footnotes":""},"class_list":["post-12980","page","type-page","status-publish","hentry"],"post_mailing_queue_ids":[],"_links":{"self":[{"href":"https:\/\/agora.xtec.cat\/iesantjoan\/wp-json\/wp\/v2\/pages\/12980","targetHints":{"allow":["GET"]}}],"collection":[{"href":"https:\/\/agora.xtec.cat\/iesantjoan\/wp-json\/wp\/v2\/pages"}],"about":[{"href":"https:\/\/agora.xtec.cat\/iesantjoan\/wp-json\/wp\/v2\/types\/page"}],"author":[{"embeddable":true,"href":"https:\/\/agora.xtec.cat\/iesantjoan\/wp-json\/wp\/v2\/users\/4"}],"replies":[{"embeddable":true,"href":"https:\/\/agora.xtec.cat\/iesantjoan\/wp-json\/wp\/v2\/comments?post=12980"}],"version-history":[{"count":6,"href":"https:\/\/agora.xtec.cat\/iesantjoan\/wp-json\/wp\/v2\/pages\/12980\/revisions"}],"predecessor-version":[{"id":16392,"href":"https:\/\/agora.xtec.cat\/iesantjoan\/wp-json\/wp\/v2\/pages\/12980\/revisions\/16392"}],"up":[{"embeddable":true,"href":"https:\/\/agora.xtec.cat\/iesantjoan\/wp-json\/wp\/v2\/pages\/57"}],"wp:attachment":[{"href":"https:\/\/agora.xtec.cat\/iesantjoan\/wp-json\/wp\/v2\/media?parent=12980"}],"curies":[{"name":"wp","href":"https:\/\/api.w.org\/{rel}","templated":true}]}}