{"id":25986,"date":"2022-09-07T14:18:57","date_gmt":"2022-09-07T12:18:57","guid":{"rendered":"https:\/\/agora.xtec.cat\/ceip-santesteve\/?page_id=25986"},"modified":"2026-01-28T00:24:27","modified_gmt":"2026-01-27T23:24:27","slug":"projecte-etwinning","status":"publish","type":"page","link":"https:\/\/agora.xtec.cat\/iesantesteve\/projectes-de-centre\/projecte-etwinning\/","title":{"rendered":"Projecte eTwinning"},"content":{"rendered":"<p><strong>Qu\u00e8 \u00e9s un projecte eTwinning?<\/strong><\/p>\n<p>Un projecte eTwinning \u00e9s un projecte de col\u00b7laboraci\u00f3 o cooperaci\u00f3 entre dos o m\u00e9s centres escolars europeus de pa\u00efsos diferents sobre un tema acordat pr\u00e8viament. La col\u00b7laboraci\u00f3 es porta a terme a trav\u00e9s d\u2019una plataforma a Internet i de l\u2019\u00fas d\u2019altres eines TIC.<\/p>\n<p>L\u2019aprenentatge a trav\u00e9s dels projectes eTwinning focalitzen en la cooperaci\u00f3, interacci\u00f3 i un paper actiu aix\u00ed com en la pressa de decisions i el foment de les habilitats del segle XXI.<\/p>\n<p>La plataforma eTwinning forma part de The European School Education Platform, totes sota el paraigues d\u2019 Erasmus+ i permeten la participaci\u00f3, comunicaci\u00f3 i intercanvi de pa\u00efsos com ara, Alemanya, \u00c0ustria, Bulg\u00e0ria, B\u00e8lgica, Xipre, Cro\u00e0cia, Dinamarca, Eslov\u00e0quia, Eslov\u00e8nia, Espanya, Est\u00f2nia, Finl\u00e0ndia, Fran\u00e7a, Gr\u00e8cia, Hongria, Irlanda, Isl\u00e0ndia, It\u00e0lia, Let\u00f2nia, Litu\u00e0nia, Luxemburg, Malta, Noruega, Pa\u00efsos Baixos, Pol\u00f2nia, Portugal, Regne Unit, Rep\u00fablica Txeca, Romania, Su\u00e8cia, Turquia.<\/p>\n<p>&nbsp;<\/p>\n<p>Els projectes eTwinning poden ser reconeguts i premiats per la seva qualitat, tant a nivell europeu com nacional.<\/p>\n","protected":false},"excerpt":{"rendered":"<p>Qu\u00e8 \u00e9s un projecte eTwinning? Un projecte eTwinning \u00e9s un projecte de col\u00b7laboraci\u00f3 o cooperaci\u00f3 entre dos o m\u00e9s centres escolars europeus de pa\u00efsos diferents sobre un tema acordat pr\u00e8viament. La col\u00b7laboraci\u00f3 es porta a terme a trav\u00e9s d\u2019una plataforma a Internet i de l\u2019\u00fas d\u2019altres eines TIC. L\u2019aprenentatge a trav\u00e9s dels projectes eTwinning focalitzen [&hellip;]<\/p>\n","protected":false},"author":1,"featured_media":0,"parent":31589,"menu_order":30,"comment_status":"closed","ping_status":"closed","template":"","meta":{"site-sidebar-layout":"default","site-content-layout":"","ast-site-content-layout":"default","site-content-style":"default","site-sidebar-style":"default","ast-global-header-display":"","ast-banner-title-visibility":"","ast-main-header-display":"","ast-hfb-above-header-display":"","ast-hfb-below-header-display":"","ast-hfb-mobile-header-display":"","site-post-title":"","ast-breadcrumbs-content":"","ast-featured-img":"","footer-sml-layout":"","theme-transparent-header-meta":"default","adv-header-id-meta":"","stick-header-meta":"","header-above-stick-meta":"","header-main-stick-meta":"","header-below-stick-meta":"","astra-migrate-meta-layouts":"set","ast-page-background-enabled":"default","ast-page-background-meta":{"desktop":{"background-color":"var(--ast-global-color-4)","background-image":"","background-repeat":"repeat","background-position":"center center","background-size":"auto","background-attachment":"scroll","background-type":"","background-media":"","overlay-type":"","overlay-color":"","overlay-opacity":"","overlay-gradient":""},"tablet":{"background-color":"","background-image":"","background-repeat":"repeat","background-position":"center center","background-size":"auto","background-attachment":"scroll","background-type":"","background-media":"","overlay-type":"","overlay-color":"","overlay-opacity":"","overlay-gradient":""},"mobile":{"background-color":"","background-image":"","background-repeat":"repeat","background-position":"center center","background-size":"auto","background-attachment":"scroll","background-type":"","background-media":"","overlay-type":"","overlay-color":"","overlay-opacity":"","overlay-gradient":""}},"ast-content-background-meta":{"desktop":{"background-color":"var(--ast-global-color-5)","background-image":"","background-repeat":"repeat","background-position":"center center","background-size":"auto","background-attachment":"scroll","background-type":"","background-media":"","overlay-type":"","overlay-color":"","overlay-opacity":"","overlay-gradient":""},"tablet":{"background-color":"var(--ast-global-color-5)","background-image":"","background-repeat":"repeat","background-position":"center center","background-size":"auto","background-attachment":"scroll","background-type":"","background-media":"","overlay-type":"","overlay-color":"","overlay-opacity":"","overlay-gradient":""},"mobile":{"background-color":"var(--ast-global-color-5)","background-image":"","background-repeat":"repeat","background-position":"center center","background-size":"auto","background-attachment":"scroll","background-type":"","background-media":"","overlay-type":"","overlay-color":"","overlay-opacity":"","overlay-gradient":""}},"footnotes":""},"class_list":["post-25986","page","type-page","status-publish","hentry"],"post_mailing_queue_ids":[],"_links":{"self":[{"href":"https:\/\/agora.xtec.cat\/iesantesteve\/wp-json\/wp\/v2\/pages\/25986","targetHints":{"allow":["GET"]}}],"collection":[{"href":"https:\/\/agora.xtec.cat\/iesantesteve\/wp-json\/wp\/v2\/pages"}],"about":[{"href":"https:\/\/agora.xtec.cat\/iesantesteve\/wp-json\/wp\/v2\/types\/page"}],"author":[{"embeddable":true,"href":"https:\/\/agora.xtec.cat\/iesantesteve\/wp-json\/wp\/v2\/users\/1"}],"replies":[{"embeddable":true,"href":"https:\/\/agora.xtec.cat\/iesantesteve\/wp-json\/wp\/v2\/comments?post=25986"}],"version-history":[{"count":3,"href":"https:\/\/agora.xtec.cat\/iesantesteve\/wp-json\/wp\/v2\/pages\/25986\/revisions"}],"predecessor-version":[{"id":26046,"href":"https:\/\/agora.xtec.cat\/iesantesteve\/wp-json\/wp\/v2\/pages\/25986\/revisions\/26046"}],"up":[{"embeddable":true,"href":"https:\/\/agora.xtec.cat\/iesantesteve\/wp-json\/wp\/v2\/pages\/31589"}],"wp:attachment":[{"href":"https:\/\/agora.xtec.cat\/iesantesteve\/wp-json\/wp\/v2\/media?parent=25986"}],"curies":[{"name":"wp","href":"https:\/\/api.w.org\/{rel}","templated":true}]}}