{"id":32,"date":"2014-09-18T12:31:33","date_gmt":"2014-09-18T12:31:33","guid":{"rendered":"http:\/\/agora.xtec.cat\/iesantanna-premiadedalt\/\/?page_id=32"},"modified":"2025-11-07T09:40:04","modified_gmt":"2025-11-07T08:40:04","slug":"calendari-curs-2024-25","status":"publish","type":"page","link":"https:\/\/agora.xtec.cat\/iesantanna-premiadedalt\/curs-2024-25\/calendari-curs-2024-25\/","title":{"rendered":"Calendari i horari del curs 25-26"},"content":{"rendered":"<h4><span style=\"color: #ff6600;\"><strong>Inici i final de curs:<\/strong><\/span><\/h4>\n<p>Inici de curs el dia <strong>8 de setembre de 2025<\/strong> per Educaci\u00f3 Infantil, Prim\u00e0ria i Secund\u00e0ria.<\/p>\n<p>Final de curs el dia <strong>19 de juny de 2026<\/strong> per Educaci\u00f3 Infantil, Prim\u00e0ria i Secund\u00e0ria.<\/p>\n<h4><span style=\"color: #ff6600;\"><strong>Vacances:<\/strong><\/span><\/h4>\n<p><strong><span style=\"color: #008000;\">Vacances de Nadal<\/span>: <span style=\"font-weight: 400;\">del <strong>20 de desembre de 2025 al 7 de gener de 2026<\/strong>, ambd\u00f3s inclosos<\/span><\/strong><\/p>\n<p><span style=\"color: #008000;\"><strong>Setmana Santa: <\/strong><\/span><strong><span style=\"font-weight: 400;\">del <strong>28 de mar\u00e7 al 6 d&#8217;abril del 2026<\/strong>, ambd\u00f3s inclosos<\/span><\/strong><\/p>\n<h4><span style=\"color: #ff6600;\"><strong>Festius oficials<\/strong><\/span><\/h4>\n<p>Any 2025 &#8211;\u00a0 <strong>12 d\u2019octubre, 1 de novembre, 6 i 8 de desembre<\/strong><\/p>\n<p>Any 2026 &#8211; <strong>1 de maig i 11 de setembre<\/strong><\/p>\n<h4><span style=\"color: #ff6600;\"><strong>Festius oficials municipals<\/strong><\/span><\/h4>\n<p>Any 2026 &#8211; <strong>25 de maig (2a Pasqua)<\/strong>\u00a0i <strong>29 de juny<\/strong><\/p>\n<h4><span style=\"color: #ff6600;\"><strong>Dies festius de lliure disposici\u00f3<\/strong><\/span><\/h4>\n<p>Any 2025 &#8211; <strong>3 de novembre, 5 de desembre<\/strong><\/p>\n<p>Any 2026 &#8211; <strong>16 de febrer, 13 de mar\u00e7 i 24 d&#8217;abril<\/strong><\/p>\n<h4><span style=\"color: #ff6600;\"><strong>Horari lectiu <\/strong><\/span><span style=\"color: #ff6600;\"><strong>del 8 de setembre de 2025 al 7 de juny de 2026 per Educaci\u00f3 Infantil i Prim\u00e0ria:<\/strong><\/span><\/h4>\n<ul style=\"list-style-type: disc;\">\n<li>De dilluns a divendres de<strong> 9:00 a 12:30 i de 15:00 a 16:30<\/strong><\/li>\n<\/ul>\n<h4><span style=\"color: #ff6600;\"><strong>Horari lectiu <\/strong><\/span><span style=\"color: #ff6600;\"><strong>del 8 de setembre de 2025 al 7 de juny de 2026 per Educaci\u00f3 Secund\u00e0ria:<\/strong><\/span><\/h4>\n<ul>\n<li>Dilluns, dimarts i dijous de <strong>8:00 a 12:30<\/strong> i de <strong>14:30 a 16:30<\/strong><\/li>\n<li>Dimecres i divendres de <strong>8:00 a 14:40<\/strong><\/li>\n<\/ul>\n<h4><span style=\"color: #ff6600;\"><strong>Jornada continuada:<\/strong><\/span><\/h4>\n<ul style=\"list-style-type: disc;\">\n<li>Dia <b>19 de desembre de 2025 de 9:00 a 13:00 <\/b>per infantil i prim\u00e0ria i de<b> 8:00 a 13:00 <\/b>per secund\u00e0ria<\/li>\n<li>Del <strong>8 al 19 de juny de 2026 (ambd\u00f3s inclosos)<\/strong> horari de <strong>9:00 a 13:00<\/strong> per infantil i prim\u00e0ria i de <strong>8:00 a 13:00<\/strong> per secund\u00e0ria.<\/li>\n<\/ul>\n<p>Els alumnes que utilitzen el servei de <strong>menjador<\/strong> surten a les <strong>15:30<\/strong>.<\/p>\n<h4><span style=\"color: #ff6600;\"><strong>Entrada esglaonada d&#8217;I3:<\/strong><\/span><\/h4>\n<p>Per a l&#8217;alumnat que inicia l\u2019escolaritzaci\u00f3 a I3 s\u2019organitza un breu per\u00edode d\u2019adaptaci\u00f3 que suposa una certa modificaci\u00f3 dels horaris dels primers dies de classe:<\/p>\n<ul>\n<li style=\"font-weight: 400;\"><span style=\"font-weight: 400;\">8 i 9 de setembre de 2025 &#8211; 2 grups durant el mat\u00ed (un grup de 9:00 a 10:30 i un altre grup de 11:00 a 12:30).\u00a0<\/span><\/li>\n<li style=\"font-weight: 400;\"><span style=\"font-weight: 400;\">10 de setembre de 2025 &#8211; tot el grup al mat\u00ed de 9:00 a 12:30<\/span><\/li>\n<li>12 de setembre de 2024 &#8211; tot el grup comen\u00e7a l&#8217;horari habitual de 9:00 a 12:30 i de 15:00 a 16:30<\/li>\n<\/ul>\n<p>El servei de menjador per l&#8217;alumnat d&#8217;I3 comen\u00e7a el dilluns 15 de setembre.<\/p>\n<p><a href=\"https:\/\/agora.xtec.cat\/iesantanna-premiadedalt\/wp-content\/uploads\/usu517\/2025\/11\/CALENDARI_25-26-1_page-0001.jpg\"><img loading=\"lazy\" decoding=\"async\" class=\"aligncenter size-large wp-image-28358\" src=\"https:\/\/agora.xtec.cat\/iesantanna-premiadedalt\/wp-content\/uploads\/usu517\/2025\/11\/CALENDARI_25-26-1_page-0001-1024x724.jpg\" alt=\"\" width=\"1024\" height=\"724\" srcset=\"https:\/\/agora.xtec.cat\/iesantanna-premiadedalt\/wp-content\/uploads\/usu517\/2025\/11\/CALENDARI_25-26-1_page-0001-1024x724.jpg 1024w, https:\/\/agora.xtec.cat\/iesantanna-premiadedalt\/wp-content\/uploads\/usu517\/2025\/11\/CALENDARI_25-26-1_page-0001-300x212.jpg 300w, https:\/\/agora.xtec.cat\/iesantanna-premiadedalt\/wp-content\/uploads\/usu517\/2025\/11\/CALENDARI_25-26-1_page-0001-768x543.jpg 768w, https:\/\/agora.xtec.cat\/iesantanna-premiadedalt\/wp-content\/uploads\/usu517\/2025\/11\/CALENDARI_25-26-1_page-0001-1536x1086.jpg 1536w, https:\/\/agora.xtec.cat\/iesantanna-premiadedalt\/wp-content\/uploads\/usu517\/2025\/11\/CALENDARI_25-26-1_page-0001.jpg 1755w\" sizes=\"auto, (max-width: 1024px) 100vw, 1024px\" \/><\/a><\/p>\n","protected":false},"excerpt":{"rendered":"<p>Inici i final de curs: Inici de curs el dia 8 de setembre de 2025 per Educaci\u00f3 Infantil, Prim\u00e0ria i Secund\u00e0ria. Final de curs el dia 19 de juny de 2026 per Educaci\u00f3 Infantil, Prim\u00e0ria i Secund\u00e0ria. Vacances: Vacances de Nadal: del 20 de desembre de 2025 al 7 de gener de 2026, ambd\u00f3s inclosos [&hellip;]<\/p>\n","protected":false},"author":2,"featured_media":0,"parent":254,"menu_order":1,"comment_status":"closed","ping_status":"closed","template":"page-templates\/side-menu.php","meta":{"_bbp_topic_count":0,"_bbp_reply_count":0,"_bbp_total_topic_count":0,"_bbp_total_reply_count":0,"_bbp_voice_count":0,"_bbp_anonymous_reply_count":0,"_bbp_topic_count_hidden":0,"_bbp_reply_count_hidden":0,"_bbp_forum_subforum_count":0,"site-sidebar-layout":"default","site-content-layout":"","ast-site-content-layout":"","site-content-style":"default","site-sidebar-style":"default","ast-global-header-display":"","ast-banner-title-visibility":"","ast-main-header-display":"","ast-hfb-above-header-display":"","ast-hfb-below-header-display":"","ast-hfb-mobile-header-display":"","site-post-title":"","ast-breadcrumbs-content":"","ast-featured-img":"","footer-sml-layout":"","theme-transparent-header-meta":"","adv-header-id-meta":"","stick-header-meta":"","header-above-stick-meta":"","header-main-stick-meta":"","header-below-stick-meta":"","astra-migrate-meta-layouts":"default","ast-page-background-enabled":"default","ast-page-background-meta":{"desktop":{"background-color":"var(--ast-global-color-4)","background-image":"","background-repeat":"repeat","background-position":"center center","background-size":"auto","background-attachment":"scroll","background-type":"","background-media":"","overlay-type":"","overlay-color":"","overlay-opacity":"","overlay-gradient":""},"tablet":{"background-color":"","background-image":"","background-repeat":"repeat","background-position":"center center","background-size":"auto","background-attachment":"scroll","background-type":"","background-media":"","overlay-type":"","overlay-color":"","overlay-opacity":"","overlay-gradient":""},"mobile":{"background-color":"","background-image":"","background-repeat":"repeat","background-position":"center center","background-size":"auto","background-attachment":"scroll","background-type":"","background-media":"","overlay-type":"","overlay-color":"","overlay-opacity":"","overlay-gradient":""}},"ast-content-background-meta":{"desktop":{"background-color":"var(--ast-global-color-5)","background-image":"","background-repeat":"repeat","background-position":"center center","background-size":"auto","background-attachment":"scroll","background-type":"","background-media":"","overlay-type":"","overlay-color":"","overlay-opacity":"","overlay-gradient":""},"tablet":{"background-color":"var(--ast-global-color-5)","background-image":"","background-repeat":"repeat","background-position":"center center","background-size":"auto","background-attachment":"scroll","background-type":"","background-media":"","overlay-type":"","overlay-color":"","overlay-opacity":"","overlay-gradient":""},"mobile":{"background-color":"var(--ast-global-color-5)","background-image":"","background-repeat":"repeat","background-position":"center center","background-size":"auto","background-attachment":"scroll","background-type":"","background-media":"","overlay-type":"","overlay-color":"","overlay-opacity":"","overlay-gradient":""}},"footnotes":""},"class_list":["post-32","page","type-page","status-publish","hentry"],"post_mailing_queue_ids":[],"_links":{"self":[{"href":"https:\/\/agora.xtec.cat\/iesantanna-premiadedalt\/wp-json\/wp\/v2\/pages\/32","targetHints":{"allow":["GET"]}}],"collection":[{"href":"https:\/\/agora.xtec.cat\/iesantanna-premiadedalt\/wp-json\/wp\/v2\/pages"}],"about":[{"href":"https:\/\/agora.xtec.cat\/iesantanna-premiadedalt\/wp-json\/wp\/v2\/types\/page"}],"author":[{"embeddable":true,"href":"https:\/\/agora.xtec.cat\/iesantanna-premiadedalt\/wp-json\/wp\/v2\/users\/2"}],"replies":[{"embeddable":true,"href":"https:\/\/agora.xtec.cat\/iesantanna-premiadedalt\/wp-json\/wp\/v2\/comments?post=32"}],"version-history":[{"count":7,"href":"https:\/\/agora.xtec.cat\/iesantanna-premiadedalt\/wp-json\/wp\/v2\/pages\/32\/revisions"}],"predecessor-version":[{"id":28359,"href":"https:\/\/agora.xtec.cat\/iesantanna-premiadedalt\/wp-json\/wp\/v2\/pages\/32\/revisions\/28359"}],"up":[{"embeddable":true,"href":"https:\/\/agora.xtec.cat\/iesantanna-premiadedalt\/wp-json\/wp\/v2\/pages\/254"}],"wp:attachment":[{"href":"https:\/\/agora.xtec.cat\/iesantanna-premiadedalt\/wp-json\/wp\/v2\/media?parent=32"}],"curies":[{"name":"wp","href":"https:\/\/api.w.org\/{rel}","templated":true}]}}

<h4><span style="color: #ff6600;"><strong>Inici i final de curs:</strong></span></h4>
<p>Inici de curs el dia <strong>8 de setembre de 2025</strong> per Educació Infantil, Primària i Secundària.</p>
<p>Final de curs el dia <strong>19 de juny de 2026</strong> per Educació Infantil, Primària i Secundària.</p>
<h4><span style="color: #ff6600;"><strong>Vacances:</strong></span></h4>
<p><strong><span style="color: #008000;">Vacances de Nadal</span>: <span style="font-weight: 400;">del <strong>20 de desembre de 2025 al 7 de gener de 2026</strong>, ambdós inclosos</span></strong></p>
<p><span style="color: #008000;"><strong>Setmana Santa: </strong></span><strong><span style="font-weight: 400;">del <strong>28 de març al 6 d&#8217;abril del 2026</strong>, ambdós inclosos</span></strong></p>
<h4><span style="color: #ff6600;"><strong>Festius oficials</strong></span></h4>
<p>Any 2025 &#8211;  <strong>12 d’octubre, 1 de novembre, 6 i 8 de desembre</strong></p>
<p>Any 2026 &#8211; <strong>1 de maig i 11 de setembre</strong></p>
<h4><span style="color: #ff6600;"><strong>Festius oficials municipals</strong></span></h4>
<p>Any 2026 &#8211; <strong>25 de maig (2a Pasqua)</strong> i <strong>29 de juny</strong></p>
<h4><span style="color: #ff6600;"><strong>Dies festius de lliure disposició</strong></span></h4>
<p>Any 2025 &#8211; <strong>3 de novembre, 5 de desembre</strong></p>
<p>Any 2026 &#8211; <strong>16 de febrer, 13 de març i 24 d&#8217;abril</strong></p>
<h4><span style="color: #ff6600;"><strong>Horari lectiu </strong></span><span style="color: #ff6600;"><strong>del 8 de setembre de 2025 al 7 de juny de 2026 per Educació Infantil i Primària:</strong></span></h4>
<ul style="list-style-type: disc;">
<li>De dilluns a divendres de<strong> 9:00 a 12:30 i de 15:00 a 16:30</strong></li>
</ul>
<h4><span style="color: #ff6600;"><strong>Horari lectiu </strong></span><span style="color: #ff6600;"><strong>del 8 de setembre de 2025 al 7 de juny de 2026 per Educació Secundària:</strong></span></h4>
<ul>
<li>Dilluns, dimarts i dijous de <strong>8:00 a 12:30</strong> i de <strong>14:30 a 16:30</strong></li>
<li>Dimecres i divendres de <strong>8:00 a 14:40</strong></li>
</ul>
<h4><span style="color: #ff6600;"><strong>Jornada continuada:</strong></span></h4>
<ul style="list-style-type: disc;">
<li>Dia <b>19 de desembre de 2025 de 9:00 a 13:00 </b>per infantil i primària i de<b> 8:00 a 13:00 </b>per secundària</li>
<li>Del <strong>8 al 19 de juny de 2026 (ambdós inclosos)</strong> horari de <strong>9:00 a 13:00</strong> per infantil i primària i de <strong>8:00 a 13:00</strong> per secundària.</li>
</ul>
<p>Els alumnes que utilitzen el servei de <strong>menjador</strong> surten a les <strong>15:30</strong>.</p>
<h4><span style="color: #ff6600;"><strong>Entrada esglaonada d&#8217;I3:</strong></span></h4>
<p>Per a l&#8217;alumnat que inicia l’escolarització a I3 s’organitza un breu període d’adaptació que suposa una certa modificació dels horaris dels primers dies de classe:</p>
<ul>
<li style="font-weight: 400;"><span style="font-weight: 400;">8 i 9 de setembre de 2025 &#8211; 2 grups durant el matí (un grup de 9:00 a 10:30 i un altre grup de 11:00 a 12:30). </span></li>
<li style="font-weight: 400;"><span style="font-weight: 400;">10 de setembre de 2025 &#8211; tot el grup al matí de 9:00 a 12:30</span></li>
<li>12 de setembre de 2024 &#8211; tot el grup comença l&#8217;horari habitual de 9:00 a 12:30 i de 15:00 a 16:30</li>
</ul>
<p>El servei de menjador per l&#8217;alumnat d&#8217;I3 comença el dilluns 15 de setembre.</p>
<p><a href="https://agora.xtec.cat/iesantanna-premiadedalt/wp-content/uploads/usu517/2025/11/CALENDARI_25-26-1_page-0001.jpg"><img loading="lazy" decoding="async" class="aligncenter size-large wp-image-28358" src="https://agora.xtec.cat/iesantanna-premiadedalt/wp-content/uploads/usu517/2025/11/CALENDARI_25-26-1_page-0001-1024x724.jpg" alt="" width="1024" height="724" srcset="https://agora.xtec.cat/iesantanna-premiadedalt/wp-content/uploads/usu517/2025/11/CALENDARI_25-26-1_page-0001-1024x724.jpg 1024w, https://agora.xtec.cat/iesantanna-premiadedalt/wp-content/uploads/usu517/2025/11/CALENDARI_25-26-1_page-0001-300x212.jpg 300w, https://agora.xtec.cat/iesantanna-premiadedalt/wp-content/uploads/usu517/2025/11/CALENDARI_25-26-1_page-0001-768x543.jpg 768w, https://agora.xtec.cat/iesantanna-premiadedalt/wp-content/uploads/usu517/2025/11/CALENDARI_25-26-1_page-0001-1536x1086.jpg 1536w, https://agora.xtec.cat/iesantanna-premiadedalt/wp-content/uploads/usu517/2025/11/CALENDARI_25-26-1_page-0001.jpg 1755w" sizes="auto, (max-width: 1024px) 100vw, 1024px" /></a></p>

<p>Inici i final de curs: Inici de curs el dia 8 de setembre de 2025 per Educació Infantil, Primària i Secundària. Final de curs el dia 19 de juny de 2026 per Educació Infantil, Primària i Secundària. Vacances: Vacances de Nadal: del 20 de desembre de 2025 al 7 de gener de 2026, ambdós inclosos [&hellip;]</p>
