{"id":30,"date":"2014-09-18T12:30:23","date_gmt":"2014-09-18T12:30:23","guid":{"rendered":"http:\/\/agora.xtec.cat\/iesantanna-premiadedalt\/\/?page_id=30"},"modified":"2026-01-26T11:07:51","modified_gmt":"2026-01-26T10:07:51","slug":"instal%c2%b7lacions","status":"publish","type":"page","link":"https:\/\/agora.xtec.cat\/iesantanna-premiadedalt\/lescola\/instal%c2%b7lacions\/","title":{"rendered":"Instal\u00b7lacions"},"content":{"rendered":"<p>El nostre centre educatiu no presenta barreres arquitect\u00f2niques perqu\u00e8 hi ha facilitat d&#8217;acc\u00e9s amb ascensor i rampes. Hi ha instal\u00b7lat un sistema de megafonia interior i exterior a tot el centre.<\/p>\n<p><strong>Edifici principal<\/strong><\/p>\n<ul style=\"list-style-type: circle;\">\n<li>Aules de 3r de prim\u00e0ria a 3r d&#8217;ESO<\/li>\n<li>Aula de m\u00fasica amb projector, pantalla, panell LED, piano i d&#8217;altres instruments de percussi\u00f3<\/li>\n<li>Laboratori dotat d&#8217;instrumental per ci\u00e8ncies naturals (biologia\/geologia i f\u00edsica\/qu\u00edmica) i panell LED interactiu (tamb\u00e9 ha ha instal\u00b7lat un forn de cer\u00e0mica en aquest espai)<\/li>\n<li>Biblioteca amb servei de pr\u00e9stec i animaci\u00f3 de la lectura<\/li>\n<li>Aula de rob\u00f2tica i digitalitzaci\u00f3 amb projector, pantalla i material de rob\u00f2tica espec\u00edfic<\/li>\n<li><span style=\"font-family: inherit; font-size: 1em;\">Aula d&#8217;educaci\u00f3 especial amb material especialitzat<\/span><\/li>\n<li><span style=\"font-family: inherit; font-size: 1em;\">Aula de sensibilitzaci\u00f3 sensorial preparat per alumnat amb necessitats educatives<\/span><\/li>\n<li>Aula de visual i plastica amb material d&#8217;art i pantalla interactiva LED<\/li>\n<li>Aula d&#8217;acollida per alumnat nouvingut amb pantalla interactiva LED<\/li>\n<li><span style=\"font-family: inherit; font-size: 1em;\">Ampli vest\u00edbul d&#8217;usos polivalents, amb zona de recepci\u00f3 i zona de treball<\/span><\/li>\n<li>Menjador i cuina pr\u00f2pia on es preparen els dinars del servei del migdia<\/li>\n<li>Despatx d&#8217;administraci\u00f3 i sala de l&#8217;equip directiu i del consell directiu<\/li>\n<li>Sala de professorat<\/li>\n<\/ul>\n<p><strong>Edifici d&#8217;educaci\u00f3 infantil<\/strong><\/p>\n<ul style=\"list-style-type: circle;\">\n<li>Aules d&#8217;I3 i d&#8217;I4<\/li>\n<li>Aula d&#8217;audici\u00f3 i llenguatge<\/li>\n<li>\u00c0rea d&#8217;esbarjo acotada per tanques<\/li>\n<\/ul>\n<p><strong>M\u00f2dul prefabricat d&#8217;infantil i cicle inicial de prim\u00e0ria<\/strong><\/p>\n<ul style=\"list-style-type: circle;\">\n<li>Aules d&#8217;I5, 1r i 2n de prim\u00e0ria<\/li>\n<\/ul>\n<p><strong>M\u00f2dul prefabricat de secund\u00e0ria<\/strong><\/p>\n<ul style=\"list-style-type: circle;\">\n<li>Aules de 4t d&#8217;ESO<\/li>\n<li>Aula taller de tecnologia i digitalitzaci\u00f3<\/li>\n<\/ul>\n<p><strong>\u00c0rees d&#8217;esbarjo i hort<\/strong><\/p>\n<ul style=\"list-style-type: circle;\">\n<li>Zona enjardinada i gran pati de terra per educaci\u00f3 infantil i cicle inicial amb jocs de pati<\/li>\n<li>Zona enjardinada i pista esportiva de futbol, b\u00e0squet, voleibol i tennis taula<\/li>\n<li>Hort d&#8217;infantil<\/li>\n<li>Hort de prim\u00e0ria i secund\u00e0ria<\/li>\n<li>Lavabos a la pista esportiva<\/li>\n<\/ul>\n<p><strong>Sala polivalent<\/strong><\/p>\n<ul style=\"list-style-type: circle;\">\n<li>Gran sala per usos m\u00faltiples, educaci\u00f3 f\u00edsica, teatre i esdeveniments<\/li>\n<li>Vestidors, lavabos i dutxes<\/li>\n<li>Sales de material esportiu i d&#8217;entitats<\/li>\n<li>Sala d&#8217;entrada a l&#8217;escenari<\/li>\n<\/ul>\n<p><a href=\"https:\/\/agora.xtec.cat\/iesantanna-premiadedalt\/wp-content\/uploads\/usu517\/2025\/11\/20251117_151634.jpg\"><img loading=\"lazy\" decoding=\"async\" class=\"aligncenter size-large wp-image-28425\" src=\"https:\/\/agora.xtec.cat\/iesantanna-premiadedalt\/wp-content\/uploads\/usu517\/2025\/11\/20251117_151634-1024x576.jpg\" alt=\"\" width=\"1024\" height=\"576\" srcset=\"https:\/\/agora.xtec.cat\/iesantanna-premiadedalt\/wp-content\/uploads\/usu517\/2025\/11\/20251117_151634-1024x576.jpg 1024w, https:\/\/agora.xtec.cat\/iesantanna-premiadedalt\/wp-content\/uploads\/usu517\/2025\/11\/20251117_151634-300x169.jpg 300w, https:\/\/agora.xtec.cat\/iesantanna-premiadedalt\/wp-content\/uploads\/usu517\/2025\/11\/20251117_151634-768x432.jpg 768w, https:\/\/agora.xtec.cat\/iesantanna-premiadedalt\/wp-content\/uploads\/usu517\/2025\/11\/20251117_151634-1536x864.jpg 1536w, https:\/\/agora.xtec.cat\/iesantanna-premiadedalt\/wp-content\/uploads\/usu517\/2025\/11\/20251117_151634-2048x1152.jpg 2048w\" sizes=\"auto, (max-width: 1024px) 100vw, 1024px\" \/><\/a><a href=\"https:\/\/agora.xtec.cat\/iesantanna-premiadedalt\/wp-content\/uploads\/usu517\/2026\/01\/3.jpeg\"><img loading=\"lazy\" decoding=\"async\" class=\"aligncenter size-large wp-image-28590\" src=\"https:\/\/agora.xtec.cat\/iesantanna-premiadedalt\/wp-content\/uploads\/usu517\/2026\/01\/3-1024x769.jpeg\" alt=\"\" width=\"1024\" height=\"769\" srcset=\"https:\/\/agora.xtec.cat\/iesantanna-premiadedalt\/wp-content\/uploads\/usu517\/2026\/01\/3-1024x769.jpeg 1024w, https:\/\/agora.xtec.cat\/iesantanna-premiadedalt\/wp-content\/uploads\/usu517\/2026\/01\/3-300x225.jpeg 300w, https:\/\/agora.xtec.cat\/iesantanna-premiadedalt\/wp-content\/uploads\/usu517\/2026\/01\/3-768x576.jpeg 768w, https:\/\/agora.xtec.cat\/iesantanna-premiadedalt\/wp-content\/uploads\/usu517\/2026\/01\/3-1536x1153.jpeg 1536w, https:\/\/agora.xtec.cat\/iesantanna-premiadedalt\/wp-content\/uploads\/usu517\/2026\/01\/3-200x150.jpeg 200w, https:\/\/agora.xtec.cat\/iesantanna-premiadedalt\/wp-content\/uploads\/usu517\/2026\/01\/3.jpeg 2048w\" sizes=\"auto, (max-width: 1024px) 100vw, 1024px\" \/><\/a><a href=\"https:\/\/agora.xtec.cat\/iesantanna-premiadedalt\/wp-content\/uploads\/usu517\/2025\/12\/5e_concert-scaled.jpg\"><img loading=\"lazy\" decoding=\"async\" class=\"aligncenter size-large wp-image-28549\" src=\"https:\/\/agora.xtec.cat\/iesantanna-premiadedalt\/wp-content\/uploads\/usu517\/2025\/12\/5e_concert-1024x576.jpg\" alt=\"\" width=\"1024\" height=\"576\" srcset=\"https:\/\/agora.xtec.cat\/iesantanna-premiadedalt\/wp-content\/uploads\/usu517\/2025\/12\/5e_concert-1024x576.jpg 1024w, https:\/\/agora.xtec.cat\/iesantanna-premiadedalt\/wp-content\/uploads\/usu517\/2025\/12\/5e_concert-300x169.jpg 300w, https:\/\/agora.xtec.cat\/iesantanna-premiadedalt\/wp-content\/uploads\/usu517\/2025\/12\/5e_concert-768x432.jpg 768w, https:\/\/agora.xtec.cat\/iesantanna-premiadedalt\/wp-content\/uploads\/usu517\/2025\/12\/5e_concert-1536x864.jpg 1536w, https:\/\/agora.xtec.cat\/iesantanna-premiadedalt\/wp-content\/uploads\/usu517\/2025\/12\/5e_concert-2048x1152.jpg 2048w\" sizes=\"auto, (max-width: 1024px) 100vw, 1024px\" \/><\/a><\/p>\n<p><a href=\"https:\/\/agora.xtec.cat\/iesantanna-premiadedalt\/wp-content\/uploads\/usu517\/2023\/03\/vegetable-garden.jpg\"><img loading=\"lazy\" decoding=\"async\" class=\"size-full wp-image-28051\" src=\"https:\/\/agora.xtec.cat\/iesantanna-premiadedalt\/wp-content\/uploads\/usu517\/2023\/03\/vegetable-garden.jpg\" alt=\"\" width=\"612\" height=\"408\" srcset=\"https:\/\/agora.xtec.cat\/iesantanna-premiadedalt\/wp-content\/uploads\/usu517\/2023\/03\/vegetable-garden.jpg 612w, https:\/\/agora.xtec.cat\/iesantanna-premiadedalt\/wp-content\/uploads\/usu517\/2023\/03\/vegetable-garden-300x200.jpg 300w\" sizes=\"auto, (max-width: 612px) 100vw, 612px\" \/><\/a><\/p>\n<p><a href=\"https:\/\/agora.xtec.cat\/iesantanna-premiadedalt\/wp-content\/uploads\/usu517\/2025\/06\/WhatsApp-Image-2025-06-10-at-10.44.29-scaled.jpeg\"><img loading=\"lazy\" decoding=\"async\" class=\"aligncenter size-large wp-image-27887\" src=\"https:\/\/agora.xtec.cat\/iesantanna-premiadedalt\/wp-content\/uploads\/usu517\/2025\/06\/WhatsApp-Image-2025-06-10-at-10.44.29-1024x768.jpeg\" alt=\"\" width=\"1024\" height=\"768\" srcset=\"https:\/\/agora.xtec.cat\/iesantanna-premiadedalt\/wp-content\/uploads\/usu517\/2025\/06\/WhatsApp-Image-2025-06-10-at-10.44.29-1024x768.jpeg 1024w, https:\/\/agora.xtec.cat\/iesantanna-premiadedalt\/wp-content\/uploads\/usu517\/2025\/06\/WhatsApp-Image-2025-06-10-at-10.44.29-300x225.jpeg 300w, https:\/\/agora.xtec.cat\/iesantanna-premiadedalt\/wp-content\/uploads\/usu517\/2025\/06\/WhatsApp-Image-2025-06-10-at-10.44.29-768x576.jpeg 768w, https:\/\/agora.xtec.cat\/iesantanna-premiadedalt\/wp-content\/uploads\/usu517\/2025\/06\/WhatsApp-Image-2025-06-10-at-10.44.29-1536x1152.jpeg 1536w, https:\/\/agora.xtec.cat\/iesantanna-premiadedalt\/wp-content\/uploads\/usu517\/2025\/06\/WhatsApp-Image-2025-06-10-at-10.44.29-2048x1536.jpeg 2048w, https:\/\/agora.xtec.cat\/iesantanna-premiadedalt\/wp-content\/uploads\/usu517\/2025\/06\/WhatsApp-Image-2025-06-10-at-10.44.29-200x150.jpeg 200w\" sizes=\"auto, (max-width: 1024px) 100vw, 1024px\" \/><\/a><a href=\"https:\/\/agora.xtec.cat\/iesantanna-premiadedalt\/wp-content\/uploads\/usu517\/2025\/04\/WhatsApp-Image-2025-04-11-at-11.43.04-3.jpeg\"><img loading=\"lazy\" decoding=\"async\" class=\"aligncenter size-large wp-image-27703\" src=\"https:\/\/agora.xtec.cat\/iesantanna-premiadedalt\/wp-content\/uploads\/usu517\/2025\/04\/WhatsApp-Image-2025-04-11-at-11.43.04-3-1024x768.jpeg\" alt=\"\" width=\"1024\" height=\"768\" srcset=\"https:\/\/agora.xtec.cat\/iesantanna-premiadedalt\/wp-content\/uploads\/usu517\/2025\/04\/WhatsApp-Image-2025-04-11-at-11.43.04-3-1024x768.jpeg 1024w, https:\/\/agora.xtec.cat\/iesantanna-premiadedalt\/wp-content\/uploads\/usu517\/2025\/04\/WhatsApp-Image-2025-04-11-at-11.43.04-3-300x225.jpeg 300w, https:\/\/agora.xtec.cat\/iesantanna-premiadedalt\/wp-content\/uploads\/usu517\/2025\/04\/WhatsApp-Image-2025-04-11-at-11.43.04-3-768x576.jpeg 768w, https:\/\/agora.xtec.cat\/iesantanna-premiadedalt\/wp-content\/uploads\/usu517\/2025\/04\/WhatsApp-Image-2025-04-11-at-11.43.04-3-1536x1152.jpeg 1536w, https:\/\/agora.xtec.cat\/iesantanna-premiadedalt\/wp-content\/uploads\/usu517\/2025\/04\/WhatsApp-Image-2025-04-11-at-11.43.04-3-200x150.jpeg 200w, https:\/\/agora.xtec.cat\/iesantanna-premiadedalt\/wp-content\/uploads\/usu517\/2025\/04\/WhatsApp-Image-2025-04-11-at-11.43.04-3.jpeg 1600w\" sizes=\"auto, (max-width: 1024px) 100vw, 1024px\" \/><\/a><\/p>\n","protected":false},"excerpt":{"rendered":"<p>El nostre centre educatiu no presenta barreres arquitect\u00f2niques perqu\u00e8 hi ha facilitat d&#8217;acc\u00e9s amb ascensor i rampes. Hi ha instal\u00b7lat un sistema de megafonia interior i exterior a tot el centre. Edifici principal Aules de 3r de prim\u00e0ria a 3r d&#8217;ESO Aula de m\u00fasica amb projector, pantalla, panell LED, piano i d&#8217;altres instruments de percussi\u00f3 [&hellip;]<\/p>\n","protected":false},"author":2,"featured_media":0,"parent":22,"menu_order":6,"comment_status":"closed","ping_status":"closed","template":"page-templates\/side-menu.php","meta":{"_bbp_topic_count":0,"_bbp_reply_count":0,"_bbp_total_topic_count":0,"_bbp_total_reply_count":0,"_bbp_voice_count":0,"_bbp_anonymous_reply_count":0,"_bbp_topic_count_hidden":0,"_bbp_reply_count_hidden":0,"_bbp_forum_subforum_count":0,"site-sidebar-layout":"default","site-content-layout":"","ast-site-content-layout":"","site-content-style":"default","site-sidebar-style":"default","ast-global-header-display":"","ast-banner-title-visibility":"","ast-main-header-display":"","ast-hfb-above-header-display":"","ast-hfb-below-header-display":"","ast-hfb-mobile-header-display":"","site-post-title":"","ast-breadcrumbs-content":"","ast-featured-img":"","footer-sml-layout":"","theme-transparent-header-meta":"","adv-header-id-meta":"","stick-header-meta":"","header-above-stick-meta":"","header-main-stick-meta":"","header-below-stick-meta":"","astra-migrate-meta-layouts":"default","ast-page-background-enabled":"default","ast-page-background-meta":{"desktop":{"background-color":"var(--ast-global-color-4)","background-image":"","background-repeat":"repeat","background-position":"center center","background-size":"auto","background-attachment":"scroll","background-type":"","background-media":"","overlay-type":"","overlay-color":"","overlay-opacity":"","overlay-gradient":""},"tablet":{"background-color":"","background-image":"","background-repeat":"repeat","background-position":"center center","background-size":"auto","background-attachment":"scroll","background-type":"","background-media":"","overlay-type":"","overlay-color":"","overlay-opacity":"","overlay-gradient":""},"mobile":{"background-color":"","background-image":"","background-repeat":"repeat","background-position":"center center","background-size":"auto","background-attachment":"scroll","background-type":"","background-media":"","overlay-type":"","overlay-color":"","overlay-opacity":"","overlay-gradient":""}},"ast-content-background-meta":{"desktop":{"background-color":"var(--ast-global-color-5)","background-image":"","background-repeat":"repeat","background-position":"center center","background-size":"auto","background-attachment":"scroll","background-type":"","background-media":"","overlay-type":"","overlay-color":"","overlay-opacity":"","overlay-gradient":""},"tablet":{"background-color":"var(--ast-global-color-5)","background-image":"","background-repeat":"repeat","background-position":"center center","background-size":"auto","background-attachment":"scroll","background-type":"","background-media":"","overlay-type":"","overlay-color":"","overlay-opacity":"","overlay-gradient":""},"mobile":{"background-color":"var(--ast-global-color-5)","background-image":"","background-repeat":"repeat","background-position":"center center","background-size":"auto","background-attachment":"scroll","background-type":"","background-media":"","overlay-type":"","overlay-color":"","overlay-opacity":"","overlay-gradient":""}},"footnotes":""},"class_list":["post-30","page","type-page","status-publish","hentry"],"post_mailing_queue_ids":[],"_links":{"self":[{"href":"https:\/\/agora.xtec.cat\/iesantanna-premiadedalt\/wp-json\/wp\/v2\/pages\/30","targetHints":{"allow":["GET"]}}],"collection":[{"href":"https:\/\/agora.xtec.cat\/iesantanna-premiadedalt\/wp-json\/wp\/v2\/pages"}],"about":[{"href":"https:\/\/agora.xtec.cat\/iesantanna-premiadedalt\/wp-json\/wp\/v2\/types\/page"}],"author":[{"embeddable":true,"href":"https:\/\/agora.xtec.cat\/iesantanna-premiadedalt\/wp-json\/wp\/v2\/users\/2"}],"replies":[{"embeddable":true,"href":"https:\/\/agora.xtec.cat\/iesantanna-premiadedalt\/wp-json\/wp\/v2\/comments?post=30"}],"version-history":[{"count":6,"href":"https:\/\/agora.xtec.cat\/iesantanna-premiadedalt\/wp-json\/wp\/v2\/pages\/30\/revisions"}],"predecessor-version":[{"id":28618,"href":"https:\/\/agora.xtec.cat\/iesantanna-premiadedalt\/wp-json\/wp\/v2\/pages\/30\/revisions\/28618"}],"up":[{"embeddable":true,"href":"https:\/\/agora.xtec.cat\/iesantanna-premiadedalt\/wp-json\/wp\/v2\/pages\/22"}],"wp:attachment":[{"href":"https:\/\/agora.xtec.cat\/iesantanna-premiadedalt\/wp-json\/wp\/v2\/media?parent=30"}],"curies":[{"name":"wp","href":"https:\/\/api.w.org\/{rel}","templated":true}]}}