{"id":22,"date":"2014-09-18T12:19:57","date_gmt":"2014-09-18T12:19:57","guid":{"rendered":"http:\/\/agora.xtec.cat\/iesantanna-premiadedalt\/\/?page_id=22"},"modified":"2024-01-28T19:36:12","modified_gmt":"2024-01-28T18:36:12","slug":"lescola","status":"publish","type":"page","link":"https:\/\/agora.xtec.cat\/iesantanna-premiadedalt\/lescola\/","title":{"rendered":"Institut Escola &#8211; Presentaci\u00f3"},"content":{"rendered":"<h5><span style=\"color: #ff0000;\"><strong>Som l&#8217;Institut Escola Santa Anna des del curs 2021-2022!<\/strong><\/span><\/h5>\n<p>Aquest curs 2023-2024 tenim 1r, 2n i 3r d&#8217;ESO. Completarem el creixement de la secund\u00e0ria el curs que ve 2024-2025 amb 4t d&#8217;ESO.<\/p>\n<p>El nostre projecte educatiu integrador, digital i multiling\u00fce\u00a0ha ampliat el seu horitz\u00f3 per a escolaritzar noies i nois de<strong> 3 a 16 anys.<\/strong> El nostre alumnat gaudeix d&#8217;un tracte familiar i personalitzat, d&#8217;un horari de mat\u00ed i tarda amb opci\u00f3 de menjador, amb hores d&#8217;acollida matinal, activitats extraescolars i tallers d&#8217;estudi assistit del Pla Educatiu d&#8217;Entorn de Premi\u00e0 de Dalt.<\/p>\n<p>L\u2019equip docent est\u00e0 implicat en la innovaci\u00f3 tot desenvolupant diferents projectes:<\/p>\n<ul style=\"list-style-type: square;\">\n<li>Del Departament d&#8217;Educaci\u00f3:\u00a0 el <a href=\"https:\/\/projectes.xtec.cat\/transformacioenxarxa\/\" target=\"_blank\" rel=\"noopener noreferrer\"><strong>Laboratori de Transformaci\u00f3 Educativa<\/strong><\/a> amb el qual estem duent a terme una reflexi\u00f3 profunda i un canvi metodol\u00f2gic en les nostres pr\u00e0ctiques d&#8217;aula amb l&#8217;objectiu de millorar els resultats educatius per a tothom.<\/li>\n<li>Del Departament d&#8217;Educaci\u00f3: <a href=\"https:\/\/projectes.xtec.cat\/transformaciodigital\/\" target=\"_blank\" rel=\"noopener noreferrer\"><strong>Projecte de transformaci\u00f3 digital<\/strong><\/a>, per a facilitar l&#8217;\u00fas de les tecnologies en l&#8217;ensenyament i l&#8217;aprenentatge tant per l&#8217;alumnat i com pel professorat.<\/li>\n<li>De la Uni\u00f3 Europea: el projecte <a href=\"http:\/\/sepie.es\/educacion-escolar\/index.html\" target=\"_blank\" rel=\"noopener noreferrer\"><strong>Erasmus +<\/strong><\/a> Erasmus Accreditation, perqu\u00e8 apostem per l&#8217;\u00fas de la llengua estrangera com a vehicle d&#8217;acc\u00e9s al coneixement i a la consci\u00e8ncia de pertinen\u00e7a a la ciutadania europea gr\u00e0cies al treball i als intercanvis internacionals amb escoles europees.<\/li>\n<li>Del Ministerio de Educaci\u00f3n y Formaci\u00f3n Profesional: <em>Programa para la orientaci\u00f3n, avance y enriquecimiento educativo<\/em> <strong><a href=\"https:\/\/www.educacionyfp.gob.es\/mc\/sgctie\/cooperacion-territorial\/programas-cooperacion\/proa.html\" target=\"_blank\" rel=\"noopener\">#PROA+, <\/a><\/strong>per a afavorir l&#8217;equitat i la lluita contra la vulnerabilitat<\/li>\n<li>Del Consell Comarcal: <strong>&#8220;<a href=\"http:\/\/agricultura.gencat.cat\/ca\/ambits\/alimentacio\/promocio-agroalimentaria\/fruita-llet-escoles\/fruita-escoles\/\" target=\"_blank\" rel=\"noopener\">A l&#8217;escola mengem fruita<\/a>&#8220;<\/strong> per afavorir els h\u00e0bits saludables en la dieta<\/li>\n<li>De l&#8217;Ajuntament de Premi\u00e0 de Dalt en el marc del Pla Educatiu d&#8217;Entorn:\u00a0 &#8220;Fem m\u00fasica&#8221; , &#8220;Taller d&#8217;estudi assistit&#8221; i &#8220;Coneix Premi\u00e0 de Dalt&#8221;<\/li>\n<\/ul>\n<p>Tanmateix, hem adoptat noves estrat\u00e8gies d&#8217;aula a l&#8217;\u00e0rea de matem\u00e0tiques que afavoreixen el pensament partint de la manipulaci\u00f3 i de l&#8217;\u00fas d&#8217;una plataforma digital amb el programa <a href=\"https:\/\/www.innovamat.com\/ca\" target=\"_blank\" rel=\"noopener\"><strong>Innovamat<\/strong><\/a>. Tamb\u00e9 estem aplicant els racons de creaci\u00f3 pr\u00f2pia de <strong><em>Matem\u00e0tiques Manipulatives<\/em> a infantil i el programa <a href=\"https:\/\/mat3.cat\/\" target=\"_blank\" rel=\"noopener\">Mat3<\/a> a secund\u00e0ria<\/strong>.<\/p>\n<p>Des de 3r de prim\u00e0ria treballem amb <a href=\"https:\/\/edu.google.com\/intl\/es-419_ALL\/workspace-for-education\/editions\/education-fundamentals\/\" target=\"_blank\" rel=\"noopener\"><strong>GSuite for Education<\/strong><\/a> com a complement del treball d&#8217;aula, la plataforma <a href=\"https:\/\/dictapp.cat\/\" target=\"_blank\" rel=\"noopener\"><strong>Dictapp<\/strong><\/a> pel treball sistem\u00e0tic de l&#8217;ortografia i la plataforma <a href=\"https:\/\/koalatext.com\/public\/\" target=\"_blank\" rel=\"noopener\"><strong>Koala Text<\/strong><\/a> per la pr\u00e0ctica de l&#8217;angl\u00e8s en l\u00ednia. A partir de 1r d&#8217;ESO tamb\u00e9 treballem amb l&#8217;entorn virtual d&#8217;aprenentatge <strong>Moodle<\/strong>.<\/p>\n<p>Gr\u00e0cies a la inversi\u00f3 que va dur a terme l&#8217;Ajuntament de Premi\u00e0 de Dalt el curs 2021-2022, tot l&#8217;alumnat del centre gaudeix de dispositiu digital pel treball a les aules (tauletes i Chromebooks) aix\u00ed com les dotacions que el Departament d&#8217;Educaci\u00f3 ha anat fent per a alumnat de 5\u00e8 de prim\u00e0ria a 3r d&#8217;ESO, que a dia d&#8217;avui gaudeix d&#8217;un dispositiu Chromebook per fer servir a l&#8217;aula i a casa (en pr\u00e9stec durant el per\u00edode lectiu).<\/p>\n<p>El nostre objectiu \u00e9s oferir una educaci\u00f3 competencial basada en valors que permeti a l&#8217;alumnat de Santa Anna adquirir les habilitats necess\u00e0ries per encarar els reptes de la societat del segle XXI.<\/p>\n<p>A continuaci\u00f3 us oferim alguns v\u00eddeos que mostren diferents aspectes de la vida del nostre centre.<\/p>\n<p><strong>Educaci\u00f3 infantil<\/strong><\/p>\n<p><iframe loading=\"lazy\" title=\"YouTube video player\" src=\"https:\/\/www.youtube.com\/embed\/Lxkbc8_MQxA\" width=\"560\" height=\"315\" frameborder=\"0\" allowfullscreen=\"allowfullscreen\"><\/iframe><br \/>\n<strong>Educaci\u00f3 prim\u00e0ria cicle inicial: treball per racons i treball cooperatiu<\/strong><br \/>\n<iframe loading=\"lazy\" title=\"YouTube video player\" src=\"https:\/\/www.youtube.com\/embed\/4FusXslj8vg\" width=\"560\" height=\"315\" frameborder=\"0\" allowfullscreen=\"allowfullscreen\"><\/iframe><\/p>\n<p><strong>Educaci\u00f3 prim\u00e0ria cicle mitj\u00e0: matem\u00e0tiques amb Innovamat<\/strong><\/p>\n<p><iframe loading=\"lazy\" title=\"YouTube video player\" src=\"https:\/\/www.youtube.com\/embed\/xa1P-wdQGlg\" width=\"560\" height=\"315\" frameborder=\"0\" allowfullscreen=\"allowfullscreen\"><\/iframe><\/p>\n<p><strong>Educaci\u00f3 prim\u00e0ria cicle superior: treball per projectes<\/strong><br \/>\n<iframe loading=\"lazy\" title=\"YouTube video player\" src=\"https:\/\/www.youtube.com\/embed\/T8IzLciPrrY\" width=\"560\" height=\"315\" frameborder=\"0\" allowfullscreen=\"allowfullscreen\"><\/iframe><\/p>\n<p><strong>Estrat\u00e8gia i cultura digital de centre<\/strong><br \/>\n<iframe loading=\"lazy\" title=\"YouTube video player\" src=\"https:\/\/www.youtube.com\/embed\/iSOWiiMchKc\" width=\"560\" height=\"315\" frameborder=\"0\" allowfullscreen=\"allowfullscreen\"><\/iframe><\/p>\n<p><strong>Com treballem a educaci\u00f3 secund\u00e0ria<\/strong><br \/>\n<iframe loading=\"lazy\" title=\"YouTube video player\" src=\"https:\/\/www.youtube.com\/embed\/jwn-pRWrL9s\" width=\"560\" height=\"315\" frameborder=\"0\" allowfullscreen=\"allowfullscreen\"><\/iframe><\/p>\n<p><strong>La import\u00e0ncia de la llengua estrangera<\/strong><br \/>\n<iframe loading=\"lazy\" title=\"YouTube video player\" src=\"https:\/\/www.youtube.com\/embed\/wNwfktRtDbQ\" width=\"560\" height=\"315\" frameborder=\"0\" allowfullscreen=\"allowfullscreen\"><\/iframe><\/p>\n<p><strong>Aprenentatge integrat de continguts i llengua estrangera<\/strong><br \/>\n<iframe loading=\"lazy\" title=\"YouTube video player\" src=\"https:\/\/www.youtube.com\/embed\/RDSzh_mAYaA\" width=\"560\" height=\"315\" frameborder=\"0\" allowfullscreen=\"allowfullscreen\"><\/iframe><\/p>\n<p><strong>Projectes internacionals Erasmus<\/strong><br \/>\n<iframe loading=\"lazy\" title=\"YouTube video player\" src=\"https:\/\/www.youtube.com\/embed\/8k0owHZk9Z0\" width=\"560\" height=\"315\" frameborder=\"0\" allowfullscreen=\"allowfullscreen\"><\/iframe><\/p>\n<p><strong>Perspectiva de fam\u00edlia<\/strong><br \/>\n<iframe loading=\"lazy\" title=\"YouTube video player\" src=\"https:\/\/www.youtube.com\/embed\/eKLeL6XDqm4\" width=\"560\" height=\"315\" frameborder=\"0\" allowfullscreen=\"allowfullscreen\"><\/iframe><\/p>\n<p><strong>Perspectiva de l&#8217;alumnat<\/strong><br \/>\n<iframe loading=\"lazy\" title=\"YouTube video player\" src=\"https:\/\/www.youtube.com\/embed\/ObRvEEFAhT0\" width=\"560\" height=\"315\" frameborder=\"0\" allowfullscreen=\"allowfullscreen\"><\/iframe><\/p>\n<p><strong>Per la jornada de portes obertes de l&#8217;any 2021, <\/strong>en plena pand\u00e8mia, vam enregistrar aquest v\u00eddeo protagonitzat pel nostre alumnat, on s&#8217;explica la nostra manera de treballar mentre mostrem els diferents espais de les nostres instal\u00b7lacions.<\/p>\n<p><iframe loading=\"lazy\" src=\"https:\/\/www.youtube.com\/embed\/VDbylIVGaaU\" width=\"560\" height=\"315\" frameborder=\"0\"><\/iframe><\/p>\n<p><strong>UN DIA A INFANTIL,<\/strong> v\u00eddeo protagonitzat per l&#8217;alumnat d&#8217;I3 a I5, on s&#8217;explica l&#8217;enfocament metodol\u00f2gic a trav\u00e9s del dia a dia de les aules dels m\u00e9s petits, amb narraci\u00f3 de la coordinadora d&#8217;infantil, N\u00faria Mart\u00ed.<\/p>\n<p><iframe loading=\"lazy\" src=\"https:\/\/www.youtube.com\/embed\/Rq5jfkD4DBU\" width=\"560\" height=\"315\" frameborder=\"0\"><\/iframe><\/p>\n<p><strong>INSTITUT ESCOLA SANTA ANNA (AMPA) 2021 Portes Obertes<\/strong>, v\u00eddeo on l&#8217;AMPA ens presenta un resum visual i alegre de l&#8217;esperit de la nostra escola.<\/p>\n<p><iframe loading=\"lazy\" src=\"https:\/\/www.youtube.com\/embed\/dvvZmarYe1c\" width=\"560\" height=\"315\" frameborder=\"0\"><\/iframe><\/p>\n","protected":false},"excerpt":{"rendered":"<p>Som l&#8217;Institut Escola Santa Anna des del curs 2021-2022! Aquest curs 2023-2024 tenim 1r, 2n i 3r d&#8217;ESO. Completarem el creixement de la secund\u00e0ria el curs que ve 2024-2025 amb 4t d&#8217;ESO. El nostre projecte educatiu integrador, digital i multiling\u00fce\u00a0ha ampliat el seu horitz\u00f3 per a escolaritzar noies i nois de 3 a 16 anys. [&hellip;]<\/p>\n","protected":false},"author":2,"featured_media":0,"parent":0,"menu_order":1,"comment_status":"closed","ping_status":"closed","template":"page-templates\/side-menu.php","meta":{"_bbp_topic_count":0,"_bbp_reply_count":0,"_bbp_total_topic_count":0,"_bbp_total_reply_count":0,"_bbp_voice_count":0,"_bbp_anonymous_reply_count":0,"_bbp_topic_count_hidden":0,"_bbp_reply_count_hidden":0,"_bbp_forum_subforum_count":0,"site-sidebar-layout":"default","site-content-layout":"","ast-site-content-layout":"","site-content-style":"default","site-sidebar-style":"default","ast-global-header-display":"","ast-banner-title-visibility":"","ast-main-header-display":"","ast-hfb-above-header-display":"","ast-hfb-below-header-display":"","ast-hfb-mobile-header-display":"","site-post-title":"","ast-breadcrumbs-content":"","ast-featured-img":"","footer-sml-layout":"","theme-transparent-header-meta":"","adv-header-id-meta":"","stick-header-meta":"","header-above-stick-meta":"","header-main-stick-meta":"","header-below-stick-meta":"","astra-migrate-meta-layouts":"default","ast-page-background-enabled":"default","ast-page-background-meta":{"desktop":{"background-color":"var(--ast-global-color-4)","background-image":"","background-repeat":"repeat","background-position":"center center","background-size":"auto","background-attachment":"scroll","background-type":"","background-media":"","overlay-type":"","overlay-color":"","overlay-opacity":"","overlay-gradient":""},"tablet":{"background-color":"","background-image":"","background-repeat":"repeat","background-position":"center center","background-size":"auto","background-attachment":"scroll","background-type":"","background-media":"","overlay-type":"","overlay-color":"","overlay-opacity":"","overlay-gradient":""},"mobile":{"background-color":"","background-image":"","background-repeat":"repeat","background-position":"center center","background-size":"auto","background-attachment":"scroll","background-type":"","background-media":"","overlay-type":"","overlay-color":"","overlay-opacity":"","overlay-gradient":""}},"ast-content-background-meta":{"desktop":{"background-color":"var(--ast-global-color-5)","background-image":"","background-repeat":"repeat","background-position":"center center","background-size":"auto","background-attachment":"scroll","background-type":"","background-media":"","overlay-type":"","overlay-color":"","overlay-opacity":"","overlay-gradient":""},"tablet":{"background-color":"var(--ast-global-color-5)","background-image":"","background-repeat":"repeat","background-position":"center center","background-size":"auto","background-attachment":"scroll","background-type":"","background-media":"","overlay-type":"","overlay-color":"","overlay-opacity":"","overlay-gradient":""},"mobile":{"background-color":"var(--ast-global-color-5)","background-image":"","background-repeat":"repeat","background-position":"center center","background-size":"auto","background-attachment":"scroll","background-type":"","background-media":"","overlay-type":"","overlay-color":"","overlay-opacity":"","overlay-gradient":""}},"footnotes":""},"class_list":["post-22","page","type-page","status-publish","hentry"],"post_mailing_queue_ids":[],"_links":{"self":[{"href":"https:\/\/agora.xtec.cat\/iesantanna-premiadedalt\/wp-json\/wp\/v2\/pages\/22","targetHints":{"allow":["GET"]}}],"collection":[{"href":"https:\/\/agora.xtec.cat\/iesantanna-premiadedalt\/wp-json\/wp\/v2\/pages"}],"about":[{"href":"https:\/\/agora.xtec.cat\/iesantanna-premiadedalt\/wp-json\/wp\/v2\/types\/page"}],"author":[{"embeddable":true,"href":"https:\/\/agora.xtec.cat\/iesantanna-premiadedalt\/wp-json\/wp\/v2\/users\/2"}],"replies":[{"embeddable":true,"href":"https:\/\/agora.xtec.cat\/iesantanna-premiadedalt\/wp-json\/wp\/v2\/comments?post=22"}],"version-history":[{"count":4,"href":"https:\/\/agora.xtec.cat\/iesantanna-premiadedalt\/wp-json\/wp\/v2\/pages\/22\/revisions"}],"predecessor-version":[{"id":26378,"href":"https:\/\/agora.xtec.cat\/iesantanna-premiadedalt\/wp-json\/wp\/v2\/pages\/22\/revisions\/26378"}],"wp:attachment":[{"href":"https:\/\/agora.xtec.cat\/iesantanna-premiadedalt\/wp-json\/wp\/v2\/media?parent=22"}],"curies":[{"name":"wp","href":"https:\/\/api.w.org\/{rel}","templated":true}]}}