{"id":818,"date":"2015-02-04T17:19:11","date_gmt":"2015-02-04T16:19:11","guid":{"rendered":"http:\/\/insangeletaferrer.com\/?page_id=818"},"modified":"2025-02-18T17:49:26","modified_gmt":"2025-02-18T16:49:26","slug":"batxillerat-darts-esceniques","status":"publish","type":"page","link":"https:\/\/agora.xtec.cat\/iesangeletaferrer\/batxillerat-darts-esceniques\/","title":{"rendered":"Batxillerat d&#8217;Arts Esc\u00e8niques"},"content":{"rendered":"<p lang=\"ca-ES\"><a href=\"https:\/\/agora.xtec.cat\/iesangeletaferrer\/wp-content\/uploads\/usu499\/2024\/03\/Visita-institut-del-Teatre.jpeg\"><img loading=\"lazy\" decoding=\"async\" class=\"aligncenter size-full wp-image-6870\" src=\"https:\/\/agora.xtec.cat\/iesangeletaferrer\/wp-content\/uploads\/usu499\/2024\/03\/Visita-institut-del-Teatre.jpeg\" alt=\"\" width=\"1600\" height=\"821\" srcset=\"https:\/\/agora.xtec.cat\/iesangeletaferrer\/wp-content\/uploads\/usu499\/2024\/03\/Visita-institut-del-Teatre.jpeg 1600w, https:\/\/agora.xtec.cat\/iesangeletaferrer\/wp-content\/uploads\/usu499\/2024\/03\/Visita-institut-del-Teatre-300x154.jpeg 300w, https:\/\/agora.xtec.cat\/iesangeletaferrer\/wp-content\/uploads\/usu499\/2024\/03\/Visita-institut-del-Teatre-1024x525.jpeg 1024w, https:\/\/agora.xtec.cat\/iesangeletaferrer\/wp-content\/uploads\/usu499\/2024\/03\/Visita-institut-del-Teatre-768x394.jpeg 768w, https:\/\/agora.xtec.cat\/iesangeletaferrer\/wp-content\/uploads\/usu499\/2024\/03\/Visita-institut-del-Teatre-1536x788.jpeg 1536w\" sizes=\"auto, (max-width: 1600px) 100vw, 1600px\" \/><\/a><\/p>\n<h2><b>L&#8217;aventura de les Arts Esc\u00e8niques a l&#8217;Institut Angeleta Ferrer i Sensat<\/b><\/h2>\n<p><span style=\"font-weight: 400;\">L&#8217;Institut Angeleta Ferrer i Sensat obre les portes a un m\u00f3n fascinant: el Batxillerat d&#8217;Arts Esc\u00e8niques. Per submergir-te en la creativitat, l&#8217;expressi\u00f3 i la interpretaci\u00f3 art\u00edstica.<\/span><\/p>\n<p><span style=\"font-weight: 400;\">El Batxillerat d&#8217;Arts Esc\u00e8niques no \u00e9s simplement estudiar, \u00e9s una experi\u00e8ncia vibrant que et permetr\u00e0 desenvolupar la teva creativitat i imaginaci\u00f3, explorant noves formes d&#8217;expressi\u00f3 art\u00edstica. Tamb\u00e9 podr\u00e0s millorar les teves habilitats de comunicaci\u00f3 i expressi\u00f3, tant oral com corporal, per a connectar amb el p\u00fablic. Aprendr\u00e1s a treballar en equip i cooperar amb els teus companys, construint un espai de creaci\u00f3 col\u00b7lectiva, a afrontar reptes i superar dificultats, forjant la teva resili\u00e8ncia i capacitat d&#8217;adaptaci\u00f3. I a preparar-te per a una carrera professional en les arts esc\u00e8niques, obrint un ventall d&#8217;oportunitats laborals.<\/span><\/p>\n<p><span style=\"font-weight: 400;\">Al llarg del Batxillerat d&#8217;Arts Esc\u00e8niques, t&#8217;endinsar\u00e0s en un itinerari formatiu complet:<\/span><\/p>\n<ul>\n<li style=\"font-weight: 400;\" aria-level=\"1\"><b>Mat\u00e8ries comunes:<\/b><span style=\"font-weight: 400;\"> Desenvolupar\u00e0s una base s\u00f2lida en assignatures com ara Llengua Catalana i Castellana, 2a llengua, Filosofia o Hist\u00f2ria.<\/span><\/li>\n<li style=\"font-weight: 400;\" aria-level=\"1\"><b>Mat\u00e8ries espec\u00edfiques:<\/b><span style=\"font-weight: 400;\"> Explorar\u00e0s en profunditat el m\u00f3n de les arts esc\u00e8niques amb assignatures com ara Interpretaci\u00f3 teatral, Literatura dram\u00e0tica, an\u00e0lisi musical, Veu i cor i pr\u00e0ctica musical, entre d\u2019altres.\u00a0<\/span><\/li>\n<\/ul>\n<p><span style=\"font-weight: 400;\">Tamb\u00e9 compartir\u00e0s xerrades amb professionals del sector i tallers de diferents especialitats com lluita esc\u00e8nica, Comm\u00e8dia dell\u2019Arte o dansa i moviment.<\/span><\/p>\n<p><span style=\"font-weight: 400;\">El nostre equip de professors, formats i experimentats en el m\u00f3n de les arts esc\u00e8niques, t&#8217;acompanyar\u00e0 en aquest viatge d&#8217;aprenentatge. Amb la seva passi\u00f3 i dedicaci\u00f3, t&#8217;ajudaran a desenvolupar tot el teu potencial art\u00edstic.<\/span><\/p>\n<p><span style=\"font-weight: 400;\">L&#8217;Institut Angeleta Ferrer i Sensat posa a la teva disposici\u00f3 unes instal\u00b7lacions equipades amb tot el necessari per a l&#8217;aprenentatge de les arts esc\u00e8niques:<\/span><\/p>\n<ul>\n<li style=\"font-weight: 400;\" aria-level=\"1\"><span style=\"font-weight: 400;\">Aula de teatre amb equips de so i llum.<\/span><\/li>\n<li style=\"font-weight: 400;\" aria-level=\"1\"><span style=\"font-weight: 400;\">Aules de m\u00fasica amb instruments i equips de so.<\/span><\/li>\n<li style=\"font-weight: 400;\" aria-level=\"1\"><span style=\"font-weight: 400;\">Biblioteca amb una \u00e0mplia selecci\u00f3 d\u2019obres teatrals i recursos sobre arts esc\u00e8niques.<\/span><\/li>\n<\/ul>\n<p><span style=\"font-weight: 400;\">L&#8217;Institut Angeleta Ferrer i Sensat et descobrir\u00e0 a un m\u00f3n d&#8217;emocions, aprenentatges i oportunitats.<\/span><\/p>\n","protected":false},"excerpt":{"rendered":"<p><a href=\"https:\/\/agora.xtec.cat\/iesangeletaferrer\/wp-content\/uploads\/usu499\/2024\/03\/Visita-institut-del-Teatre.jpeg\"><\/a><br \/>\nL&#8217;aventura de les Arts Esc\u00e8niques a l&#8217;Institut Angeleta Ferrer i Sensat<br \/>\nL&#8217;Institut Angeleta Ferrer i Sensat obre les portes a un m\u00f3n fascinant: el Batxillerat d&#8217;Arts Esc\u00e8niques. Per submergir-te en la creativitat, l&#8217;expressi\u00f3 i la interpretaci\u00f3 art\u00edstica.<br \/>\nEl Batxillerat d&#8217;Arts Esc\u00e8niques no \u00e9s simplement estudiar, \u00e9s&hellip;  <a href=\"https:\/\/agora.xtec.cat\/iesangeletaferrer\/batxillerat-darts-esceniques\/\" title=\"Read Batxillerat d&#8217;Arts Esc\u00e8niques\">Llegeix m\u00e9s\u00bb<\/a><\/p>\n","protected":false},"author":1,"featured_media":0,"parent":0,"menu_order":1,"comment_status":"open","ping_status":"open","template":"page-templates\/side-menu.php","meta":{"_bbp_topic_count":0,"_bbp_reply_count":0,"_bbp_total_topic_count":0,"_bbp_total_reply_count":0,"_bbp_voice_count":0,"_bbp_anonymous_reply_count":0,"_bbp_topic_count_hidden":0,"_bbp_reply_count_hidden":0,"_bbp_forum_subforum_count":0,"footnotes":""},"class_list":["post-818","page","type-page","status-publish","hentry"],"post_mailing_queue_ids":[],"_links":{"self":[{"href":"https:\/\/agora.xtec.cat\/iesangeletaferrer\/wp-json\/wp\/v2\/pages\/818","targetHints":{"allow":["GET"]}}],"collection":[{"href":"https:\/\/agora.xtec.cat\/iesangeletaferrer\/wp-json\/wp\/v2\/pages"}],"about":[{"href":"https:\/\/agora.xtec.cat\/iesangeletaferrer\/wp-json\/wp\/v2\/types\/page"}],"author":[{"embeddable":true,"href":"https:\/\/agora.xtec.cat\/iesangeletaferrer\/wp-json\/wp\/v2\/users\/1"}],"replies":[{"embeddable":true,"href":"https:\/\/agora.xtec.cat\/iesangeletaferrer\/wp-json\/wp\/v2\/comments?post=818"}],"version-history":[{"count":4,"href":"https:\/\/agora.xtec.cat\/iesangeletaferrer\/wp-json\/wp\/v2\/pages\/818\/revisions"}],"predecessor-version":[{"id":6871,"href":"https:\/\/agora.xtec.cat\/iesangeletaferrer\/wp-json\/wp\/v2\/pages\/818\/revisions\/6871"}],"wp:attachment":[{"href":"https:\/\/agora.xtec.cat\/iesangeletaferrer\/wp-json\/wp\/v2\/media?parent=818"}],"curies":[{"name":"wp","href":"https:\/\/api.w.org\/{rel}","templated":true}]}}