{"id":953,"date":"2024-09-26T11:36:52","date_gmt":"2024-09-26T09:36:52","guid":{"rendered":"https:\/\/agora.xtec.cat\/iesaltpenedes\/?page_id=953"},"modified":"2025-11-05T17:56:26","modified_gmt":"2025-11-05T16:56:26","slug":"calendaris-i-horaris","status":"publish","type":"page","link":"https:\/\/agora.xtec.cat\/iesaltpenedes\/info\/calendaris-i-horaris\/","title":{"rendered":"Calendaris i horaris"},"content":{"rendered":"\n<p>Podeu  descarregar&nbsp;<strong>els calendaris del curs actual en format PDF per imprimir<\/strong>. A sota trobareu el calendari d&#8217;activitats dia a dia. els horaris dels grups i les hores de visita del professorat.<\/p>\n\n\n\n<p class=\"has-medium-font-size\" style=\"font-style:normal;font-weight:700\">Dates d&#8217;inici del curs 2025-2026 (tots els estudis). <\/p>\n\n\n\n<p class=\"has-text-align-center\"><a href=\"https:\/\/agora.xtec.cat\/iesaltpenedes\/wp-content\/uploads\/usu1207\/2025\/07\/Dates-dinici-de-curs-2025-2026.pdf\">Calendari d&#8217;inici de curs de tots els estudis. <\/a><\/p>\n\n\n\n<h3 class=\"wp-block-heading has-medium-font-size\">Calendari descarregable ESO-Batxillerat 2025-2026<\/h3>\n\n\n\n<p class=\"has-text-align-center has-medium-font-size\"><a href=\"https:\/\/agora.xtec.cat\/iesaltpenedes\/wp-content\/uploads\/usu1207\/2025\/09\/Calendari-2025-2026-ESOBAT_provisional_web.pdf\">Calendari_2025-2026_ESO i Batxillerat<\/a><\/p>\n\n\n\n<h3 class=\"wp-block-heading has-medium-font-size\">Calendari descarregable Formaci\u00f3 Professional 2025-2026<\/h3>\n\n\n\n<p class=\"has-text-align-center has-medium-font-size\"><a href=\"https:\/\/agora.xtec.cat\/iesaltpenedes\/wp-content\/uploads\/usu1207\/2025\/10\/Calendari-2025-2026-CF_web_alumnes.pdf\">Calendari_2025-2026_FORMACI\u00d3 PROFESSIONAL<\/a><\/p>\n\n\n\n<h2 class=\"wp-block-heading has-medium-font-size\">Calendari diari<\/h2>\n\n\n\n<p class=\"has-text-align-center\"><iframe loading=\"lazy\" style=\"border-width: 0;\" src=\"https:\/\/calendar.google.com\/calendar\/embed?showPrint=0&amp;showCalendars=0&amp;showTz=0&amp;height=600&amp;wkst=2&amp;hl=ca&amp;bgcolor=%2399ff99&amp;src=p3it56d3k2fdon7p7o1ocnjpl0%40group.calendar.google.com&amp;color=%23125A12&amp;ctz=Europe%2FMadrid\" width=\"800\" height=\"500\" frameborder=\"0\" scrolling=\"no\"><\/iframe><\/p>\n\n\n\n<h2 class=\"wp-block-heading\">Horaris dels grups<\/h2>\n\n\n\n<h3 class=\"wp-block-heading\">ESO curs 25-26<\/h3>\n\n\n\n<figure class=\"wp-block-table is-style-stripes\"><table class=\"has-fixed-layout\"><tbody><tr><td><a href=\"https:\/\/agora.xtec.cat\/iesaltpenedes\/wp-content\/uploads\/usu1207\/2025\/09\/Horaris-1r-ESO-2526.pdf\">1r ESO<\/a><\/td><td><a href=\"https:\/\/agora.xtec.cat\/iesaltpenedes\/wp-content\/uploads\/usu1207\/2025\/09\/Horaris-2n-ESO-2526.pdf\">2n ESO<\/a><\/td><\/tr><tr><td><a href=\"https:\/\/agora.xtec.cat\/iesaltpenedes\/wp-content\/uploads\/usu1207\/2025\/09\/Horaris-3R-ESO-2526.pdf\">3r ESO<\/a><\/td><td><a href=\"https:\/\/agora.xtec.cat\/iesaltpenedes\/wp-content\/uploads\/usu1207\/2025\/09\/Horaris-4t-ESO-2526.pdf\">4t ESO<\/a><\/td><\/tr><\/tbody><\/table><\/figure>\n\n\n\n<h3 class=\"wp-block-heading\">Batxillerat Curs 25-26<\/h3>\n\n\n\n<figure class=\"wp-block-table is-style-stripes\"><table class=\"has-fixed-layout\"><tbody><tr><td><a href=\"https:\/\/agora.xtec.cat\/iesaltpenedes\/wp-content\/uploads\/usu1207\/2025\/10\/horaris-1r-batx-2526.pdf\">1r Batxillerat<\/a><\/td><td><a href=\"https:\/\/agora.xtec.cat\/iesaltpenedes\/wp-content\/uploads\/usu1207\/2025\/10\/horaris-2n-batx-2526.pdf\">2n Batxillerat<\/a><\/td><\/tr><\/tbody><\/table><\/figure>\n\n\n\n<h3 class=\"wp-block-heading\">Formaci\u00f3 professional curs 24-25<\/h3>\n\n\n\n<figure class=\"wp-block-table is-style-stripes\"><table class=\"has-fixed-layout\"><tbody><tr><td><a href=\"https:\/\/agora.xtec.cat\/iesaltpenedes\/wp-content\/uploads\/usu1207\/2025\/09\/Horari-web-1GMMEC.pdf\">1r CFGM Mecanitzaci\u00f3<\/a><\/td><td><a href=\"https:\/\/agora.xtec.cat\/iesaltpenedes\/wp-content\/uploads\/usu1207\/2025\/09\/Horari-web-2GMMEC.pdf\">2n CFGM Mecanitzaci\u00f3<\/a><\/td><\/tr><tr><td><a href=\"https:\/\/agora.xtec.cat\/iesaltpenedes\/wp-content\/uploads\/usu1207\/2025\/09\/Horari-calendari-1GMIEA.pdf\">1r CFGM Instal\u00b7lacions el\u00e8ctriques<\/a><\/td><td><a href=\"https:\/\/agora.xtec.cat\/iesaltpenedes\/wp-content\/uploads\/usu1207\/2025\/09\/Horari-calendari-2GMIEA.pdf\">2n CFGM Instal\u00b7lacions el\u00e8ctriques<\/a><\/td><\/tr><tr><td><a href=\"https:\/\/agora.xtec.cat\/iesaltpenedes\/wp-content\/uploads\/usu1207\/2025\/09\/Horari-calendari-1GMOPL.pdf\">1r CFGM Operacions de <\/a><a href=\"https:\/\/agora.xtec.cat\/iesaltpenedes\/wp-content\/uploads\/usu1207\/2025\/11\/Horari-web-1GMOPL.pdf\">laboratori<\/a><\/td><td><\/td><\/tr><tr><td><a href=\"https:\/\/agora.xtec.cat\/iesaltpenedes\/wp-content\/uploads\/usu1207\/2025\/09\/Horari-calendari-1GSARI.pdf\">1r CFGS Automatitzaci\u00f3 i rob\u00f2tica<\/a><\/td><td><a href=\"https:\/\/agora.xtec.cat\/iesaltpenedes\/wp-content\/uploads\/usu1207\/2025\/09\/Horari-web-2GSARI.pdf\">2n CFGS Automatitzaci\u00f3 i rob\u00f2tica<\/a><\/td><\/tr><tr><td><a href=\"https:\/\/agora.xtec.cat\/iesaltpenedes\/wp-content\/uploads\/usu1207\/2025\/09\/Horari-web-1GSMEI.pdf\">1r CFGMS Mecatr\u00f2nica<\/a><\/td><td><a href=\"https:\/\/agora.xtec.cat\/iesaltpenedes\/wp-content\/uploads\/usu1207\/2025\/09\/Horari-web-2GSMEI.pdf\">2n CFGS Mecatr\u00f2nica<\/a><\/td><\/tr><\/tbody><\/table><\/figure>\n\n\n\n<h2 class=\"wp-block-heading has-large-font-size\">Hores d&#8217;entrevistes del professorat<\/h2>\n\n\n\n<p>Si voleu entrevistar-vos personalment amb un professor o professora del centre, concerteu sempre cita pr\u00e8via per tel\u00e8fon o correu electr\u00f2nic. Cada docent t\u00e9 una hora fixa al seu horari setmanal per a l&#8217;atenci\u00f3 de les fam\u00edlies, podeu descarregar-les des de l&#8217;enlla\u00e7 que trobareu a continuaci\u00f3.<\/p>\n\n\n\n<p>Es publicaran al setembre. <\/p>\n\n\n\n<p><\/p>\n","protected":false},"excerpt":{"rendered":"<p>Podeu descarregar&nbsp;els calendaris del curs actual en format PDF per imprimir. A sota trobareu el calendari d&#8217;activitats dia a dia. [&hellip;]<\/p>\n","protected":false},"author":4,"featured_media":0,"parent":782,"menu_order":2,"comment_status":"closed","ping_status":"closed","template":"","meta":{"_bbp_topic_count":0,"_bbp_reply_count":0,"_bbp_total_topic_count":0,"_bbp_total_reply_count":0,"_bbp_voice_count":0,"_bbp_anonymous_reply_count":0,"_bbp_topic_count_hidden":0,"_bbp_reply_count_hidden":0,"_bbp_forum_subforum_count":0,"site-sidebar-layout":"default","site-content-layout":"","ast-site-content-layout":"default","site-content-style":"default","site-sidebar-style":"default","ast-global-header-display":"","ast-banner-title-visibility":"","ast-main-header-display":"","ast-hfb-above-header-display":"","ast-hfb-below-header-display":"","ast-hfb-mobile-header-display":"","site-post-title":"","ast-breadcrumbs-content":"","ast-featured-img":"","footer-sml-layout":"","theme-transparent-header-meta":"","adv-header-id-meta":"","stick-header-meta":"","header-above-stick-meta":"","header-main-stick-meta":"","header-below-stick-meta":"","astra-migrate-meta-layouts":"set","ast-page-background-enabled":"default","ast-page-background-meta":{"desktop":{"background-color":"var(--ast-global-color-4)","background-image":"","background-repeat":"repeat","background-position":"center center","background-size":"auto","background-attachment":"scroll","background-type":"","background-media":"","overlay-type":"","overlay-color":"","overlay-opacity":"","overlay-gradient":""},"tablet":{"background-color":"","background-image":"","background-repeat":"repeat","background-position":"center center","background-size":"auto","background-attachment":"scroll","background-type":"","background-media":"","overlay-type":"","overlay-color":"","overlay-opacity":"","overlay-gradient":""},"mobile":{"background-color":"","background-image":"","background-repeat":"repeat","background-position":"center center","background-size":"auto","background-attachment":"scroll","background-type":"","background-media":"","overlay-type":"","overlay-color":"","overlay-opacity":"","overlay-gradient":""}},"ast-content-background-meta":{"desktop":{"background-color":"var(--ast-global-color-5)","background-image":"","background-repeat":"repeat","background-position":"center center","background-size":"auto","background-attachment":"scroll","background-type":"","background-media":"","overlay-type":"","overlay-color":"","overlay-opacity":"","overlay-gradient":""},"tablet":{"background-color":"var(--ast-global-color-5)","background-image":"","background-repeat":"repeat","background-position":"center center","background-size":"auto","background-attachment":"scroll","background-type":"","background-media":"","overlay-type":"","overlay-color":"","overlay-opacity":"","overlay-gradient":""},"mobile":{"background-color":"var(--ast-global-color-5)","background-image":"","background-repeat":"repeat","background-position":"center center","background-size":"auto","background-attachment":"scroll","background-type":"","background-media":"","overlay-type":"","overlay-color":"","overlay-opacity":"","overlay-gradient":""}},"footnotes":""},"class_list":["post-953","page","type-page","status-publish","hentry"],"post_mailing_queue_ids":[],"_links":{"self":[{"href":"https:\/\/agora.xtec.cat\/iesaltpenedes\/wp-json\/wp\/v2\/pages\/953","targetHints":{"allow":["GET"]}}],"collection":[{"href":"https:\/\/agora.xtec.cat\/iesaltpenedes\/wp-json\/wp\/v2\/pages"}],"about":[{"href":"https:\/\/agora.xtec.cat\/iesaltpenedes\/wp-json\/wp\/v2\/types\/page"}],"author":[{"embeddable":true,"href":"https:\/\/agora.xtec.cat\/iesaltpenedes\/wp-json\/wp\/v2\/users\/4"}],"replies":[{"embeddable":true,"href":"https:\/\/agora.xtec.cat\/iesaltpenedes\/wp-json\/wp\/v2\/comments?post=953"}],"version-history":[{"count":6,"href":"https:\/\/agora.xtec.cat\/iesaltpenedes\/wp-json\/wp\/v2\/pages\/953\/revisions"}],"predecessor-version":[{"id":3241,"href":"https:\/\/agora.xtec.cat\/iesaltpenedes\/wp-json\/wp\/v2\/pages\/953\/revisions\/3241"}],"up":[{"embeddable":true,"href":"https:\/\/agora.xtec.cat\/iesaltpenedes\/wp-json\/wp\/v2\/pages\/782"}],"wp:attachment":[{"href":"https:\/\/agora.xtec.cat\/iesaltpenedes\/wp-json\/wp\/v2\/media?parent=953"}],"curies":[{"name":"wp","href":"https:\/\/api.w.org\/{rel}","templated":true}]}}