{"id":915,"date":"2024-09-26T09:44:30","date_gmt":"2024-09-26T07:44:30","guid":{"rendered":"https:\/\/agora.xtec.cat\/iesaltpenedes\/?page_id=915"},"modified":"2024-10-14T12:03:21","modified_gmt":"2024-10-14T10:03:21","slug":"visual-i-plastica","status":"publish","type":"page","link":"https:\/\/agora.xtec.cat\/iesaltpenedes\/projecte-educatiu\/departaments\/visual-i-plastica\/","title":{"rendered":"Visual i pl\u00e0stica"},"content":{"rendered":"<h2>Mat\u00e8ries per nivells i cursos<\/h2>\n<p>1r ESO &#8211; Educaci\u00f3 pl\u00e0stica, visual i audiovisual<br \/>\n1r ESO &#8211; Optativa: Expressi\u00f3 art\u00edstica I<br \/>\n2n ESO &#8211; Educaci\u00f3 pl\u00e0stica, visual i audiovisual<br \/>\n3r ESO &#8211; Optativa: Expressi\u00f3 art\u00edstica II<br \/>\n4t ESO &#8211; Optativa: Educaci\u00f3 pl\u00e0stica, visual i audiovisual<br \/>\n1r BATXILLERAT &#8211; Dibuix t\u00e8cnic I<br \/>\n2n BATXILLERAT &#8211; Dibuix t\u00e8cnic II<\/p>\n<h2>Membres del departament<\/h2>\n<ul>\n<li>Cristina Salanova &#8211; <span data-sheets-root=\"1\">csalano2@institutaltpenedes.cat<\/span><\/li>\n<li>Joana Valls &#8211; <span data-sheets-root=\"1\">jvalls7@institutaltpenedes.cat<\/span><\/li>\n<\/ul>\n<h2>Llibres<\/h2>\n<p>Els cursos d&#8217;ESO no tenen llibre de text.<br \/>\n1r BATXILLERAT &#8211; Dibuix t\u00e8cnic 1 &#8211; Editorial Casals &#8211; ISBN 978-84-218-7487-5<br \/>\n2n BATXILLERAT &#8211; Dibuix t\u00e8cnic 2 &#8211; Editorial Casals &#8211; ISBN 978-84-218-6147-9<\/p>\n<h2>Treballs de l&#8217;alumnat<\/h2>\n<p><strong>Taller de cinema<\/strong>. Projecte Reacciona.<\/p>\n<p><img decoding=\"async\" src=\"https:\/\/463344365128478901.weebly.com\/uploads\/4\/9\/8\/1\/49816005\/image-0_orig.png\" alt=\"Foto\" \/><\/p>\n<p style=\"text-align: justify;\"><strong>Treballem amb els projectes STEAM.\u00a0<\/strong>Podeu veure una petita mostra. A l&#8217;apartat de centre\/projectes\/STEAM, trobareu m\u00e9s informaci\u00f3.<\/p>\n<p><img decoding=\"async\" src=\"https:\/\/463344365128478901.weebly.com\/uploads\/4\/9\/8\/1\/49816005\/image-1_orig.png\" alt=\"Foto\" \/><\/p>\n<p><img decoding=\"async\" src=\"https:\/\/463344365128478901.weebly.com\/uploads\/4\/9\/8\/1\/49816005\/image-2_orig.png\" alt=\"Foto\" \/><\/p>\n<h2>Enlla\u00e7os d&#8217;inter\u00e8s<\/h2>\n<p><img loading=\"lazy\" decoding=\"async\" class=\"\" src=\"https:\/\/463344365128478901.weebly.com\/uploads\/4\/9\/8\/1\/49816005\/presentblog_2_orig.jpg\" alt=\"Imagen\" width=\"305\" height=\"71\" \/><\/p>\n<p><a href=\"https:\/\/infocreativablog.blogspot.com\/\">Anar a Inform\u00e0tica<\/a><\/p>\n<p><img decoding=\"async\" src=\"https:\/\/463344365128478901.weebly.com\/uploads\/4\/9\/8\/1\/49816005\/9778063.jpg?305\" alt=\"Imagen\" \/><\/p>\n<p><a href=\"https:\/\/plasticaenblog.blogspot.com\/\">Anar a PlasticaEnBlog<\/a><\/p>\n<p>Treballs d&#8217;alumnes. links i altres informacions relacionades amb la Pl\u00e0stica, el Dibuix l&#8217;Animaci\u00f3, el C\u00f2mic, la Il\u00b7lustraci\u00f3&#8230;<\/p>\n<p><img decoding=\"async\" src=\"https:\/\/463344365128478901.weebly.com\/uploads\/4\/9\/8\/1\/49816005\/1483539.png?239\" alt=\"Imagen\" \/><\/p>\n<p><a href=\"https:\/\/blogillapis.blogspot.com\/\">Anar a Blog i Llapis<\/a><\/p>\n<p>&nbsp;<\/p>\n","protected":false},"excerpt":{"rendered":"<p>Mat\u00e8ries per nivells i cursos 1r ESO &#8211; Educaci\u00f3 pl\u00e0stica, visual i audiovisual 1r ESO &#8211; Optativa: Expressi\u00f3 art\u00edstica I [&hellip;]<\/p>\n","protected":false},"author":4,"featured_media":0,"parent":886,"menu_order":0,"comment_status":"closed","ping_status":"closed","template":"page-templates\/side-menu.php","meta":{"_bbp_topic_count":0,"_bbp_reply_count":0,"_bbp_total_topic_count":0,"_bbp_total_reply_count":0,"_bbp_voice_count":0,"_bbp_anonymous_reply_count":0,"_bbp_topic_count_hidden":0,"_bbp_reply_count_hidden":0,"_bbp_forum_subforum_count":0,"site-sidebar-layout":"default","site-content-layout":"","ast-site-content-layout":"","site-content-style":"default","site-sidebar-style":"default","ast-global-header-display":"","ast-banner-title-visibility":"","ast-main-header-display":"","ast-hfb-above-header-display":"","ast-hfb-below-header-display":"","ast-hfb-mobile-header-display":"","site-post-title":"","ast-breadcrumbs-content":"","ast-featured-img":"","footer-sml-layout":"","theme-transparent-header-meta":"","adv-header-id-meta":"","stick-header-meta":"","header-above-stick-meta":"","header-main-stick-meta":"","header-below-stick-meta":"","astra-migrate-meta-layouts":"default","ast-page-background-enabled":"default","ast-page-background-meta":{"desktop":{"background-color":"var(--ast-global-color-4)","background-image":"","background-repeat":"repeat","background-position":"center center","background-size":"auto","background-attachment":"scroll","background-type":"","background-media":"","overlay-type":"","overlay-color":"","overlay-opacity":"","overlay-gradient":""},"tablet":{"background-color":"","background-image":"","background-repeat":"repeat","background-position":"center center","background-size":"auto","background-attachment":"scroll","background-type":"","background-media":"","overlay-type":"","overlay-color":"","overlay-opacity":"","overlay-gradient":""},"mobile":{"background-color":"","background-image":"","background-repeat":"repeat","background-position":"center center","background-size":"auto","background-attachment":"scroll","background-type":"","background-media":"","overlay-type":"","overlay-color":"","overlay-opacity":"","overlay-gradient":""}},"ast-content-background-meta":{"desktop":{"background-color":"var(--ast-global-color-5)","background-image":"","background-repeat":"repeat","background-position":"center center","background-size":"auto","background-attachment":"scroll","background-type":"","background-media":"","overlay-type":"","overlay-color":"","overlay-opacity":"","overlay-gradient":""},"tablet":{"background-color":"var(--ast-global-color-5)","background-image":"","background-repeat":"repeat","background-position":"center center","background-size":"auto","background-attachment":"scroll","background-type":"","background-media":"","overlay-type":"","overlay-color":"","overlay-opacity":"","overlay-gradient":""},"mobile":{"background-color":"var(--ast-global-color-5)","background-image":"","background-repeat":"repeat","background-position":"center center","background-size":"auto","background-attachment":"scroll","background-type":"","background-media":"","overlay-type":"","overlay-color":"","overlay-opacity":"","overlay-gradient":""}},"footnotes":""},"class_list":["post-915","page","type-page","status-publish","hentry"],"post_mailing_queue_ids":[],"_links":{"self":[{"href":"https:\/\/agora.xtec.cat\/iesaltpenedes\/wp-json\/wp\/v2\/pages\/915","targetHints":{"allow":["GET"]}}],"collection":[{"href":"https:\/\/agora.xtec.cat\/iesaltpenedes\/wp-json\/wp\/v2\/pages"}],"about":[{"href":"https:\/\/agora.xtec.cat\/iesaltpenedes\/wp-json\/wp\/v2\/types\/page"}],"author":[{"embeddable":true,"href":"https:\/\/agora.xtec.cat\/iesaltpenedes\/wp-json\/wp\/v2\/users\/4"}],"replies":[{"embeddable":true,"href":"https:\/\/agora.xtec.cat\/iesaltpenedes\/wp-json\/wp\/v2\/comments?post=915"}],"version-history":[{"count":4,"href":"https:\/\/agora.xtec.cat\/iesaltpenedes\/wp-json\/wp\/v2\/pages\/915\/revisions"}],"predecessor-version":[{"id":1309,"href":"https:\/\/agora.xtec.cat\/iesaltpenedes\/wp-json\/wp\/v2\/pages\/915\/revisions\/1309"}],"up":[{"embeddable":true,"href":"https:\/\/agora.xtec.cat\/iesaltpenedes\/wp-json\/wp\/v2\/pages\/886"}],"wp:attachment":[{"href":"https:\/\/agora.xtec.cat\/iesaltpenedes\/wp-json\/wp\/v2\/media?parent=915"}],"curies":[{"name":"wp","href":"https:\/\/api.w.org\/{rel}","templated":true}]}}