{"id":910,"date":"2024-09-26T09:43:45","date_gmt":"2024-09-26T07:43:45","guid":{"rendered":"https:\/\/agora.xtec.cat\/iesaltpenedes\/?page_id=910"},"modified":"2025-12-12T12:33:57","modified_gmt":"2025-12-12T11:33:57","slug":"orientacio","status":"publish","type":"page","link":"https:\/\/agora.xtec.cat\/iesaltpenedes\/projecte-educatiu\/departaments\/orientacio\/","title":{"rendered":"Socials"},"content":{"rendered":"<h1>Departament de Filosofia, Ci\u00e8ncies Socials i Religi\u00f3<\/h1>\n<h2>Professorat 2024-25<\/h2>\n<ul>\n<li>\n<figure style=\"width: 392px\" class=\"wp-caption alignright\"><img loading=\"lazy\" decoding=\"async\" class=\"\" src=\"https:\/\/463344365128478901.weebly.com\/uploads\/4\/9\/8\/1\/49816005\/editor\/689859456.jpg?1518784475\" alt=\"Safo de Lesbos: poetessa l\u00edrica grega, nascuda a Eressos cap al 640 a. C.\" width=\"392\" height=\"220\" \/><figcaption class=\"wp-caption-text\">Safo de Lesbos: poetessa l\u00edrica grega, nascuda a Eressos cap al 640 a. C.<\/figcaption><\/figure>\n<p>\u200bJoan Marc Blanch (Maria Garcia) (socials) &#8211; <span data-sheets-root=\"1\">jblanc13@institutaltpenedes.cat<\/span><\/li>\n<li>Joana Ferr\u00e9 (socials) &#8211; <span data-sheets-root=\"1\">jferr108@institutaltpenedes.cat<\/span><\/li>\n<li>Carles Rovira &#8211; crovir10@institutaltpenedes.cat<\/li>\n<li>Mireia Mestre &#8211; mmestr19@institutaltpenedes.cat<\/li>\n<li>Mar\u00e7al Llopart (filosofia) &#8211; <span data-sheets-root=\"1\">mllopa11@institutaltpenedes.cat<\/span><\/li>\n<li>\u200bPaulina Pladelasala (socials) &#8211; <span data-sheets-root=\"1\">ppladela@institutaltpenedes.cat<\/span><\/li>\n<li>Josep Pradas (filosofia) &#8211; <span data-sheets-root=\"1\">jpradas5@institutaltpenedes.cat<\/span><\/li>\n<li>\u200bCarles Rivas (religi\u00f3) &#8211; <span data-sheets-root=\"1\">crivas1@institutaltpenedes.cat<\/span><\/li>\n<li>Agust\u00ed Guisasola &#8211; aguisado@institutaltpenedes.cat<\/li>\n<\/ul>\n<h2>Mat\u00e8ries 2024-2025<\/h2>\n<p><strong><u><span style=\"color: #81c94c;\">ESO<\/span><\/u><br \/>\n<span style=\"color: #d061c7;\">1r \u00a0 Ci\u00e8ncies Socials Geografia i Hist\u00f2ria<\/span><\/strong><\/p>\n<p><strong><span style=\"color: #d061c7;\">2n \u00a0Ci\u00e8ncies Socials Geografia i Hist\u00f2ria<\/span><\/strong><\/p>\n<p>2n optativa: M\u00f3n cl\u00e0ssic<\/p>\n<p><strong><span style=\"color: #d061c7;\">3r \u00a0Ci\u00e8ncies Socials Geografia i Hist\u00f2ria<\/span><\/strong><\/p>\n<p>3r optativa: Emprenedoria<\/p>\n<p>3r optativa: Cultura Cl\u00e0ssica<\/p>\n<p><strong><span style=\"color: #d061c7;\">4t \u00a0Ci\u00e8ncies Socials Geografia i Hist\u00f2ria<\/span><\/strong><\/p>\n<p><strong><span style=\"color: #d061c7;\">4t Servei Comunitari:<br \/>\n&#8211;<em>Buchenwald<\/em><br \/>\n-Casal d&#8217;avis<br \/>\n-L&#8217;Espiga<br \/>\n&#8211;<em>Labdoo<\/em><\/span><\/strong><br \/>\n<strong><span style=\"color: #d061c7;\">&#8211;<\/span><\/strong><strong><span style=\"color: #d061c7;\">Rebost Solidari<\/span><\/strong><\/p>\n<p><strong><span style=\"color: #d061c7;\">4t optativa: Filosofia<\/span><\/strong><\/p>\n<p><u><strong><span style=\"color: #81c94c;\">BATXILLERAT<\/span><\/strong><\/u><\/p>\n<p><span style=\"color: #81c94c;\"><u><strong>1r curs<\/strong><\/u><\/span><br \/>\n<strong><span style=\"color: #ae40a5;\">Ciutadania, po\u00edtica i dret (optativa trimestral)<\/span><\/strong><\/p>\n<p>Filosofia (anual)<\/p>\n<p><strong><span style=\"color: #ae40a5;\">Hist\u00f2ria del M\u00f3n Contemporani<\/span><\/strong><\/p>\n<p><strong><span style=\"color: #ae40a5;\">Taller d&#8217;Hist\u00f2ria\u00a0(optativa trimestral)<\/span><\/strong><\/p>\n<p>Problem\u00e0tiques socials\u00a0(optativa trimestral)<\/p>\n<p>Psicologia (anual)<\/p>\n<p><u><strong><span style=\"color: #81c94c;\">2n curs<\/span><\/strong><\/u><br \/>\n<strong><span style=\"color: #ae40a5;\">Hist\u00f2ria d&#8217;Espanya (anual)<\/span><\/strong><\/p>\n<p>Hist\u00f2ria de l&#8217;Art (anual)<\/p>\n<p>Hist\u00f2ria de la Filosofia (anual)<\/p>\n<p>Geografia (anual)<\/p>\n<p><span style=\"color: #ae40a5;\"><strong>ODS\u00a0<\/strong><\/span><strong><span style=\"color: #ae40a5;\">(optativa trimestral)<\/span><\/strong><\/p>\n<h2>Llibres 2024-2025<\/h2>\n<p><strong><span style=\"color: #8c48b7;\"><u>LLIBRES DE TEXT<\/u>:<\/span><\/strong><br \/>\n<span style=\"color: #81c94c; font-size: medium;\"><strong><u>ESO<\/u><\/strong><\/span><br \/>\n<strong><span style=\"color: #ae40a5;\">1r: AA.VV,\u00a0<em>Geografia i Hist\u00f2ria,\u00a0<\/em>Editorial Vicens Vives<\/span><\/strong><br \/>\n<strong><span style=\"color: #b073da;\">978-84-682-8405-7<\/span><\/strong><\/p>\n<p><span style=\"color: #ae40a5;\">2n: AA.VV,\u00a0<em>Geografia i Hist\u00f2ria,\u00a0<\/em>Editorial Vicens Vives<\/span><br \/>\n<span style=\"color: #b073da;\">978-84-682-9391-2<\/span><\/p>\n<p><strong><span style=\"color: #ae40a5;\">3r : AA.VV,\u00a0<em>Geografia i Hist\u00f2ria,\u00a0<\/em>Editorial Vicens Vives<\/span><\/strong><br \/>\n<strong><span style=\"color: #b073da;\">978-84-682-8584-9<\/span><\/strong><\/p>\n<p><strong><span style=\"color: #ae40a5;\">4t: AA.VV,\u00a0<em>Geografia i Hist\u00f2ria,\u00a0<\/em>Editorial Vicens Vives<\/span><\/strong><br \/>\n<strong><span style=\"color: #b073da;\">978-84-682-9508-4<\/span><\/strong><\/p>\n<p><u><strong><span style=\"color: #81c94c;\">1r Batxillerat<\/span><\/strong><\/u><br \/>\n<strong><span style=\"color: #ae40a5;\">AA.VV,\u00a0<em>Hist\u00f2ria del M\u00f3n Contemporani<\/em>. Editorial Vicens<\/span><br \/>\n<span style=\"color: #b073da;\">978-84-682-8587-0<\/span><\/strong>\u200b<\/p>\n<p><u><strong><span style=\"color: #81c94c;\">2n Batxillertat<\/span><\/strong><\/u><br \/>\n<strong><span style=\"color: #ae40a5;\">AA.VV,\u00a0<em>Hist\u00f2ria de l&#8217;art<\/em>. Editorial Vicens Vives<\/span><\/strong><br \/>\n<strong><span style=\"color: #b073da;\">978-84-682-9575-6<\/span><\/strong><\/p>\n<p><strong><span style=\"color: #ae40a5;\">AA.VV,\u00a0\u00a0<em>Hist\u00f2ria<\/em>\u00a0. Editorial Vicens Vives<\/span><\/strong><br \/>\n<strong><span style=\"color: #b073da;\">978-84-682-9569-5<\/span><\/strong><\/p>\n<p><strong><span style=\"color: #ae40a5;\">AA.VV,\u00a0<em>Geografia<\/em>. Editorial Vicens Vives<\/span><\/strong>\u200b<br \/>\n<strong><span style=\"color: #b073da;\">978-84-682-3608-7<\/span><\/strong><\/p>\n<p><strong><span style=\"color: #8c48b7;\"><u>LLIBRES DE LECTURA<\/u>:<\/span><\/strong><br \/>\n<strong><span style=\"color: #81c94c;\">CCSS &#8211; 1r ESO:<\/span><br \/>\n<span style=\"color: #ae40a5;\">Ovidi:\u00a0<em>Metamorfosis<\/em>, editorial Vicens Vives<\/span><br \/>\n<span style=\"color: #b073da;\">978-84-316-9696-2<\/span><\/strong><\/p>\n<p><span style=\"color: #81c94c;\">CCSS &#8211;\u00a02n\u00a0 ESO:\u00a0<\/span><br \/>\n<span style=\"color: #ae40a5;\">VVAA:\u00a0<em>Marco Polo. La ruta de les meravelles<\/em>,<br \/>\neditorial Vicens Vives<\/span><br \/>\n<strong><span style=\"color: #b073da;\">978-84-316-7173-0<\/span><\/strong><\/p>\n<p><strong><span style=\"color: #81c94c;\">CCSS &#8211;\u00a0<\/span><\/strong><strong><span style=\"color: #81c94c;\">4t ESO:<\/span><br \/>\n<span style=\"color: #ae40a5;\">ROCA, Pau i TERRASA, Rodrigo:\u00a0<em>El abismo del olvido<\/em>, editorial Astiberri.<\/span><br \/>\n<span style=\"color: #b073da;\">978-84-196-7022-9<\/span><\/strong><\/p>\n<p><span style=\"color: #81c94c;\">HIST\u00d2RIA D&#8217;ESPANYA &#8211; 2n BATXILLERAT:<\/span><br \/>\n<span style=\"color: #ae40a5;\">SOLER, Jordi:\u00a0<em>Rojos de ultramar<\/em>\u00a0(online)<\/span><\/p>\n<h2>Llocs d&#8217;inter\u00e8s<\/h2>\n<p><a href=\"https:\/\/www.bonart.cat\/ca\">BONART<\/a><\/p>\n<p><a href=\"https:\/\/www.descubrirelarte.es\/\">DESCOBRIR EL ARTE<\/a><\/p>\n<p><a href=\"https:\/\/mapasinteractivos.didactalia.net\/comunidad\/mapasflashinteractivos\">MAPES INTERACTIUS<\/a><\/p>\n<p><a href=\"https:\/\/historia.nationalgeographic.com.es\/\">NATIONAL GEOGRAPHIC<\/a><\/p>\n<p><a href=\"https:\/\/www.sapiens.cat\/\">SAPIENS<\/a><\/p>\n<h2>Sortides del curs 22-23<\/h2>\n<h3>Tarragona Romana per a 1r d&#8217;ESO<\/h3>\n<p><img decoding=\"async\" class=\"alignleft\" src=\"https:\/\/463344365128478901.weebly.com\/uploads\/4\/9\/8\/1\/49816005\/published\/tarraco-1.png?1687422312\" alt=\"Foto\" \/>Sortida esperada al maig (com un raig) a la Tarraco romana. Gaireb\u00e9 tot l\u2019alumnat de 1r d\u2019ESO hi va venir, parlem d\u2019uns 100 alumnes.<br \/>\nA les 09.30h \u00e9rem a Tarragona esmorzant i a punt de comen\u00e7ar amb for\u00e7a puntualitat una ruta per les muralles i les restes de l\u2019antiga Tarraco. En aquest cas, Itinere la empresa encarregada va dividir l\u2019alumnat en diferents grups amb un professor del centre acompanyant i un monitor que feia de Cicerone impartint les explicacions oportunes.<br \/>\nDividits vam seguir el mateix recorregut: muralles romanes fins a la Catedral de la ciutat, davallada pels carrers de Tarragona, el circ i finalitzaci\u00f3 a l\u2019Amfiteatre. Havent acabat l\u2019itinerari vam poder menjar i entre migdia i tarda fer la darrera visita al Museu del Port on comptem amb una exposici\u00f3 de les troballes arqueol\u00f2giques de la mateixa Tarraco. Exposades temporalment per tancament del Museu Nacional Arqueol\u00f2gic. El recorregut pels passadissos ens va donar una clara idea de la vida quotidiana dels tarragonins de la Tarragona romana.<\/p>\n<p><img decoding=\"async\" src=\"https:\/\/463344365128478901.weebly.com\/uploads\/4\/9\/8\/1\/49816005\/published\/tarraco-2.png?1687422376\" alt=\"Foto\" \/> <img decoding=\"async\" src=\"https:\/\/463344365128478901.weebly.com\/uploads\/4\/9\/8\/1\/49816005\/published\/tarraco-3.png?1687422447\" alt=\"Foto\" \/><\/p>\n<h3>Castell de Claramunt per a 2n d&#8217;ESO<\/h3>\n<p><img decoding=\"async\" class=\"alignleft\" src=\"https:\/\/463344365128478901.weebly.com\/uploads\/4\/9\/8\/1\/49816005\/published\/claramunt-4.png?1687424188\" alt=\"Foto\" \/>Amb els alumnes de 2n d\u2019ESO hem anat a visitar el castell de Claramunt (La Torre de Claramunt, Anoia), un castell del segle X que ens ensenya com era el feudalisme a Catalunya. All\u00e0 hem pogut entendre el funcionament de la Marca Hisp\u00e0nica, el paper de l\u2019Esgl\u00e9sia dins la societat, com es defensaven els castells, la relaci\u00f3 entre comtats, com van evolucionar els castells a l\u2019\u00e8poca moderna\u2026!<\/p>\n<p><img decoding=\"async\" src=\"https:\/\/463344365128478901.weebly.com\/uploads\/4\/9\/8\/1\/49816005\/claramunt-2_orig.png\" alt=\"Foto\" \/> <img decoding=\"async\" src=\"https:\/\/463344365128478901.weebly.com\/uploads\/4\/9\/8\/1\/49816005\/claramunt-3_orig.png\" alt=\"Foto\" \/><\/p>\n<h3>El Born per a 2n d&#8217;ESO<\/h3>\n<p>Amb els alumnes de 2n d\u2019ESO hem anat a visitar el jaciment del Born i a fer una ruta hist\u00f2rica per Barcelona, tot visitant el passeig del Born, Santa Maria del Mar o pla\u00e7a Sant Jaume.<br \/>\nAquesta excursi\u00f3 ha estat molt interessant per analitzar amb primera persona com era la ciutat en \u00e8poca moderna; com eren els carrers, les cases, la gent que hi vivia, les places i els costums! Una visita molt recomanable!<\/p>\n<p><img decoding=\"async\" src=\"https:\/\/463344365128478901.weebly.com\/uploads\/4\/9\/8\/1\/49816005\/published\/born-2.png?1687424024\" alt=\"Foto\" \/> <img decoding=\"async\" src=\"https:\/\/463344365128478901.weebly.com\/uploads\/4\/9\/8\/1\/49816005\/published\/born-1.png?1687424031\" alt=\"Foto\" \/><\/p>\n<h3>MNAC per a 2n de Batxillerat<\/h3>\n<h3>Cam\u00ed a l&#8217;Exili: Fran\u00e7a per a 2n de Batxillerat<\/h3>\n<h2>Efem\u00e8rides<\/h2>\n<h3 class=\"wsite-content-title\"><span style=\"color: #3f3f3f;\">El 12 de juny de 1929 naixia una icona de l&#8217;holocaust alemany: <\/span><span style=\"color: #da4444;\">Annelies Mary Frank<\/span><\/h3>\n<p><img decoding=\"async\" src=\"https:\/\/463344365128478901.weebly.com\/uploads\/4\/9\/8\/1\/49816005\/zoom-video-header-still-landingspagina-in-het-kort-jpg-1280x1280-q85-subsampling-2_orig.jpg\" alt=\"Imagen\" \/><\/p>\n","protected":false},"excerpt":{"rendered":"<p>Departament de Filosofia, Ci\u00e8ncies Socials i Religi\u00f3 Professorat 2024-25 \u200bJoan Marc Blanch (Maria Garcia) (socials) &#8211; jblanc13@institutaltpenedes.cat Joana Ferr\u00e9 (socials) [&hellip;]<\/p>\n","protected":false},"author":4,"featured_media":0,"parent":886,"menu_order":0,"comment_status":"closed","ping_status":"closed","template":"","meta":{"_bbp_topic_count":0,"_bbp_reply_count":0,"_bbp_total_topic_count":0,"_bbp_total_reply_count":0,"_bbp_voice_count":0,"_bbp_anonymous_reply_count":0,"_bbp_topic_count_hidden":0,"_bbp_reply_count_hidden":0,"_bbp_forum_subforum_count":0,"site-sidebar-layout":"default","site-content-layout":"","ast-site-content-layout":"default","site-content-style":"default","site-sidebar-style":"default","ast-global-header-display":"","ast-banner-title-visibility":"","ast-main-header-display":"","ast-hfb-above-header-display":"","ast-hfb-below-header-display":"","ast-hfb-mobile-header-display":"","site-post-title":"","ast-breadcrumbs-content":"","ast-featured-img":"","footer-sml-layout":"","theme-transparent-header-meta":"","adv-header-id-meta":"","stick-header-meta":"","header-above-stick-meta":"","header-main-stick-meta":"","header-below-stick-meta":"","astra-migrate-meta-layouts":"set","ast-page-background-enabled":"default","ast-page-background-meta":{"desktop":{"background-color":"var(--ast-global-color-4)","background-image":"","background-repeat":"repeat","background-position":"center center","background-size":"auto","background-attachment":"scroll","background-type":"","background-media":"","overlay-type":"","overlay-color":"","overlay-opacity":"","overlay-gradient":""},"tablet":{"background-color":"","background-image":"","background-repeat":"repeat","background-position":"center center","background-size":"auto","background-attachment":"scroll","background-type":"","background-media":"","overlay-type":"","overlay-color":"","overlay-opacity":"","overlay-gradient":""},"mobile":{"background-color":"","background-image":"","background-repeat":"repeat","background-position":"center center","background-size":"auto","background-attachment":"scroll","background-type":"","background-media":"","overlay-type":"","overlay-color":"","overlay-opacity":"","overlay-gradient":""}},"ast-content-background-meta":{"desktop":{"background-color":"var(--ast-global-color-5)","background-image":"","background-repeat":"repeat","background-position":"center center","background-size":"auto","background-attachment":"scroll","background-type":"","background-media":"","overlay-type":"","overlay-color":"","overlay-opacity":"","overlay-gradient":""},"tablet":{"background-color":"var(--ast-global-color-5)","background-image":"","background-repeat":"repeat","background-position":"center center","background-size":"auto","background-attachment":"scroll","background-type":"","background-media":"","overlay-type":"","overlay-color":"","overlay-opacity":"","overlay-gradient":""},"mobile":{"background-color":"var(--ast-global-color-5)","background-image":"","background-repeat":"repeat","background-position":"center center","background-size":"auto","background-attachment":"scroll","background-type":"","background-media":"","overlay-type":"","overlay-color":"","overlay-opacity":"","overlay-gradient":""}},"footnotes":""},"class_list":["post-910","page","type-page","status-publish","hentry"],"post_mailing_queue_ids":[],"_links":{"self":[{"href":"https:\/\/agora.xtec.cat\/iesaltpenedes\/wp-json\/wp\/v2\/pages\/910","targetHints":{"allow":["GET"]}}],"collection":[{"href":"https:\/\/agora.xtec.cat\/iesaltpenedes\/wp-json\/wp\/v2\/pages"}],"about":[{"href":"https:\/\/agora.xtec.cat\/iesaltpenedes\/wp-json\/wp\/v2\/types\/page"}],"author":[{"embeddable":true,"href":"https:\/\/agora.xtec.cat\/iesaltpenedes\/wp-json\/wp\/v2\/users\/4"}],"replies":[{"embeddable":true,"href":"https:\/\/agora.xtec.cat\/iesaltpenedes\/wp-json\/wp\/v2\/comments?post=910"}],"version-history":[{"count":4,"href":"https:\/\/agora.xtec.cat\/iesaltpenedes\/wp-json\/wp\/v2\/pages\/910\/revisions"}],"predecessor-version":[{"id":3313,"href":"https:\/\/agora.xtec.cat\/iesaltpenedes\/wp-json\/wp\/v2\/pages\/910\/revisions\/3313"}],"up":[{"embeddable":true,"href":"https:\/\/agora.xtec.cat\/iesaltpenedes\/wp-json\/wp\/v2\/pages\/886"}],"wp:attachment":[{"href":"https:\/\/agora.xtec.cat\/iesaltpenedes\/wp-json\/wp\/v2\/media?parent=910"}],"curies":[{"name":"wp","href":"https:\/\/api.w.org\/{rel}","templated":true}]}}