{"id":908,"date":"2024-09-26T09:43:33","date_gmt":"2024-09-26T07:43:33","guid":{"rendered":"https:\/\/agora.xtec.cat\/iesaltpenedes\/?page_id=908"},"modified":"2024-10-14T10:12:11","modified_gmt":"2024-10-14T08:12:11","slug":"musica","status":"publish","type":"page","link":"https:\/\/agora.xtec.cat\/iesaltpenedes\/projecte-educatiu\/departaments\/musica\/","title":{"rendered":"M\u00fasica"},"content":{"rendered":"<p>Aquest curs, l&#8217;assignatura de m\u00fasica es treballa a 1r d&#8217;ESO i a 3r d&#8217;ESO, com a cr\u00e8dit com\u00fa.<\/p>\n<p>L&#8217;objectiu \u00e9s que els alumnes adquereixin una vultura m\u00fasical b\u00e0sica, coneixin el llenguatge musical, el pguin interpretar, aprenguin a escoltar m\u00fasica i valorin positivament l&#8217;art musical.<\/p>\n<p>Tamb\u00e9 hi ha cr\u00e8dits variables a 2n i 4t d&#8217;ESO.<\/p>\n<p>Aqu\u00ed podeu veure i escoltar alguna de les activitats que realitzem al llarg del curs.<\/p>\n<table style=\"border-collapse: collapse; width: 100%;\">\n<tbody>\n<tr>\n<td style=\"width: 33.3333%;\"><img loading=\"lazy\" decoding=\"async\" class=\"alignnone\" src=\"https:\/\/463344365128478901.weebly.com\/uploads\/4\/9\/8\/1\/49816005\/3045857_orig.jpg\" alt=\"\" width=\"660\" height=\"1100\" \/><\/td>\n<td colspan=\"2\"><img decoding=\"async\" src=\"https:\/\/463344365128478901.weebly.com\/uploads\/4\/9\/8\/1\/49816005\/8751426_orig.jpg\" \/><\/td>\n<\/tr>\n<tr>\n<td style=\"width: 33.3333%;\" colspan=\"3\">Els alumnes de 4rt. Han fet un treball per recordar a David Bowie.<\/td>\n<\/tr>\n<\/tbody>\n<\/table>\n<p>A classe hem comentat els seg\u00fcents v\u00eddeos:<\/p>\n<ul>\n<li><a href=\"https:\/\/www.youtube.com\/watch?v=lnBwJQnHH8o\">Madona &#8211; Rebel Rebel<\/a><\/li>\n<li><a href=\"https:\/\/www.youtube.com\/watch?v=8WATgU5PduE\">Seguiremos &#8211; Hospital Sant Joan de D\u00e9u i Macaco<\/a><\/li>\n<\/ul>\n<p>Professora: Menxu Dom\u00e8nech &#8211; mdomen52@institutaltpenedes.cat<\/p>\n","protected":false},"excerpt":{"rendered":"<p>Aquest curs, l&#8217;assignatura de m\u00fasica es treballa a 1r d&#8217;ESO i a 3r d&#8217;ESO, com a cr\u00e8dit com\u00fa. L&#8217;objectiu \u00e9s [&hellip;]<\/p>\n","protected":false},"author":4,"featured_media":0,"parent":886,"menu_order":0,"comment_status":"closed","ping_status":"closed","template":"page-templates\/side-menu.php","meta":{"_bbp_topic_count":0,"_bbp_reply_count":0,"_bbp_total_topic_count":0,"_bbp_total_reply_count":0,"_bbp_voice_count":0,"_bbp_anonymous_reply_count":0,"_bbp_topic_count_hidden":0,"_bbp_reply_count_hidden":0,"_bbp_forum_subforum_count":0,"site-sidebar-layout":"default","site-content-layout":"","ast-site-content-layout":"","site-content-style":"default","site-sidebar-style":"default","ast-global-header-display":"","ast-banner-title-visibility":"","ast-main-header-display":"","ast-hfb-above-header-display":"","ast-hfb-below-header-display":"","ast-hfb-mobile-header-display":"","site-post-title":"","ast-breadcrumbs-content":"","ast-featured-img":"","footer-sml-layout":"","theme-transparent-header-meta":"","adv-header-id-meta":"","stick-header-meta":"","header-above-stick-meta":"","header-main-stick-meta":"","header-below-stick-meta":"","astra-migrate-meta-layouts":"default","ast-page-background-enabled":"default","ast-page-background-meta":{"desktop":{"background-color":"var(--ast-global-color-4)","background-image":"","background-repeat":"repeat","background-position":"center center","background-size":"auto","background-attachment":"scroll","background-type":"","background-media":"","overlay-type":"","overlay-color":"","overlay-opacity":"","overlay-gradient":""},"tablet":{"background-color":"","background-image":"","background-repeat":"repeat","background-position":"center center","background-size":"auto","background-attachment":"scroll","background-type":"","background-media":"","overlay-type":"","overlay-color":"","overlay-opacity":"","overlay-gradient":""},"mobile":{"background-color":"","background-image":"","background-repeat":"repeat","background-position":"center center","background-size":"auto","background-attachment":"scroll","background-type":"","background-media":"","overlay-type":"","overlay-color":"","overlay-opacity":"","overlay-gradient":""}},"ast-content-background-meta":{"desktop":{"background-color":"var(--ast-global-color-5)","background-image":"","background-repeat":"repeat","background-position":"center center","background-size":"auto","background-attachment":"scroll","background-type":"","background-media":"","overlay-type":"","overlay-color":"","overlay-opacity":"","overlay-gradient":""},"tablet":{"background-color":"var(--ast-global-color-5)","background-image":"","background-repeat":"repeat","background-position":"center center","background-size":"auto","background-attachment":"scroll","background-type":"","background-media":"","overlay-type":"","overlay-color":"","overlay-opacity":"","overlay-gradient":""},"mobile":{"background-color":"var(--ast-global-color-5)","background-image":"","background-repeat":"repeat","background-position":"center center","background-size":"auto","background-attachment":"scroll","background-type":"","background-media":"","overlay-type":"","overlay-color":"","overlay-opacity":"","overlay-gradient":""}},"footnotes":""},"class_list":["post-908","page","type-page","status-publish","hentry"],"post_mailing_queue_ids":[],"_links":{"self":[{"href":"https:\/\/agora.xtec.cat\/iesaltpenedes\/wp-json\/wp\/v2\/pages\/908","targetHints":{"allow":["GET"]}}],"collection":[{"href":"https:\/\/agora.xtec.cat\/iesaltpenedes\/wp-json\/wp\/v2\/pages"}],"about":[{"href":"https:\/\/agora.xtec.cat\/iesaltpenedes\/wp-json\/wp\/v2\/types\/page"}],"author":[{"embeddable":true,"href":"https:\/\/agora.xtec.cat\/iesaltpenedes\/wp-json\/wp\/v2\/users\/4"}],"replies":[{"embeddable":true,"href":"https:\/\/agora.xtec.cat\/iesaltpenedes\/wp-json\/wp\/v2\/comments?post=908"}],"version-history":[{"count":4,"href":"https:\/\/agora.xtec.cat\/iesaltpenedes\/wp-json\/wp\/v2\/pages\/908\/revisions"}],"predecessor-version":[{"id":1154,"href":"https:\/\/agora.xtec.cat\/iesaltpenedes\/wp-json\/wp\/v2\/pages\/908\/revisions\/1154"}],"up":[{"embeddable":true,"href":"https:\/\/agora.xtec.cat\/iesaltpenedes\/wp-json\/wp\/v2\/pages\/886"}],"wp:attachment":[{"href":"https:\/\/agora.xtec.cat\/iesaltpenedes\/wp-json\/wp\/v2\/media?parent=908"}],"curies":[{"name":"wp","href":"https:\/\/api.w.org\/{rel}","templated":true}]}}