{"id":906,"date":"2024-09-26T09:43:19","date_gmt":"2024-09-26T07:43:19","guid":{"rendered":"https:\/\/agora.xtec.cat\/iesaltpenedes\/?page_id=906"},"modified":"2025-12-12T12:31:45","modified_gmt":"2025-12-12T11:31:45","slug":"mecanitzacio-i-mecatronica","status":"publish","type":"page","link":"https:\/\/agora.xtec.cat\/iesaltpenedes\/projecte-educatiu\/departaments\/mecanitzacio-i-mecatronica\/","title":{"rendered":"Mecanitzaci\u00f3 i mecatr\u00f2nica"},"content":{"rendered":"<p><img decoding=\"async\" src=\"https:\/\/463344365128478901.weebly.com\/uploads\/4\/9\/8\/1\/49816005\/editor\/4-logos_1.jpg\" alt=\"Imagen\" \/><\/p>\n<h2>Professorat<\/h2>\n<ul>\n<li>CAP DE DEPARTAMENT DE MECANITZACI\u00d3:\n<ul>\n<li>Imar Pena &#8211; <span data-sheets-root=\"1\">ipen4@institutalepenedes.cat<\/span><\/li>\n<\/ul>\n<\/li>\n<li>CAP DE DEPARTAMENT DE MECATR\u00d2NICA:\n<ul>\n<li>Jaume Ala\u00f1a &#8211; <span data-sheets-root=\"1\">malana@institutalepenedes.cat<\/span><\/li>\n<\/ul>\n<\/li>\n<li>PROFESSORAT:\n<ul>\n<li>Felip Mart\u00edn &#8211; <span data-sheets-root=\"1\">fmarti92@institutalepenedes.cat<\/span><\/li>\n<li>Ramon Miserachs &#8211; <span data-sheets-root=\"1\">rmiserac@institutalepenedes.cat<\/span><\/li>\n<li>Josep Raich &#8211; jraich2@institutaltpenedes.cat<\/li>\n<li>Assumpta Roca &#8211; <span data-sheets-root=\"1\">aroca227@institutalepenedes.cat<\/span><\/li>\n<li>Xavier Insa Batalla &#8211; xinsa@institutaltpenedes.cat<\/li>\n<li>Agust\u00ed Aspa &#8211; aaspa@institutaltpenedes.cat<\/li>\n<li>Juan Enrique S\u00e1nchez &#8211; jsanc169@institutaltpenedes.cat<\/li>\n<\/ul>\n<\/li>\n<\/ul>\n<h2>Ultimes not\u00edcies<\/h2>\n<h3>ORIENTACI\u00d3 LABORAL DELS ALUMNES DE CFGM I CFGS<\/h3>\n<p>Els alumnes de 1r de Grau Mitj\u00e0 de Mecanitzaci\u00f3 i de 1r de Grau Superior de Mecatr\u00f2nica Industrial van descobrir aquest inici de febrer les oportunitats laborals a l&#8217;Oficina Municipal de Treball de Vilafranca del Pened\u00e8s.<\/p>\n<p>L&#8217;Oficina Municipal de Treball, un recurs gestionat per l&#8217;Ajuntament de Vilafranca, ofereix una varietat de serveis gratu\u00efts per ajudar les persones a trobar feina. Mitjan\u00e7ant el servei PIDCES es busca donar a con\u00e8ixer els recursos disponibles i facilitar l&#8217;acc\u00e9s a tots els estudiants<\/p>\n<p>Ubicada a la pla\u00e7a Pened\u00e8s, l&#8217;oficina proporciona orientaci\u00f3 laboral, assessorament t\u00e8cnic i acc\u00e9s a la borsa de treball Xarxa Xaloc, de la Diputaci\u00f3 de Barcelona. A m\u00e9s, ofereix formacions ocupacionals en diverses \u00e0rees, aportant una \u00e0mplia gamma d&#8217;oportunitats educatives i professionals.<\/p>\n<p>Una de les caracter\u00edstiques destacades de la borsa de treball Xaloc \u00e9s el seu proc\u00e9s d&#8217;inscripci\u00f3 presencial, on es realitza una entrevista personalitzada per avaluar el perfil professional dels candidats i facilitar la seva connexi\u00f3 amb les empreses.<\/p>\n<p>El contacte directe amb instituts com aquest garanteix una difusi\u00f3 efica\u00e7 de les ofertes de treball i formaci\u00f3 entre els estudiants i exalumnes.<\/p>\n<p>\u00c9s essencial con\u00e8ixer i diferenciar els recursos disponibles a l&#8217;Oficina Municipal de Treball, destacant-ne la seva funci\u00f3 complement\u00e0ria amb altres entitats, com el Centre de Promoci\u00f3 Econ\u00f2mica (CPE) i el SOC, amb l&#8217;objectiu de proporcionar un suport integral per a la recerca d&#8217;ocupaci\u00f3 i formaci\u00f3 a la prov\u00edncia de Vilafranca.<\/p>\n<div id=\"958392670469535496-imageContainer0\">\n<div id=\"958392670469535496-insideImageContainer0\">\n<div class=\"galleryImageHolder\">\n<div class=\"galleryInnerImageHolder\"><a class=\"w-fancybox\" href=\"https:\/\/463344365128478901.weebly.com\/uploads\/4\/9\/8\/1\/49816005\/whatsapp-image-2024-02-08-at-09-27-16-1_orig.jpeg\" rel=\"lightbox[gallery958392670469535496]\"><img decoding=\"async\" class=\"galleryImage\" src=\"https:\/\/463344365128478901.weebly.com\/uploads\/4\/9\/8\/1\/49816005\/whatsapp-image-2024-02-08-at-09-27-16-1.jpeg\" \/><\/a><\/div>\n<\/div>\n<\/div>\n<\/div>\n<div class=\"galleryInnerImageHolder\"><\/div>\n<div><\/div>\n<h3>Cloenda de la III\u00aa promoci\u00f3 d&#8217;FP DUAL\u00a0<em>GEDIA ESPA\u00d1A SL <\/em>&#8211; Institut Alt Pened\u00e8s<\/h3>\n<p>El dimecres 6 de juny de 2019 va tenir lloc a l\u2019empresa GEDIA ESPA\u00d1A SL de Santa Margarida i els Monjos, l\u2019acte de la tercera promoci\u00f3 de l\u2019FP dual dels cicles d\u2019Automatitzaci\u00f3 i Rob\u00f2tica Industrial i de Programaci\u00f3 de la Producci\u00f3 en Fabricaci\u00f3 Mec\u00e0nica de l\u2019Institut Alt Pened\u00e8s.<br \/>\nAquest any, a difer\u00e8ncia dels anteriors, l\u2019acte s\u2019ha realitzat en format de taula rodona. Aix\u00ed s\u2019ha donat veu a totes les parts: el Gerent de l\u2019empresa, la Directora de Recursos Humans, el Cap d\u2019estudis de Cicles Formatius de l\u2019Institut Alt Pened\u00e8s, els tutors d\u2019empresa i els alumnes de l\u2019FP Dual.<br \/>\nAquest curs han finalitzat sis alumnes dels quals quatre han estat contractats com a personal qualificat per l\u2019empresa. Al finalitzar l\u2019acte es va oferir un servei de c\u00e0tering, on tothom va poder intercanviar experi\u00e8ncies.<\/p>\n<h2>Visita a l&#8217;empresa AUDI TOOLING<\/h2>\n<p>El passat 19 d&#8217;abril de 2018 vam visitar amb els alumnes l&#8217;empresa Audi Tooling.<br \/>\n\u200bEns van fer una introducci\u00f3 de l&#8217;empresa i posteriorment una visita guiada per les seves instal\u00b7lacions.<br \/>\n\u200bCal destacar que la cap de RRHH va remarcar la import\u00e0ncia d&#8217;estudiar el Grau Superior de Programaci\u00f3 de la Producci\u00f3 en Fabricaci\u00f3 Mec\u00e0nica per accedir com a treballador a la seva plantilla.<\/p>\n<h3 class=\"wsite-content-title\"><span style=\"font-size: large;\">NOUS TORNS CONVENCIONALS\u00a0<em>PINACHO<\/em><\/span><\/h3>\n<div class=\"paragraph\">Seguint en la l\u00ednia d&#8217;actualitzaci\u00f3 de la maquin\u00e0ria del taller mec\u00e0nic, actualment ja disposem de 3 nous torns convencionals de la marca\u00a0<em>Pinacho<\/em>.<\/div>\n<div>\n<div class=\"wsite-image wsite-image-border-none \"><a><img decoding=\"async\" src=\"https:\/\/463344365128478901.weebly.com\/uploads\/4\/9\/8\/1\/49816005\/20180323-172038_orig.jpg\" alt=\"Imagen\" \/><\/a><\/div>\n<\/div>\n<div><\/div>\n<div><\/div>\n<h3 class=\"wsite-content-title\"><span style=\"font-size: large;\">Taquilles per als alumnes<\/span><\/h3>\n<div class=\"paragraph\">Per donar un millor servei als nostres alumnes i augmentar el seu grau de satisfacci\u00f3, hem instal\u00b7lat un total de 68 taquilles per a guardar el material necessari per al seguiment del m\u00f2dul de taller.<\/div>\n<div>\n<div class=\"wsite-image wsite-image-border-none \"><a><img decoding=\"async\" src=\"https:\/\/463344365128478901.weebly.com\/uploads\/4\/9\/8\/1\/49816005\/20180323-171949_orig.jpg\" alt=\"Imagen\" \/><\/a><\/div>\n<\/div>\n<div><\/div>\n<div><\/div>\n<h3 class=\"wsite-content-title\"><span style=\"color: #c23b3b;\">Jornada de portes obertes Gedia Espa\u00f1a &#8211; Institut Alt pened\u00e8s<\/span><\/h3>\n<p><a><img decoding=\"async\" class=\"galleryImageBorder wsite-image alignright\" src=\"https:\/\/463344365128478901.weebly.com\/uploads\/4\/9\/8\/1\/49816005\/published\/8452167.jpg?1525421025\" alt=\"Imagen\" \/><\/a><\/p>\n<div class=\"paragraph\">El passat dissabte dia 7 d\u2019abril es va organitzar la primera jornada de portes obertes de la Formaci\u00f3 DUAL organitzat per GEDIA ESPA\u00d1A i l\u2019institut Alt Pened\u00e8s.<br \/>\nA l\u2019acte van assistir m\u00e9s de 100 persones i va ser tot un \u00e8xit. Es va parlar de la import\u00e0ncia dels Cicles Formatius i la realitat que viuen les empreses. Cada vegada \u00e9s major la necessitat de professionals amb perfils t\u00e8cnics pels nous llocs que es creen i per a aquells que estan desapareixent i no hi ha perfils que puguin ocupar-los. Es necessita trobar talents i la Formaci\u00f3 Dual ens brinda una oportunitat \u00fanica perqu\u00e8 els alumnes es desenvolupin i posin en pr\u00e0ctica els coneixements que estan adquirint a l\u2019institut Alt Pened\u00e8s i dins d\u2019empreses con GEDIA.<br \/>\nDins de la jornada es va poder fer una visita guiada per l\u2019empresa on es van poder veure els diferents processos de fabricaci\u00f3, dedicats exclusivament a la realitzaci\u00f3 de peces met\u00e0l\u00b7liques pel sector de l\u2019automoci\u00f3. En acabar els t\u00e8cnics de l\u2019empresa implicats en la Formaci\u00f3 DUAL i els professors de l\u2019institut, van explicar de primera ma, als pares i alumnes interessats la seva experi\u00e8ncia en aquest tipus de formaci\u00f3 professional.Des de l&#8217;Institut agra\u00efm a Gedia Espa\u00f1a SL la seva excel\u00b7lent professionalitat demostrada en tots aquests anys.<\/div>\n<div><\/div>\n<h2>Els nostres tallers i laboratoris<\/h2>\n<p><img decoding=\"async\" src=\"https:\/\/463344365128478901.weebly.com\/uploads\/4\/9\/8\/1\/49816005\/8588574.jpg\" \/><\/p>\n<h3>Metrologia i materials<\/h3>\n<p>[carrousel 1]<\/p>\n<h3>Control Num\u00e8ric CNC<\/h3>\n<p>[carrousel 2]<\/p>\n<h3>Pneum\u00e0tica i hidr\u00e0ulica<\/h3>\n<p>[carrousel 3]<\/p>\n<h3>Taller de mecanitzaci\u00f3<\/h3>\n<p>[carrousel 4]<\/p>\n<h3>CAD i impressi\u00f3 3D<\/h3>\n<p>[carrousel 5]<\/p>\n","protected":false},"excerpt":{"rendered":"<p>Professorat CAP DE DEPARTAMENT DE MECANITZACI\u00d3: Imar Pena &#8211; ipen4@institutalepenedes.cat CAP DE DEPARTAMENT DE MECATR\u00d2NICA: Jaume Ala\u00f1a &#8211; malana@institutalepenedes.cat PROFESSORAT: [&hellip;]<\/p>\n","protected":false},"author":4,"featured_media":0,"parent":886,"menu_order":0,"comment_status":"closed","ping_status":"closed","template":"","meta":{"_bbp_topic_count":0,"_bbp_reply_count":0,"_bbp_total_topic_count":0,"_bbp_total_reply_count":0,"_bbp_voice_count":0,"_bbp_anonymous_reply_count":0,"_bbp_topic_count_hidden":0,"_bbp_reply_count_hidden":0,"_bbp_forum_subforum_count":0,"site-sidebar-layout":"default","site-content-layout":"","ast-site-content-layout":"default","site-content-style":"default","site-sidebar-style":"default","ast-global-header-display":"","ast-banner-title-visibility":"","ast-main-header-display":"","ast-hfb-above-header-display":"","ast-hfb-below-header-display":"","ast-hfb-mobile-header-display":"","site-post-title":"","ast-breadcrumbs-content":"","ast-featured-img":"","footer-sml-layout":"","theme-transparent-header-meta":"","adv-header-id-meta":"","stick-header-meta":"","header-above-stick-meta":"","header-main-stick-meta":"","header-below-stick-meta":"","astra-migrate-meta-layouts":"set","ast-page-background-enabled":"default","ast-page-background-meta":{"desktop":{"background-color":"var(--ast-global-color-4)","background-image":"","background-repeat":"repeat","background-position":"center center","background-size":"auto","background-attachment":"scroll","background-type":"","background-media":"","overlay-type":"","overlay-color":"","overlay-opacity":"","overlay-gradient":""},"tablet":{"background-color":"","background-image":"","background-repeat":"repeat","background-position":"center center","background-size":"auto","background-attachment":"scroll","background-type":"","background-media":"","overlay-type":"","overlay-color":"","overlay-opacity":"","overlay-gradient":""},"mobile":{"background-color":"","background-image":"","background-repeat":"repeat","background-position":"center center","background-size":"auto","background-attachment":"scroll","background-type":"","background-media":"","overlay-type":"","overlay-color":"","overlay-opacity":"","overlay-gradient":""}},"ast-content-background-meta":{"desktop":{"background-color":"var(--ast-global-color-5)","background-image":"","background-repeat":"repeat","background-position":"center center","background-size":"auto","background-attachment":"scroll","background-type":"","background-media":"","overlay-type":"","overlay-color":"","overlay-opacity":"","overlay-gradient":""},"tablet":{"background-color":"var(--ast-global-color-5)","background-image":"","background-repeat":"repeat","background-position":"center center","background-size":"auto","background-attachment":"scroll","background-type":"","background-media":"","overlay-type":"","overlay-color":"","overlay-opacity":"","overlay-gradient":""},"mobile":{"background-color":"var(--ast-global-color-5)","background-image":"","background-repeat":"repeat","background-position":"center center","background-size":"auto","background-attachment":"scroll","background-type":"","background-media":"","overlay-type":"","overlay-color":"","overlay-opacity":"","overlay-gradient":""}},"footnotes":""},"class_list":["post-906","page","type-page","status-publish","hentry"],"post_mailing_queue_ids":[],"_links":{"self":[{"href":"https:\/\/agora.xtec.cat\/iesaltpenedes\/wp-json\/wp\/v2\/pages\/906","targetHints":{"allow":["GET"]}}],"collection":[{"href":"https:\/\/agora.xtec.cat\/iesaltpenedes\/wp-json\/wp\/v2\/pages"}],"about":[{"href":"https:\/\/agora.xtec.cat\/iesaltpenedes\/wp-json\/wp\/v2\/types\/page"}],"author":[{"embeddable":true,"href":"https:\/\/agora.xtec.cat\/iesaltpenedes\/wp-json\/wp\/v2\/users\/4"}],"replies":[{"embeddable":true,"href":"https:\/\/agora.xtec.cat\/iesaltpenedes\/wp-json\/wp\/v2\/comments?post=906"}],"version-history":[{"count":6,"href":"https:\/\/agora.xtec.cat\/iesaltpenedes\/wp-json\/wp\/v2\/pages\/906\/revisions"}],"predecessor-version":[{"id":3312,"href":"https:\/\/agora.xtec.cat\/iesaltpenedes\/wp-json\/wp\/v2\/pages\/906\/revisions\/3312"}],"up":[{"embeddable":true,"href":"https:\/\/agora.xtec.cat\/iesaltpenedes\/wp-json\/wp\/v2\/pages\/886"}],"wp:attachment":[{"href":"https:\/\/agora.xtec.cat\/iesaltpenedes\/wp-json\/wp\/v2\/media?parent=906"}],"curies":[{"name":"wp","href":"https:\/\/api.w.org\/{rel}","templated":true}]}}